000
CXUS56 KSGX 011245
CF6SAN
PRELIMINARY LOCAL CLIMATOLOGICAL DATA (WS FORM: F-6)
STATION: SAN DIEGO INTL AIRPORT CA
MONTH: MAY
YEAR: 2020
LATITUDE: 32 43 N
LONGITUDE: 117 10 W
TEMPERATURE IN F: :PCPN: SNOW: WIND :SUNSHINE: SKY :PK WND
================================================================================
1 2 3 4 5 6A 6B 7 8 9 10 11 12 13 14 15 16 17 18
12Z AVG MX 2MIN
DY MAX MIN AVG DEP HDD CDD WTR SNW DPTH SPD SPD DIR MIN PSBL S-S WX SPD DR
================================================================================
1 76 65 71 8 0 6 0.00 0.0 0 4.6 13 270 M M 6 18 17 270
2 77 63 70 7 0 5 0.00 0.0 0 5.6 15 280 M M 3 18 200
3 74 64 69 6 0 4 0.00 0.0 0 5.3 13 280 M M 5 23 200
4 75 63 69 6 0 4 0.00 0.0 0 4.9 13 290 M M 3 18 290
5 80 63 72 9 0 7 0.00 0.0 0 4.6 16 290 M M 1 20 300
6 85 62 74 10 0 9 0.00 0.0 0 5.2 16 300 M M 3 20 310
7 78 62 70 6 0 5 0.00 0.0 0 4.4 13 190 M M 5 128 21 190
8 74 64 69 5 0 4 0.00 0.0 0 5.3 14 190 M M 7 18 19 190
9 73 67 70 6 0 5 0.00 0.0 0 4.6 12 270 M M 9 8 19 210
10 72 66 69 5 0 4 0.00 0.0 0 6.2 14 260 M M 10 18 18 270
11 72 64 68 4 0 3 0.00 0.0 0 7.0 15 280 M M 6 22 290
12 74 60 67 3 0 2 0.02 0.0 0 6.7 16 280 M M 6 23 260
13 71 62 67 3 0 2 T 0.0 0 7.1 14 310 M M 6 8 22 270
14 73 61 67 3 0 2 0.00 0.0 0 5.9 12 250 M M 5 23 200
15 74 65 70 6 0 5 0.00 0.0 0 6.1 13 280 M M 4 19 210
16 73 64 69 5 0 4 0.00 0.0 0 5.2 12 220 M M 6 22 220
17 72 66 69 5 0 4 0.00 0.0 0 5.3 12 210 M M 8 8 17 200
18 75 66 71 7 0 6 0.00 0.0 0 7.4 17 280 M M 8 22 280
19 71 62 67 3 0 2 0.00 0.0 0 9.5 20 280 M M 6 25 280
20 73 58 66 2 0 1 0.00 0.0 0 6.7 17 280 M M 3 22 280
21 75 60 68 4 0 3 0.00 0.0 0 5.0 15 280 M M 2 19 280
22 71 65 68 4 0 3 0.00 0.0 0 7.7 13 200 M M 7 22 210
23 70 63 67 3 0 2 0.00 0.0 0 6.4 13 220 M M 5 20 210
24 72 61 67 3 0 2 0.00 0.0 0 5.4 15 270 M M 4 20 290
25 74 64 69 5 0 4 0.00 0.0 0 5.4 16 280 M M 7 19 280
26 77 65 71 7 0 6 0.00 0.0 0 5.9 13 280 M M 5 1 16 300
27 75 64 70 6 0 5 0.00 0.0 0 6.3 16 280 M M 5 20 280
28 73 65 69 5 0 4 0.00 0.0 0 6.1 12 230 M M 9 20 220
29 70 65 68 3 0 3 0.00 0.0 0 6.0 12 270 M M 9 17 240
30 73 64 69 4 0 4 0.00 0.0 0 8.5 18 280 M M 7 22 290
31 73 64 69 4 0 4 0.00 0.0 0 8.2 16 300 M M 6 22 300
================================================================================
SM 2295 1967 0 124 0.02 0.0 188.5 M 176
================================================================================
AV 74.0 63.5 6.1 FASTST M M 6 MAX(MPH)
MISC ----> # 20 280 # 25 280
================================================================================
NOTES:
# LAST OF SEVERAL OCCURRENCES
COLUMN 17 PEAK WIND IN M.P.H.
PRELIMINARY LOCAL CLIMATOLOGICAL DATA (WS FORM: F-6) , PAGE 2
STATION: SAN DIEGO INTL AIRPORT CA
MONTH: MAY
YEAR: 2020
LATITUDE: 32 43 N
LONGITUDE: 117 10 W
[TEMPERATURE DATA] [PRECIPITATION DATA] SYMBOLS USED IN COLUMN 16
AVERAGE MONTHLY: 68.7 TOTAL FOR MONTH: 0.02 1 = FOG OR MIST
DPTR FM NORMAL: 4.7 DPTR FM NORMAL: -0.10 2 = FOG REDUCING VISIBILITY
HIGHEST: 85 ON 6 GRTST 24HR 0.02 ON 12-12 TO 1/4 MILE OR LESS
LOWEST: 58 ON 20 3 = THUNDER
SNOW, ICE PELLETS, HAIL 4 = ICE PELLETS
TOTAL MONTH: 0.0 INCH 5 = HAIL
GRTST 24HR 0.0 6 = FREEZING RAIN OR DRIZZLE
GRTST DEPTH: 0 7 = DUSTSTORM OR SANDSTORM:
VSBY 1/2 MILE OR LESS
8 = SMOKE OR HAZE
[NO. OF DAYS WITH] [WEATHER - DAYS WITH] 9 = BLOWING SNOW
X = TORNADO
MAX 32 OR BELOW: 0 0.01 INCH OR MORE: 1
MAX 90 OR ABOVE: 0 0.10 INCH OR MORE: 0
MIN 32 OR BELOW: 0 0.50 INCH OR MORE: 0
MIN 0 OR BELOW: 0 1.00 INCH OR MORE: 0
[HDD (BASE 65) ]
TOTAL THIS MO. 0 CLEAR (SCALE 0-3) 5
DPTR FM NORMAL -58 PTCLDY (SCALE 4-7) 21
TOTAL FM JUL 1 791 CLOUDY (SCALE 8-10) 5
DPTR FM NORMAL -416
[CDD (BASE 65) ]
TOTAL THIS MO. 124
DPTR FM NORMAL 99 [PRESSURE DATA]
TOTAL FM JAN 1 189 HIGHEST SLP 30.08 ON 20
DPTR FM NORMAL 140 LOWEST SLP 29.84 ON 7
[REMARKS]
#FINAL-05-20#