000
CXUS53 KMKX 010810
CF6SBM
PRELIMINARY LOCAL CLIMATOLOGICAL DATA (WS FORM: F-6)
STATION: SHEBOYGAN WI
MONTH: MAY
YEAR: 2022
LATITUDE: 43 46 N
LONGITUDE: 87 51 W
TEMPERATURE IN F: :PCPN: SNOW: WIND :SUNSHINE: SKY :PK WND
================================================================================
1 2 3 4 5 6A 6B 7 8 9 10 11 12 13 14 15 16 17 18
12Z AVG MX 2MIN
DY MAX MIN AVG DEP HDD CDD WTR SNW DPTH SPD SPD DIR MIN PSBL S-S WX SPD DR
================================================================================
1 53 44 49 0 16 0 T M M 12.7 23 240 M M 10 12 31 240
2 52 46 49 0 16 0 0.00 M M 6.7 17 260 M M 10 1 22 260
3 46 38 42 -7 23 0 0.43 M M 11.3 26 30 M M 7 1 35 40
4 53 33 43 -7 22 0 0.00 M M 8.1 15 50 M M 0 24 70
5 58 33 46 -4 19 0 0.00 M M 4.0 10 70 M M 2 14 110
6 63 42 53 3 12 0 0.00 M M 11.1 23 50 M M 1 28 50
7 61 37 49 -2 16 0 0.00 M M 6.3 15 50 M M 0 17 50
8 56 35 46 -5 19 0 0.00 M M 8.3 20 170 M M 1 27 170
9 69 47 58 6 7 0 0.00 0.0 M 15.4 29 150 M M 3 45 150
10 75 56 66 14 0 1 0.02 0.0 0 10.6 21 170 M M 2 138 32 180
11 76 52 64 12 1 0 0.00 0.0 0 6.8 22 60 M M 5 128 25 60
12 81 55 68 15 0 3 0.61 0.0 0 10.1 25 180 M M 2 138 41 190
13 82 54 68 15 0 3 0.00 M M 8.7 24 180 M M 1 33 160
14 84 59 72 18 0 7 0.00 M M 5.6 15 360 M M 1 21 350
15 72 54 63 9 2 0 0.00 M M 6.9 14 160 M M 2 19 10
16 74 43 59 5 6 0 0.00 M M 11.7 25 310 M M 1 39 280
17 61 37 49 -6 16 0 0.00 M M 5.0 14 60 M M 0 18 60
18 60 46 53 -2 12 0 0.14 M M 5.8 14 110 M M 6 1 21 170
19 76 50 63 8 2 0 T M M 8.3 16 200 M M 2 18 21 130
20 77 53 65 9 0 0 0.20 M M 7.2 20 290 M M 7 138 29 290
21 63 47 55 -1 10 0 0.00 M M 6.7 13 50 M M 3 16 310
22 58 43 51 -5 14 0 0.00 M M 5.8 20 300 M M 8 28 280
23 59 41 50 -7 15 0 0.00 M M 5.0 12 70 M M 3 18 70
24 63 39 51 -6 14 0 0.00 0.0 0 5.9 14 50 M M 2 20 50
25 63 50 57 -1 8 0 0.85 M M 6.8 15 60 M M 10 12 20 70
26 77 51 64 6 1 0 0.05 M M 9.8 18 40 M M 9 128 23 50
27 62 48 55 -3 10 0 0.00 M M 6.2 16 340 M M 7 1 24 20
28 71 44 58 -1 7 0 0.01 M M 6.1 17 170 M M 2 1 26 170
29 69 52 61 2 4 0 0.02 M M 10.3 22 180 M M 1 37 200
30 79 61 70 11 0 5 0.00 M M 11.6 26 170 M M 0 39 150
31 85 61 73 13 0 8 0.00 M M 13.9 29 220 M M 2 8 40 190
================================================================================
SM 2078 1451 272 27 2.33 0.0 258.7 M 110
================================================================================
AV 67.0 46.8 8.3 FASTST M M 4 MAX(MPH)
MISC ----> # 29 150 45 150
================================================================================
NOTES:
# LAST OF SEVERAL OCCURRENCES
COLUMN 17 PEAK WIND IN M.P.H.
PRELIMINARY LOCAL CLIMATOLOGICAL DATA (WS FORM: F-6) , PAGE 2
STATION: SHEBOYGAN WI
MONTH: MAY
YEAR: 2022
LATITUDE: 43 46 N
LONGITUDE: 87 51 W
[TEMPERATURE DATA] [PRECIPITATION DATA] SYMBOLS USED IN COLUMN 16
AVERAGE MONTHLY: 56.9 TOTAL FOR MONTH: 2.33 1 = FOG OR MIST
DPTR FM NORMAL: 2.7 DPTR FM NORMAL: -1.02 2 = FOG REDUCING VISIBILITY
HIGHEST: 85 ON 31 GRTST 24HR 0.90 ON 25-26 TO 1/4 MILE OR LESS
LOWEST: 33 ON 5, 4 3 = THUNDER
SNOW, ICE PELLETS, HAIL 4 = ICE PELLETS
TOTAL MONTH: 0.0 INCH 5 = HAIL
GRTST 24HR 0.0 6 = FREEZING RAIN OR DRIZZLE
GRTST DEPTH: 0 7 = DUSTSTORM OR SANDSTORM:
VSBY 1/2 MILE OR LESS
8 = SMOKE OR HAZE
[NO. OF DAYS WITH] [WEATHER - DAYS WITH] 9 = BLOWING SNOW
X = TORNADO
MAX 32 OR BELOW: 0 0.01 INCH OR MORE: 9
MAX 90 OR ABOVE: 0 0.10 INCH OR MORE: 5
MIN 32 OR BELOW: 0 0.50 INCH OR MORE: 2
MIN 0 OR BELOW: 0 1.00 INCH OR MORE: 0
[HDD (BASE 65) ]
TOTAL THIS MO. 272 CLEAR (SCALE 0-3) 18
DPTR FM NORMAL -76 PTCLDY (SCALE 4-7) 9
TOTAL FM JUL 1 6876 CLOUDY (SCALE 8-10) 4
DPTR FM NORMAL -601
[CDD (BASE 65) ]
TOTAL THIS MO. 27
DPTR FM NORMAL 14 [PRESSURE DATA]
TOTAL FM JAN 1 27 HIGHEST SLP M ON M
DPTR FM NORMAL 14 LOWEST SLP 29.33 ON 20
[REMARKS]
#FINAL-05-22#