000
CXUS53 KMKX 010810
CF6SBM
PRELIMINARY LOCAL CLIMATOLOGICAL DATA (WS FORM: F-6)
STATION: SHEBOYGAN WI
MONTH: JULY
YEAR: 2023
LATITUDE: 43 46 N
LONGITUDE: 87 51 W
TEMPERATURE IN F: :PCPN: SNOW: WIND :SUNSHINE: SKY :PK WND
================================================================================
1 2 3 4 5 6A 6B 7 8 9 10 11 12 13 14 15 16 17 18
12Z AVG MX 2MIN
DY MAX MIN AVG DEP HDD CDD WTR SNW DPTH SPD SPD DIR MIN PSBL S-S WX SPD DR
================================================================================
1 87 67 77 9 0 12 0.00 M M 1.9 8 170 M M 2 12 140
2 81 60 71 3 0 6 0.00 M M 10.7 23 40 M M 0 18 29 30
3 85 59 72 4 0 7 0.00 M M 5.0 13 170 M M 0 17 140
4 93 64 79 10 0 14 0.00 M M 5.7 15 180 M M 2 3 22 240
5 89 68 79 10 0 14 1.62 M M 4.8 18 340 M M 4 13 27 180
6 76 58 67 -2 0 2 T M M 5.4 12 50 M M 6 18 19 60
7 74 54 64 -5 1 0 0.01 M M 3.5 13 60 M M 3 1 18 60
8 79 61 70 1 0 5 0.11 M M 5.2 13 70 M M 7 1 18 20
9 77 56 67 -2 0 2 0.00 M M 6.4 14 190 M M 2 12 19 160
10 88 62 75 6 0 10 0.00 M M 12.9 22 230 M M 0 30 230
11 78 58 68 -1 0 3 0.01 M M 7.7 15 340 M M 2 3 22 360
12 72 58 65 -4 0 0 0.70 M M 6.2 15 40 M M 5 138 20 160
13 72 59 66 -3 0 1 0.00 M M 5.6 15 180 M M 7 18 180
14 85 65 75 5 0 10 T M M 8.4 23 260 M M 2 3 33 260
15 82 63 73 3 0 8 0.00 M M 4.9 12 300 M M 3 18 18 310
16 80 60 70 0 0 5 0.10 M M 9.3 18 250 M M 6 138 26 290
17 77 56 67 -3 0 2 0.00 M M 7.1 17 280 M M 3 1 26 260
18 78 56 67 -3 0 2 0.00 M M 5.6 13 180 M M 2 16 160
19 82 57 70 0 0 5 0.00 M M 6.3 17 170 M M 1 26 180
20 80 62 71 1 0 6 0.06 M M 9.7 21 300 M M 4 3 35 320
21 83 58 71 1 0 6 0.00 M M 5.1 10 180 M M 2 14 180
22 81 62 72 2 0 7 0.32 M M 4.4 25 180 M M 3 3 32 190
23 83 60 72 2 0 7 0.00 M M 5.1 13 260 M M 3 17 280
24 84 65 75 5 0 10 0.00 M M 5.8 10 310 M M 2 8 15 350
25 87 64 76 6 0 11 0.00 M M 5.4 17 180 M M 3 138 24 180
26 84 67 76 6 0 11 0.42 M M 6.4 20 180 M M 2 138 27 180
27 84 62 73 3 0 8 0.91 M M 5.7 28 310 M M 1 138 39 300
28 84 67 76 6 0 11 0.58 M M 9.1 28 30 M M 3 13 41 100
29 81 64 73 4 0 8 0.01 M M 6.7 15 180 M M 4 20 330
30 79 57 68 -1 0 3 T M M 4.8 15 340 M M 2 21 300
31 80 55 68 -1 0 3 0.00 M M 3.2 9 160 M M 1 12 170
================================================================================
SM 2525 1884 1 199 4.85 M 194.0 M 87
================================================================================
AV 81.5 60.8 6.3 FASTST M M 3 MAX(MPH)
MISC ----> # 28 310 41 100
================================================================================
NOTES:
# LAST OF SEVERAL OCCURRENCES
COLUMN 17 PEAK WIND IN M.P.H.
PRELIMINARY LOCAL CLIMATOLOGICAL DATA (WS FORM: F-6) , PAGE 2
STATION: SHEBOYGAN WI
MONTH: JULY
YEAR: 2023
LATITUDE: 43 46 N
LONGITUDE: 87 51 W
[TEMPERATURE DATA] [PRECIPITATION DATA] SYMBOLS USED IN COLUMN 16
AVERAGE MONTHLY: 71.1 TOTAL FOR MONTH: 4.85 1 = FOG OR MIST
DPTR FM NORMAL: 1.8 DPTR FM NORMAL: 1.43 2 = FOG REDUCING VISIBILITY
HIGHEST: 93 ON 4 GRTST 24HR 1.62 ON 5- 5 TO 1/4 MILE OR LESS
LOWEST: 54 ON 7 3 = THUNDER
SNOW, ICE PELLETS, HAIL 4 = ICE PELLETS
TOTAL MONTH: M 5 = HAIL
GRTST 24HR M ON M 6 = FREEZING RAIN OR DRIZZLE
GRTST DEPTH: M ON M 7 = DUSTSTORM OR SANDSTORM:
VSBY 1/2 MILE OR LESS
8 = SMOKE OR HAZE
[NO. OF DAYS WITH] [WEATHER - DAYS WITH] 9 = BLOWING SNOW
X = TORNADO
MAX 32 OR BELOW: 0 0.01 INCH OR MORE: 12
MAX 90 OR ABOVE: 1 0.10 INCH OR MORE: 8
MIN 32 OR BELOW: 0 0.50 INCH OR MORE: 4
MIN 0 OR BELOW: 0 1.00 INCH OR MORE: 1
[HDD (BASE 65) ]
TOTAL THIS MO. 1 CLEAR (SCALE 0-3) 22
DPTR FM NORMAL -25 PTCLDY (SCALE 4-7) 9
TOTAL FM JUL 1 1 CLOUDY (SCALE 8-10) 0
DPTR FM NORMAL -30
[CDD (BASE 65) ]
TOTAL THIS MO. 199
DPTR FM NORMAL 42 [PRESSURE DATA]
TOTAL FM JAN 1 313 HIGHEST SLP M ON M
DPTR FM NORMAL 65 LOWEST SLP 29.72 ON 26
[REMARKS]
#FINAL-07-23#