000
CXUS53 KIWX 010846
CF6SBN
PRELIMINARY LOCAL CLIMATOLOGICAL DATA (WS FORM: F-6)
STATION: SOUTH BEND
MONTH: JULY
YEAR: 2022
LATITUDE: 41 42 N
LONGITUDE: 86 19 W
TEMPERATURE IN F: :PCPN: SNOW: WIND :SUNSHINE: SKY :PK WND
================================================================================
1 2 3 4 5 6A 6B 7 8 9 10 11 12 13 14 15 16 17 18
12Z AVG MX 2MIN
DY MAX MIN AVG DEP HDD CDD WTR SNW DPTH SPD SPD DIR MIN PSBL S-S WX SPD DR
================================================================================
1 84 63 74 2 0 9 0.48 0.0 0 6.6 18 270 M M 3 13 24 280
2 84 58 71 -1 0 6 0.00 0.0 0 4.7 15 350 M M 1 12 27 310
3 88 60 74 2 0 9 0.00 0.0 0 3.7 14 330 M M 2 19 300
4 90 64 77 5 0 12 0.01 0.0 0 6.9 17 210 M M 1 23 170
5 93 69 81 9 0 16 0.87 0.0 0 8.4 36 350 M M 7 13 51 340
6 86 71 79 7 0 14 0.14 0.0 0 6.5 14 320 M M 6 13 17 320
7 85 66 76 4 0 11 0.00 0.0 0 4.2 13 130 M M 2 18 17 150
8 82 70 76 3 0 11 0.00 0.0 0 5.9 13 110 M M 6 18 70
9 82 61 72 -1 0 7 0.00 0.0 0 7.4 15 40 M M 1 8 23 60
10 84 55 70 -3 0 5 0.00 0.0 0 3.5 14 140 M M 0 17 220
11 86 63 75 2 0 10 0.00 0.0 0 10.4 24 240 M M 3 36 240
12 83 65 74 1 0 9 0.00 0.0 0 8.6 17 300 M M 2 25 310
13 81 60 71 -2 0 6 0.00 0.0 0 8.7 18 350 M M 1 24 350
14 84 58 71 -2 0 6 0.00 0.0 0 4.3 16 350 M M 3 20 350
15 77 59 68 -5 0 3 0.63 0.0 0 5.6 18 240 M M 6 1 23 230
16 82 69 76 3 0 11 T 0.0 0 5.8 16 120 M M 9 1 21 120
17 79 69 74 1 0 9 1.37 0.0 0 4.5 16 140 M M 8 13 27 150
18 84 69 77 4 0 12 0.00 0.0 0 5.8 13 310 M M 2 1 17 330
19 88 67 78 6 0 13 0.00 0.0 0 7.5 18 190 M M 0 24 200
20 92 73 83 11 0 18 0.01 0.0 0 13.1 25 290 M M 3 33 290
21 90 69 80 8 0 15 0.00 0.0 0 8.8 18 240 M M 2 3 26 250
22 88 70 79 7 0 14 0.00 0.0 0 7.1 14 320 M M 1 19 310
23 85 67 76 4 0 11 1.53 0.0 0 11.8 36 350 M M 3 13 48 350
24 84 69 77 5 0 12 0.50 0.0 0 12.1 26 230 M M 4 13 38 220
25 77 59 68 -4 0 3 0.00 0.0 0 5.8 16 340 M M 1 21 350
26 81 58 70 -2 0 5 0.00 0.0 0 3.4 9 160 M M 3 13 150
27 83 69 76 4 0 11 0.09 0.0 0 5.9 15 310 M M 7 1 19 300
28 81 65 73 1 0 8 T 0.0 0 6.6 15 290 M M 3 21 260
29 79 60 70 -2 0 5 0.00 0.0 0 5.4 18 330 M M 0 25 330
30 83 59 71 -1 0 6 0.00 0.0 0 3.3 12 220 M M 1 17 200
31 85 62 74 2 0 9 0.00 0.0 0 4.7 14 200 M M 4 25 140
================================================================================
SM 2610 1996 0 296 5.63 0.0 207.0 M 95
================================================================================
AV 84.2 64.4 6.7 FASTST M M 3 MAX(MPH)
MISC ----> # 36 350 51 340
================================================================================
NOTES:
# LAST OF SEVERAL OCCURRENCES
COLUMN 17 PEAK WIND IN M.P.H.
PRELIMINARY LOCAL CLIMATOLOGICAL DATA (WS FORM: F-6) , PAGE 2
STATION: SOUTH BEND
MONTH: JULY
YEAR: 2022
LATITUDE: 41 42 N
LONGITUDE: 86 19 W
[TEMPERATURE DATA] [PRECIPITATION DATA] SYMBOLS USED IN COLUMN 16
AVERAGE MONTHLY: 74.3 TOTAL FOR MONTH: 5.63 1 = FOG OR MIST
DPTR FM NORMAL: 1.9 DPTR FM NORMAL: 1.85 2 = FOG REDUCING VISIBILITY
HIGHEST: 93 ON 5 GRTST 24HR 1.53 ON 23-23 TO 1/4 MILE OR LESS
LOWEST: 55 ON 10 3 = THUNDER
SNOW, ICE PELLETS, HAIL 4 = ICE PELLETS
TOTAL MONTH: 0.0 INCH 5 = HAIL
GRTST 24HR 0.0 6 = FREEZING RAIN OR DRIZZLE
GRTST DEPTH: 0 7 = DUSTSTORM OR SANDSTORM:
VSBY 1/2 MILE OR LESS
8 = SMOKE OR HAZE
[NO. OF DAYS WITH] [WEATHER - DAYS WITH] 9 = BLOWING SNOW
X = TORNADO
MAX 32 OR BELOW: 0 0.01 INCH OR MORE: 10
MAX 90 OR ABOVE: 4 0.10 INCH OR MORE: 7
MIN 32 OR BELOW: 0 0.50 INCH OR MORE: 5
MIN 0 OR BELOW: 0 1.00 INCH OR MORE: 2
[HDD (BASE 65) ]
TOTAL THIS MO. 0 CLEAR (SCALE 0-3) 21
DPTR FM NORMAL -7 PTCLDY (SCALE 4-7) 9
TOTAL FM JUL 1 0 CLOUDY (SCALE 8-10) 1
DPTR FM NORMAL 0
[CDD (BASE 65) ]
TOTAL THIS MO. 296
DPTR FM NORMAL 60 [PRESSURE DATA]
TOTAL FM JAN 1 608 HIGHEST SLP 30.21 ON 30
DPTR FM NORMAL 160 LOWEST SLP 29.57 ON 20
[REMARKS]
#FINAL-07-22#