000
CXUS56 KLOX 251155
CF6SBP
PRELIMINARY LOCAL CLIMATOLOGICAL DATA (WS FORM: F-6)
STATION: SAN LUIS OBISPO AIRPORT CA
MONTH: APRIL
YEAR: 2024
LATITUDE: 35 13 N
LONGITUDE: 120 38 W
TEMPERATURE IN F: :PCPN: SNOW: WIND :SUNSHINE: SKY :PK WND
================================================================================
1 2 3 4 5 6A 6B 7 8 9 10 11 12 13 14 15 16 17 18
12Z AVG MX 2MIN
DY MAX MIN AVG DEP HDD CDD WTR SNW DPTH SPD SPD DIR MIN PSBL S-S WX SPD DR
================================================================================
1 74 48 61 5 4 0 0.00 M M 6.4 23 310 M M 2 28 330
2 76 47 62 5 3 0 0.00 M M 5.8 21 320 M M 0 24 320
3 66 50 58 1 7 0 T M M 6.1 17 320 M M 9 128 21 320
4 60 48 54 -3 11 0 0.20 M M 7.8 23 240 M M 9 18 33 240
5 58 43 51 -6 14 0 0.13 M M 7.1 26 300 M M 7 18 40 300
6 64 38 51 -6 14 0 0.00 M M 9.2 23 310 M M 0 32 320
7 68 45 57 0 8 0 0.00 M M 11.7 25 310 M M 1 33 320
8 70 49 60 3 5 0 0.00 M M 10.1 22 320 M M 0 30 330
9 79 45 62 5 3 0 0.00 M M 7.3 23 330 M M 0 18 29 320
10 83 49 66 9 0 1 0.00 M M 4.1 13 320 M M 2 128 16 330
11 81 48 65 8 0 0 0.00 M M 3.6 9 300 M M 3 12 M M
12 61 53 57 0 8 0 0.00 M M 7.0 13 170 M M 10 128 21 200
13 61 48 55 -2 10 0 1.03 M M 9.5 18 320 M M 9 18 24 150
14 65 52 59 2 6 0 0.88 M M 8.4 21 310 M M 7 1 28 190
15 73 49 61 4 4 0 0.00 M M 10.7 24 320 M M 1 33 330
16 79 50 65 8 0 0 0.00 M M 7.9 22 320 M M 0 35 310
17 80 50 65 8 0 0 0.00 M M 5.3 16 310 M M 0 18 21 310
18 72 52 62 4 3 0 0.00 M M 3.3 13 220 M M 7 128 17 210
19 67 55 61 3 4 0 0.00 M M 5.6 18 310 M M 8 18 23 300
20 70 54 62 4 3 0 0.00 M M 9.0 21 310 M M 5 18 27 310
21 77 55 66 8 0 1 0.00 M M 11.6 24 320 M M 0 18 32 340
22 63 53 58 0 7 0 0.00 M M 5.0 10 190 M M 9 18 14 150
23 68 53 61 3 4 0 0.00 M M 4.9 13 320 M M 7 19 210
24 65 54 60 2 5 0 0.00 M M 5.0 16 320 M M 9 8 21 320
================================================================================
SM 1680 1188 123 2 2.24 M 172.5 M 105
================================================================================
AV 70.0 49.5 7.2 FASTST M M 4 MAX(MPH)
MISC ----> 26 300 40 300
================================================================================
NOTES:
# LAST OF SEVERAL OCCURRENCES
COLUMN 17 PEAK WIND IN M.P.H.
PRELIMINARY LOCAL CLIMATOLOGICAL DATA (WS FORM: F-6) , PAGE 2
STATION: SAN LUIS OBISPO AIRPORT CA
MONTH: APRIL
YEAR: 2024
LATITUDE: 35 13 N
LONGITUDE: 120 38 W
[TEMPERATURE DATA] [PRECIPITATION DATA] SYMBOLS USED IN COLUMN 16
AVERAGE MONTHLY: 59.8 TOTAL FOR MONTH: 2.24 1 = FOG OR MIST
DPTR FM NORMAL: 2.5 DPTR FM NORMAL: 1.32 2 = FOG REDUCING VISIBILITY
HIGHEST: 83 ON 10 GRTST 24HR 1.75 ON 13-14 TO 1/4 MILE OR LESS
LOWEST: 38 ON 6 3 = THUNDER
SNOW, ICE PELLETS, HAIL 4 = ICE PELLETS
TOTAL MONTH: M 5 = HAIL
GRTST 24HR M ON M 6 = FREEZING RAIN OR DRIZZLE
GRTST DEPTH: M ON M 7 = DUSTSTORM OR SANDSTORM:
VSBY 1/2 MILE OR LESS
8 = SMOKE OR HAZE
[NO. OF DAYS WITH] [WEATHER - DAYS WITH] 9 = BLOWING SNOW
X = TORNADO
MAX 32 OR BELOW: 0 0.01 INCH OR MORE: 4
MAX 90 OR ABOVE: 0 0.10 INCH OR MORE: 4
MIN 32 OR BELOW: 0 0.50 INCH OR MORE: 2
MIN 0 OR BELOW: 0 1.00 INCH OR MORE: 1
[HDD (BASE 65) ]
TOTAL THIS MO. 123 CLEAR (SCALE 0-3) 11
DPTR FM NORMAL -71 PTCLDY (SCALE 4-7) 7
TOTAL FM JUL 1 1055 CLOUDY (SCALE 8-10) 6
DPTR FM NORMAL -916
[CDD (BASE 65) ]
TOTAL THIS MO. 2
DPTR FM NORMAL 2 [PRESSURE DATA]
TOTAL FM JAN 1 7 HIGHEST SLP M ON M
DPTR FM NORMAL 1 LOWEST SLP 29.83 ON 1
[REMARKS]