000
CXUS51 KAKQ 020352
CLMSBY
CLIMATE REPORT
NATIONAL WEATHER SERVICE WAKEFIELD VA
1052 PM EST THU FEB 01 2024
...................................
...THE SALISBURY MD CLIMATE SUMMARY FOR THE MONTH OF JANUARY 2024...
CLIMATE NORMAL PERIOD: 1991 TO 2020
CLIMATE RECORD PERIOD: 1900 TO 2024
WEATHER OBSERVED NORMAL DEPART LAST YEAR`S
VALUE DATE(S) VALUE FROM VALUE DATE(S)
NORMAL
................................................................
TEMPERATURE (F)
RECORD
HIGH 77 01/30/2002
LOW -10 01/11/1942
HIGHEST 75 01/26 67 8 71 01/04
LOWEST 18 01/22 7 11 25 01/11
01/16
AVG. MAXIMUM 49.4 45.5 3.9 54.7
AVG. MINIMUM 31.6 28.0 3.6 34.8
MEAN 40.5 36.8 3.7 44.7
DAYS MAX >= 90 0 0.0 0.0 0
DAYS MAX <= 32 2 3.7 -1.7 0
DAYS MIN <= 32 20 22.3 -2.3 15
DAYS MIN <= 0 0 0.2 -0.2 0
PRECIPITATION (INCHES)
RECORD
MAXIMUM 9.86 1937
MINIMUM 0.49 1981
TOTALS 5.44 3.51 1.93 2.28
DAILY AVG. 0.18 0.11 0.07 0.07
DAYS >= .01 13 10.5 2.5 11
DAYS >= .10 8 6.6 1.4 6
DAYS >= .50 3 2.5 0.5 1
DAYS >= 1.00 1 0.8 0.2 0
GREATEST
24 HR. TOTAL 2.56 01/09 TO 01/09
SNOWFALL (INCHES)
RECORDS
TOTAL 32.0 1940
TOTALS 1.4
SINCE 7/1 1.4 3.4 -2.0 MM
SNOWDEPTH AVG. 0 0
DAYS >= 1.0 1 0.7 0.3 0
GREATEST
SNOW DEPTH 1 01/20 0 MM
01/21
24 HR TOTAL 1.4 T 01/14 TO 01/14
DEGREE DAYS
HEATING TOTAL 751 876 -125 622
SINCE 7/1 2033 2402 -369 MM
COOLING TOTAL 0 0 0 1
SINCE 1/1 0 0 0 MM
................................................................
WIND (MPH)
AVERAGE WIND SPEED 8.2
HIGHEST WIND SPEED/DIRECTION 37/160 DATE 01/09
HIGHEST GUST SPEED/DIRECTION 70/140 DATE 01/09
SKY COVER
POSSIBLE SUNSHINE (PERCENT) MM
AVERAGE SKY COVER 0.48
AVERAGE RH (PERCENT) 72
WEATHER CONDITIONS. NUMBER OF DAYS WITH
THUNDERSTORM 0 MIXED PRECIP 0
HEAVY RAIN 4 RAIN 6
LIGHT RAIN 13 FREEZING RAIN 0
LT FREEZING RAIN 0 HAIL 0
HEAVY SNOW 0 SNOW 1
LIGHT SNOW 4 SLEET 0
FOG 16 FOG W/VIS <= 1/4 MILE 2
HAZE 2
- INDICATES NEGATIVE NUMBERS.
R INDICATES RECORD WAS SET OR TIED.
MM INDICATES DATA IS MISSING.
T INDICATES TRACE AMOUNT.
$$