000
CXUS56 KLOX 011255
CF6SDB
PRELIMINARY LOCAL CLIMATOLOGICAL DATA (WS FORM: F-6)
STATION: SANDBERG CA
MONTH: JANUARY
YEAR: 2021
LATITUDE: 34 45 N
LONGITUDE: 118 44 W
TEMPERATURE IN F: :PCPN: SNOW: WIND :SUNSHINE: SKY :PK WND
================================================================================
1 2 3 4 5 6A 6B 7 8 9 10 11 12 13 14 15 16 17 18
12Z AVG MX 2MIN
DY MAX MIN AVG DEP HDD CDD WTR SNW DPTH SPD SPD DIR MIN PSBL S-S WX SPD DR
================================================================================
1 51 37 44 2 21 0 0.00 M M 12.3 22 70 M M 0 32 60
2 57 44 51 9 14 0 0.00 M M 10.9 22 330 M M 1 28 320
3 59 41 50 8 15 0 0.00 M M 11.4 24 320 M M 1 35 330
4 60 47 54 12 11 0 0.00 M M 12.2 28 330 M M 1 37 330
5 58 41 50 7 15 0 T M M 14.8 32 310 M M 1 128 39 310
6 66 46 56 13 9 0 0.00 M M 12.9 24 330 M M 0 8 38 320
7 61 43 52 9 13 0 0.00 M M 11.3 18 330 M M 0 35 330
8 62 41 52 9 13 0 0.00 M M 14.6 36 320 M M 1 47 320
9 53 38 46 3 19 0 0.00 M M 17.4 29 330 M M 0 39 320
10 55 41 48 5 17 0 0.00 M M 14.9 23 320 M M 0 31 320
11 55 41 48 5 17 0 0.00 M M 14.2 18 70 M M 0 29 50
12 59 46 53 10 12 0 0.00 M M 11.3 20 340 M M 1 35 340
13 66 43 55 12 10 0 0.00 M M 12.0 20 320 M M 0 39 330
14 67 49 58 15 7 0 0.00 M M 11.8 22 50 M M 0 32 50
15 70 50 60 17 5 0 0.00 M M 13.6 28 340 M M 0 39 320
16 70 57 64 21 1 0 0.00 M M 16.4 30 320 M M 0 44 60
17 67 56 62 19 3 0 0.00 M M 16.1 24 60 M M 0 32 60
18 63 51 57 14 8 0 0.00 M M 13.3 29 70 M M 0 41 70
19 51 39 45 2 20 0 T M M 37.5 54 70 M M 7 78 70
20 55 40 48 5 17 0 0.00 M M 23.6 32 60 M M 2 46 60
21 62 42 52 9 13 0 0.00 M M 6.6 14 310 M M 0 18 350
22 49 34 42 -1 23 0 T M M 16.3 24 190 M M 5 128 37 140
23 43 33 38 -5 27 0 T M M 11.2 22 320 M M 10 12 31 340
24 50 31 41 -2 24 0 0.00 M M 12.1 24 340 M M 6 12 31 340
25 36 27 32 -11 33 0 0.06 M M 17.9 37 300 M M 10 12 48 320
26 43 27 35 -8 30 0 T M M 14.8 39 320 M M 5 128 55 310
27 37 31 34 -9 31 0 0.29 M M 23.7 31 160 M M 10 12 44 150
28 43 34 39 -4 26 0 0.80 M M 19.4 33 150 M M 10 12 52 170
29 39 33 36 -7 29 0 0.25 M M 10.4 22 330 M M 8 12 41 240
30 49 35 42 -1 23 0 0.00 M M 14.0 24 320 M M 0 31 320
31 49 41 45 2 20 0 0.00 M M 19.8 24 70 M M 1 32 70
================================================================================
SM 1705 1259 526 0 1.40 M 468.6 M 80
================================================================================
AV 55.0 40.6 15.1 FASTST M M 3 MAX(MPH)
MISC ----> 54 70 78 70
================================================================================
NOTES:
# LAST OF SEVERAL OCCURRENCES
COLUMN 17 PEAK WIND IN M.P.H.
PRELIMINARY LOCAL CLIMATOLOGICAL DATA (WS FORM: F-6) , PAGE 2
STATION: SANDBERG CA
MONTH: JANUARY
YEAR: 2021
LATITUDE: 34 45 N
LONGITUDE: 118 44 W
[TEMPERATURE DATA] [PRECIPITATION DATA] SYMBOLS USED IN COLUMN 16
AVERAGE MONTHLY: 47.8 TOTAL FOR MONTH: 1.40 1 = FOG OR MIST
DPTR FM NORMAL: 4.8 DPTR FM NORMAL: -1.01 2 = FOG REDUCING VISIBILITY
HIGHEST: 70 ON 16,15 GRTST 24HR 3.71 ON 28-29 TO 1/4 MILE OR LESS
LOWEST: 27 ON 26,25 3 = THUNDER
SNOW, ICE PELLETS, HAIL 4 = ICE PELLETS
TOTAL MONTH: M 5 = HAIL
GRTST 24HR M ON M 6 = FREEZING RAIN OR DRIZZLE
GRTST DEPTH: M ON M 7 = DUSTSTORM OR SANDSTORM:
VSBY 1/2 MILE OR LESS
8 = SMOKE OR HAZE
[NO. OF DAYS WITH] [WEATHER - DAYS WITH] 9 = BLOWING SNOW
X = TORNADO
MAX 32 OR BELOW: 0 0.01 INCH OR MORE: 4
MAX 90 OR ABOVE: 0 0.10 INCH OR MORE: 3
MIN 32 OR BELOW: 4 0.50 INCH OR MORE: 1
MIN 0 OR BELOW: 0 1.00 INCH OR MORE: 0
[HDD (BASE 65) ]
TOTAL THIS MO. 526 CLEAR (SCALE 0-3) 22
DPTR FM NORMAL -158 PTCLDY (SCALE 4-7) 5
TOTAL FM JUL 1 1474 CLOUDY (SCALE 8-10) 4
DPTR FM NORMAL -692
[CDD (BASE 65) ]
TOTAL THIS MO. 0
DPTR FM NORMAL 0 [PRESSURE DATA]
TOTAL FM JAN 1 0 HIGHEST SLP M ON M
DPTR FM NORMAL 0 LOWEST SLP M ON M
[REMARKS]
#FINAL-01-21#