000
CXUS55 KSEW 011030
CF6SEW
PRELIMINARY LOCAL CLIMATOLOGICAL DATA (WS FORM: F-6)
STATION: SEATTLE WA WFO
MONTH: FEBRUARY
YEAR: 2024
LATITUDE: 47 41 N
LONGITUDE: 122 15 W
TEMPERATURE IN F: :PCPN: SNOW: WIND :SUNSHINE: SKY :PK WND
================================================================================
1 2 3 4 5 6A 6B 7 8 9 10 11 12 13 14 15 16 17 18
12Z AVG MX 2MIN
DY MAX MIN AVG DEP HDD CDD WTR SNW DPTH SPD SPD DIR MIN PSBL S-S WX SPD DR
================================================================================
1 57 44 51 8 14 0 0.16 0.0 0 M M M M M M M M
2 57 42 50 7 15 0 0.00 0.0 0 M M M M M M M M
3 55 39 47 4 18 0 0.00 0.0 0 M M M M M M M M
4 50 42 46 3 19 0 0.00 0.0 0 M M M M M M M M
5 47 42 45 2 20 0 0.07 0.0 0 M M M M M M M M
6 45 40 43 0 22 0 0.14 0.0 0 M M M M M M M M
7 53 40 47 4 18 0 0.00 0.0 0 M M M M M M M M
8 48 40 44 1 21 0 0.03 0.0 0 M M M M M M M M
9 51 35 43 0 22 0 0.06 0.0 0 M M M M M M M M
10 51 35 43 0 22 0 0.00 0.0 0 M M M M M M M M
11 52 42 47 4 18 0 0.42 0.0 0 M M M M M M M M
12 52 43 48 5 17 0 0.10 0.0 0 M M M M M M M M
13 51 38 45 2 20 0 0.00 0.0 0 M M M M M M M M
14 51 37 44 1 21 0 0.12 T 0 M M M M M M M M
15 42 34 38 -5 27 0 0.43 T 0 M M M M M M M M
16 53 31 42 -1 23 0 0.00 0.0 0 M M M M M M M M
17 54 35 45 2 20 0 0.00 0.0 0 M M M M M M M M
18 51 42 47 4 18 0 T 0.0 0 M M M M M M M M
19 49 41 45 1 20 0 0.06 0.0 0 M M M M M M M M
20 56 41 49 5 16 0 0.07 0.0 0 M M M M M M M M
21 51 44 48 4 17 0 0.31 0.0 0 M M M M M M M M
22 61 42 52 8 13 0 0.00 0.0 0 M M M M M M M M
23 55 35 45 1 20 0 0.00 0.0 0 M M M M M M M M
24 50 42 46 2 19 0 0.03 0.0 0 M M M M M M M M
25 53 37 45 1 20 0 0.06 0.0 0 M M M M M M M M
26 46 34 40 -4 25 0 0.01 T 0 M M M M M M M M
27 47 31 39 -5 26 0 0.03 0.0 0 M M M M M M M M
28 50 43 47 3 18 0 1.14 0.0 0 M M M M M M 1 M M
29 45 36 41 -3 24 0 0.23 0.0 0 M M M M M M M M
================================================================================
SM 1483 1127 573 0 3.47 T M M M
================================================================================
AV 51.1 38.9 M FASTST M M M MAX(MPH)
MISC ----> M M M M
================================================================================
NOTES:
# LAST OF SEVERAL OCCURRENCES
COLUMN 17 PEAK WIND IN M.P.H.
PRELIMINARY LOCAL CLIMATOLOGICAL DATA (WS FORM: F-6) , PAGE 2
STATION: SEATTLE WA WFO
MONTH: FEBRUARY
YEAR: 2024
LATITUDE: 47 41 N
LONGITUDE: 122 15 W
[TEMPERATURE DATA] [PRECIPITATION DATA] SYMBOLS USED IN COLUMN 16
AVERAGE MONTHLY: 45.0 TOTAL FOR MONTH: 3.47 1 = FOG OR MIST
DPTR FM NORMAL: 1.6 DPTR FM NORMAL: -0.07 2 = FOG REDUCING VISIBILITY
HIGHEST: 61 ON 22 GRTST 24HR 1.14 ON 28-28 TO 1/4 MILE OR LESS
LOWEST: 31 ON 27,16 3 = THUNDER
SNOW, ICE PELLETS, HAIL 4 = ICE PELLETS
TOTAL MONTH: T 5 = HAIL
GRTST 24HR T ON 14-14 6 = FREEZING RAIN OR DRIZZLE
GRTST DEPTH: 0 7 = DUSTSTORM OR SANDSTORM:
VSBY 1/2 MILE OR LESS
8 = SMOKE OR HAZE
[NO. OF DAYS WITH] [WEATHER - DAYS WITH] 9 = BLOWING SNOW
X = TORNADO
MAX 32 OR BELOW: 0 0.01 INCH OR MORE: 18
MAX 90 OR ABOVE: 0 0.10 INCH OR MORE: 9
MIN 32 OR BELOW: 2 0.50 INCH OR MORE: 1
MIN 0 OR BELOW: 0 1.00 INCH OR MORE: 1
[HDD (BASE 65) ]
TOTAL THIS MO. 573 CLEAR (SCALE 0-3) 0
DPTR FM NORMAL -32 PTCLDY (SCALE 4-7) 0
TOTAL FM JUL 1 2767 CLOUDY (SCALE 8-10) 29
DPTR FM NORMAL -379
[CDD (BASE 65) ]
TOTAL THIS MO. 0
DPTR FM NORMAL 0 [PRESSURE DATA]
TOTAL FM JAN 1 0 HIGHEST SLP M ON M
DPTR FM NORMAL 0 LOWEST SLP M ON M
[REMARKS]
#FINAL-02-24#