000
CXUS52 KMLB 011415
CF6SFB
PRELIMINARY LOCAL CLIMATOLOGICAL DATA (WS FORM: F-6)
STATION: SANFORD
MONTH: NOVEMBER
YEAR: 2020
LATITUDE: 28 46 N
LONGITUDE: 81 15 W
TEMPERATURE IN F: :PCPN: SNOW: WIND :SUNSHINE: SKY :PK WND
================================================================================
1 2 3 4 5 6A 6B 7 8 9 10 11 12 13 14 15 16 17 18
12Z AVG MX 2MIN
DY MAX MIN AVG DEP HDD CDD WTR SNW DPTH SPD SPD DIR MIN PSBL S-S WX SPD DR
================================================================================
1 85 71 78 6 0 13 0.16 0.0 0 6.7 18 340 M M 9 1 23 320
2 72 58 65 -6 0 0 0.00 0.0 0 14.3 28 10 M M 2 33 20
3 78 56 67 -4 0 2 0.00 0.0 0 10.1 18 50 M M 4 23 50
4 82 59 71 0 0 6 0.00 0.0 0 8.7 21 70 M M 3 26 70
5 85 67 76 6 0 11 T 0.0 0 9.2 20 80 M M 4 26 60
6 84 69 77 7 0 12 0.00 0.0 0 9.0 21 80 M M 2 25 70
7 86 70 78 8 0 13 0.00 0.0 0 12.7 28 80 M M 3 32 70
8 81 72 77 7 0 12 0.13 0.0 0 15.6 25 70 M M 6 1 33 70
9 79 75 77 7 0 12 0.74 0.0 0 17.4 32 80 M M 9 1 42 80
10 83 75 79 10 0 14 0.48 0.0 0 10.8 25 120 M M 8 1 32 130
11 84 74 79 10 0 14 0.31 0.0 0 14.3 30 190 M M 7 138 40 200
12 85 73 79 10 0 14 0.60 0.0 0 13.5 26 190 M M 7 1 38 190
13 81 70 76 7 0 11 0.00 0.0 0 5.7 13 60 M M 6 17 70
14 82 70 76 8 0 11 0.00 0.0 0 6.4 15 70 M M 5 19 70
15 86 68 77 9 0 12 0.28 0.0 0 5.0 22 270 M M 5 1 25 250
16 81 67 74 6 0 9 0.00 0.0 0 6.8 14 10 M M 5 17 350
17 76 56 66 -2 0 1 0.00 0.0 0 9.2 18 10 M M 0 22 20
18 76 57 67 -1 0 2 0.00 0.0 0 13.0 25 50 M M 3 32 30
19 76 64 70 2 0 5 0.01 0.0 0 9.1 25 70 M M 9 31 70
20 79 64 72 5 0 7 T 0.0 0 8.9 21 100 M M 6 1 25 90
21 80 66 73 6 0 8 0.04 0.0 0 8.9 22 50 M M 6 18 28 30
22 75 67 71 4 0 6 0.20 0.0 0 6.9 13 90 M M 9 1 15 360
23 78 63 71 4 0 6 0.00 0.0 0 9.3 17 350 M M 4 20 340
24 81 61 71 5 0 6 0.00 0.0 0 8.1 18 70 M M 3 23 90
25 83 63 73 7 0 8 0.00 0.0 0 6.9 18 130 M M 3 22 140
26 84 61 73 7 0 8 0.00 0.0 0 3.0 13 220 M M 1 16 230
27 83 64 74 8 0 9 0.00 0.0 0 3.7 9 360 M M 1 12 10
28 83 65 74 8 0 9 0.00 0.0 0 5.4 12 290 M M 2 15 240
29 82 67 75 10 0 10 0.00 0.0 0 5.1 12 210 M M 3 14 180
30 74 54 64 -1 1 0 0.12 0.0 0 14.0 23 300 M M 3 13 29 300
================================================================================
SM 2424 1966 1 251 3.07 0.0 277.7 M 138
================================================================================
AV 80.8 65.5 9.3 FASTST M M 5 MAX(MPH)
MISC ----> 32 80 42 80
================================================================================
NOTES:
# LAST OF SEVERAL OCCURRENCES
COLUMN 17 PEAK WIND IN M.P.H.
PRELIMINARY LOCAL CLIMATOLOGICAL DATA (WS FORM: F-6) , PAGE 2
STATION: SANFORD
MONTH: NOVEMBER
YEAR: 2020
LATITUDE: 28 46 N
LONGITUDE: 81 15 W
[TEMPERATURE DATA] [PRECIPITATION DATA] SYMBOLS USED IN COLUMN 16
AVERAGE MONTHLY: 73.2 TOTAL FOR MONTH: 3.07 1 = FOG OR MIST
DPTR FM NORMAL: 4.9 DPTR FM NORMAL: 0.54 2 = FOG REDUCING VISIBILITY
HIGHEST: 86 ON 15, 7 GRTST 24HR 0.91 ON 11-12 TO 1/4 MILE OR LESS
LOWEST: 54 ON 30 3 = THUNDER
SNOW, ICE PELLETS, HAIL 4 = ICE PELLETS
TOTAL MONTH: 0.0 INCH 5 = HAIL
GRTST 24HR 0.0 6 = FREEZING RAIN OR DRIZZLE
GRTST DEPTH: 0 7 = DUSTSTORM OR SANDSTORM:
VSBY 1/2 MILE OR LESS
8 = SMOKE OR HAZE
[NO. OF DAYS WITH] [WEATHER - DAYS WITH] 9 = BLOWING SNOW
X = TORNADO
MAX 32 OR BELOW: 0 0.01 INCH OR MORE: 11
MAX 90 OR ABOVE: 0 0.10 INCH OR MORE: 9
MIN 32 OR BELOW: 0 0.50 INCH OR MORE: 2
MIN 0 OR BELOW: 0 1.00 INCH OR MORE: 0
[HDD (BASE 65) ]
TOTAL THIS MO. 1 CLEAR (SCALE 0-3) 13
DPTR FM NORMAL -40 PTCLDY (SCALE 4-7) 13
TOTAL FM JUL 1 1 CLOUDY (SCALE 8-10) 4
DPTR FM NORMAL -47
[CDD (BASE 65) ]
TOTAL THIS MO. 251
DPTR FM NORMAL 112 [PRESSURE DATA]
TOTAL FM JAN 1 4176 HIGHEST SLP 30.40 ON 19
DPTR FM NORMAL 813 LOWEST SLP 29.76 ON 12
[REMARKS]
#FINAL-11-20#