000
CXUS53 KSGF 011408
CF6SGF
PRELIMINARY LOCAL CLIMATOLOGICAL DATA (WS FORM: F-6)
STATION: SPRINGFIELD MO
MONTH: APRIL
YEAR: 2022
LATITUDE: 37 13 N
LONGITUDE: 93 23 W
TEMPERATURE IN F: :PCPN: SNOW: WIND :SUNSHINE: SKY :PK WND
================================================================================
1 2 3 4 5 6A 6B 7 8 9 10 11 12 13 14 15 16 17 18
12Z AVG MX 2MIN
DY MAX MIN AVG DEP HDD CDD WTR SNW DPTH SPD SPD DIR MIN PSBL S-S WX SPD DR
================================================================================
1 59 25 42 -11 23 0 0.00 0.0 0 5.1 14 150 M M 0 20 140
2 63 39 51 -2 14 0 0.01 0.0 0 10.1 22 320 M M 5 30 280
3 69 39 54 1 11 0 T 0.0 0 12.2 23 160 M M 2 29 160
4 66 49 58 4 7 0 0.38 0.0 0 5.3 14 150 M M 7 1 18 160
5 76 53 65 11 0 0 0.08 0.0 0 13.7 28 10 M M 6 1 38 10
6 63 42 53 -1 12 0 0.00 0.0 0 14.2 28 320 M M 5 41 280
7 52 38 45 -9 20 0 T 0.0 0 16.2 33 280 M M 5 51 270
8 44 29 37 -18 28 0 T T 0 11.9 31 330 M M 8 1 42 310
9 64 26 45 -10 20 0 0.00 0.0 0 7.7 17 150 M M 0 24 150
10 80 51 66 11 0 1 0.00 0.0 0 18.3 32 190 M M 2 44 190
11 65 50 58 2 7 0 1.49 0.0 0 8.2 32 280 M M 9 13 43 300
12 80 56 68 12 0 3 T 0.0 0 19.3 35 190 M M 6 1 52 190
13 67 33 50 -6 15 0 0.66 0.0 0 12.4 25 150 M M 5 13 33 170
14 61 31 46 -11 19 0 0.00 0.0 0 9.5 20 240 M M 0 27 220
15 62 46 54 -3 11 0 0.08 0.0 0 10.3 25 150 M M 5 3 35 150
16 59 43 51 -6 14 0 T 0.0 0 14.4 23 30 M M 8 30 20
17 50 39 45 -13 20 0 0.16 0.0 0 12.5 22 120 M M 10 13 32 100
18 56 35 46 -12 19 0 0.00 0.0 0 9.6 20 330 M M 5 27 310
19 62 31 47 -11 18 0 0.00 0.0 0 8.9 17 140 M M 1 31 160
20 55 49 52 -6 13 0 0.19 0.0 0 19.0 28 160 M M 10 13 48 160
21 77 48 63 4 2 0 0.02 0.0 0 10.4 23 130 M M 8 12 30 120
22 82 64 73 14 0 8 0.00 0.0 0 18.3 24 170 M M 2 38 180
23 80 66 73 14 0 8 T 0.0 0 20.8 33 200 M M 1 45 180
24 70 52 61 1 4 0 1.10 0.0 0 7.8 24 160 M M 9 1 32 190
25 59 43 51 -9 14 0 0.02 0.0 0 9.9 18 330 M M 2 25 360
26 64 37 51 -9 14 0 0.00 0.0 0 4.0 12 20 M M 0 16 30
27 73 44 59 -1 6 0 0.00 0.0 0 12.6 22 150 M M 0 34 150
28 62 53 58 -3 7 0 0.33 0.0 0 12.5 22 150 M M 9 13 28 150
29 81 57 69 8 0 4 T 0.0 0 17.4 28 170 M M 5 37 170
30 71 50 61 0 4 0 0.80 0.0 0 12.0 28 340 M M 4 13 38 330
================================================================================
SM 1972 1318 322 24 5.32 T 364.5 M 139
================================================================================
AV 65.7 43.9 12.1 FASTST M M 5 MAX(MPH)
MISC ----> 35 190 52 190
================================================================================
NOTES:
# LAST OF SEVERAL OCCURRENCES
COLUMN 17 PEAK WIND IN M.P.H.
PRELIMINARY LOCAL CLIMATOLOGICAL DATA (WS FORM: F-6) , PAGE 2
STATION: SPRINGFIELD MO
MONTH: APRIL
YEAR: 2022
LATITUDE: 37 13 N
LONGITUDE: 93 23 W
[TEMPERATURE DATA] [PRECIPITATION DATA] SYMBOLS USED IN COLUMN 16
AVERAGE MONTHLY: 54.8 TOTAL FOR MONTH: 5.32 1 = FOG OR MIST
DPTR FM NORMAL: -2.2 DPTR FM NORMAL: 0.61 2 = FOG REDUCING VISIBILITY
HIGHEST: 82 ON 22 GRTST 24HR 1.49 ON 10-11 TO 1/4 MILE OR LESS
LOWEST: 25 ON 1 3 = THUNDER
SNOW, ICE PELLETS, HAIL 4 = ICE PELLETS
TOTAL MONTH: T 5 = HAIL
GRTST 24HR T ON 8- 8 6 = FREEZING RAIN OR DRIZZLE
GRTST DEPTH: 0 7 = DUSTSTORM OR SANDSTORM:
VSBY 1/2 MILE OR LESS
8 = SMOKE OR HAZE
[NO. OF DAYS WITH] [WEATHER - DAYS WITH] 9 = BLOWING SNOW
X = TORNADO
MAX 32 OR BELOW: 0 0.01 INCH OR MORE: 13
MAX 90 OR ABOVE: 0 0.10 INCH OR MORE: 8
MIN 32 OR BELOW: 5 0.50 INCH OR MORE: 4
MIN 0 OR BELOW: 0 1.00 INCH OR MORE: 2
[HDD (BASE 65) ]
TOTAL THIS MO. 322 CLEAR (SCALE 0-3) 11
DPTR FM NORMAL 55 PTCLDY (SCALE 4-7) 13
TOTAL FM JUL 1 3932 CLOUDY (SCALE 8-10) 6
DPTR FM NORMAL -253
[CDD (BASE 65) ]
TOTAL THIS MO. 24
DPTR FM NORMAL -3 [PRESSURE DATA]
TOTAL FM JAN 1 24 HIGHEST SLP 30.45 ON 26
DPTR FM NORMAL -9 LOWEST SLP 29.39 ON 5
[REMARKS]
#FINAL-04-22#