000
CXUS54 KHGX 021411
CF6SGR
PRELIMINARY LOCAL CLIMATOLOGICAL DATA (WS FORM: F-6)
STATION: SUGAR LAND/HULL FLD
MONTH: MARCH
YEAR: 2022
LATITUDE: 29 37 N
LONGITUDE: 95 39 W
TEMPERATURE IN F: :PCPN: SNOW: WIND :SUNSHINE: SKY :PK WND
================================================================================
1 2 3 4 5 6A 6B 7 8 9 10 11 12 13 14 15 16 17 18
12Z AVG MX 2MIN
DY MAX MIN AVG DEP HDD CDD WTR SNW DPTH SPD SPD DIR MIN PSBL S-S WX SPD DR
================================================================================
1 73 36 55 -7 10 0 0.00 0.0 0 3.0 15 140 M M 0 18 20 150
2 77 41 59 -3 6 0 0.00 0.0 0 3.8 15 140 M M 0 18 19 110
3 79 55 67 5 0 2 0.00 0.0 0 5.7 17 140 M M 1 18 21 300
4 80 60 70 8 0 5 0.00 0.0 0 10.7 23 140 M M 8 18 29 150
5 83 69 76 13 0 11 T 0.0 0 13.1 25 160 M M 8 8 35 180
6 85 71 78 15 0 13 T 0.0 0 14.1 26 170 M M 9 18 35 170
7 75 53 64 1 1 0 0.06 0.0 0 13.7 24 20 M M 10 32 10
8 53 47 50 -13 15 0 0.26 0.0 0 11.5 20 20 M M 10 138 27 20
9 62 45 54 -9 11 0 0.00 0.0 0 6.8 20 20 M M 5 24 10
10 76 42 59 -5 6 0 0.00 0.0 0 6.6 18 160 M M 1 21 160
11 65 40 53 -11 12 0 T 0.0 0 13.5 30 350 M M 9 44 330
12 60 33 47 -17 18 0 0.00 0.0 0 7.0 29 10 M M 0 38 360
13 68 35 52 -12 13 0 0.00 0.0 0 7.9 21 160 M M 4 28 130
14 81 58 70 6 0 5 0.07 0.0 0 11.8 29 300 M M 7 3 41 290
15 76 53 65 0 0 0 0.02 0.0 0 9.1 21 310 M M 1 18 34 310
16 81 47 64 -1 1 0 0.00 0.0 0 5.9 17 180 M M 0 18 22 190
17 79 55 67 2 0 2 0.07 0.0 0 11.3 23 160 M M 5 18 30 140
18 73 57 65 0 0 0 0.00 0.0 0 12.3 24 330 M M 3 18 36 330
19 79 44 62 -3 3 0 0.00 0.0 0 5.0 17 40 M M 0 26 70
20 78 45 62 -4 3 0 0.00 0.0 0 9.3 23 140 M M 0 1 31 150
21 79 66 73 7 0 8 0.13 0.0 0 16.8 31 150 M M 10 8 41 160
22 76 52 64 -2 1 0 1.38 0.0 0 12.9 31 350 M M 5 13 49 340
23 71 46 59 -7 6 0 0.00 0.0 0 7.4 20 350 M M 0 28 300
24 71 47 59 -7 6 0 0.00 0.0 0 8.2 21 280 M M 0 30 310
25 85 45 65 -1 0 0 0.00 0.0 0 3.2 14 140 M M 0 17 70
26 87 53 70 4 0 5 0.00 0.0 0 8.8 16 180 M M 0 128 22 190
27 85 60 73 6 0 8 0.00 0.0 0 11.1 20 230 M M 0 27 220
28 84 61 73 6 0 8 0.00 0.0 0 10.9 22 170 M M 5 33 170
29 85 72 79 12 0 14 T 0.0 0 18.3 29 160 M M 8 39 170
30 86 61 74 7 0 9 0.11 0.0 0 13.7 28 170 M M 5 37 300
31 78 50 64 -3 1 0 0.00 0.0 0 5.7 18 20 M M 0 28 20
================================================================================
SM 2370 1599 113 90 2.10 0.0 299.1 M 114
================================================================================
AV 76.5 51.6 9.6 FASTST M M 4 MAX(MPH)
MISC ----> # 31 150 49 340
================================================================================
NOTES:
# LAST OF SEVERAL OCCURRENCES
COLUMN 17 PEAK WIND IN M.P.H.
PRELIMINARY LOCAL CLIMATOLOGICAL DATA (WS FORM: F-6) , PAGE 2
STATION: SUGAR LAND/HULL FLD
MONTH: MARCH
YEAR: 2022
LATITUDE: 29 37 N
LONGITUDE: 95 39 W
[TEMPERATURE DATA] [PRECIPITATION DATA] SYMBOLS USED IN COLUMN 16
AVERAGE MONTHLY: 64.0 TOTAL FOR MONTH: 2.10 1 = FOG OR MIST
DPTR FM NORMAL: -0.7 DPTR FM NORMAL: -1.39 2 = FOG REDUCING VISIBILITY
HIGHEST: 87 ON 26 GRTST 24HR 1.48 ON 21-22 TO 1/4 MILE OR LESS
LOWEST: 33 ON 12 3 = THUNDER
SNOW, ICE PELLETS, HAIL 4 = ICE PELLETS
TOTAL MONTH: 0.0 INCH 5 = HAIL
GRTST 24HR 0.0 6 = FREEZING RAIN OR DRIZZLE
GRTST DEPTH: 0 7 = DUSTSTORM OR SANDSTORM:
VSBY 1/2 MILE OR LESS
8 = SMOKE OR HAZE
[NO. OF DAYS WITH] [WEATHER - DAYS WITH] 9 = BLOWING SNOW
X = TORNADO
MAX 32 OR BELOW: 0 0.01 INCH OR MORE: 8
MAX 90 OR ABOVE: 0 0.10 INCH OR MORE: 4
MIN 32 OR BELOW: 0 0.50 INCH OR MORE: 1
MIN 0 OR BELOW: 0 1.00 INCH OR MORE: 1
[HDD (BASE 65) ]
TOTAL THIS MO. 113 CLEAR (SCALE 0-3) 15
DPTR FM NORMAL 5 PTCLDY (SCALE 4-7) 10
TOTAL FM JUL 1 950 CLOUDY (SCALE 8-10) 6
DPTR FM NORMAL -166
[CDD (BASE 65) ]
TOTAL THIS MO. 90
DPTR FM NORMAL -9 [PRESSURE DATA]
TOTAL FM JAN 1 133 HIGHEST SLP 30.53 ON 12
DPTR FM NORMAL -28 LOWEST SLP 29.53 ON 30
[REMARKS]
#FINAL-03-22#