000
CXUS55 KBYZ 011000
CF6SHR
PRELIMINARY LOCAL CLIMATOLOGICAL DATA (WS FORM: F-6)
STATION: SHERIDAN WY
MONTH: MARCH
YEAR: 2024
LATITUDE: 44 46 N
LONGITUDE: 106 58 W
TEMPERATURE IN F: :PCPN: SNOW: WIND :SUNSHINE: SKY :PK WND
================================================================================
1 2 3 4 5 6A 6B 7 8 9 10 11 12 13 14 15 16 17 18
12Z AVG MX 2MIN
DY MAX MIN AVG DEP HDD CDD WTR SNW DPTH SPD SPD DIR MIN PSBL S-S WX SPD DR
================================================================================
1 56 34 45 15 20 0 0.05 M M 10.7 23 230 M M 4 1 37 250
2 59 33 46 16 19 0 0.01 M M 10.8 36 210 M M 7 1 50 200
3 39 20 30 -1 35 0 0.00 M M 11.2 29 330 M M 2 38 340
4 43 15 29 -2 36 0 0.00 M M 4.6 21 240 M M 3 29 250
5 47 21 34 2 31 0 0.00 M M 10.2 23 320 M M 3 31 280
6 39 20 30 -2 35 0 0.07 M M 6.7 18 330 M M 7 1 24 330
7 42 20 31 -1 34 0 0.00 M M 4.7 15 280 M M 7 26 260
8 48 16 32 -1 33 0 0.00 M M 2.3 9 350 M M 0 14 350
9 62 19 41 8 24 0 0.00 M M 3.8 16 130 M M 0 22 130
10 65 26 46 12 19 0 0.00 M M 5.2 18 150 M M 0 28 130
11 62 31 47 13 18 0 0.00 M M 7.4 21 310 M M 2 29 120
12 62 31 47 13 18 0 0.00 M M 5.9 20 10 M M 5 24 360
13 43 35 39 4 26 0 0.03 M M 11.0 21 310 M M 9 26 320
14 44 21 33 -2 32 0 0.00 M M 8.8 18 310 M M 8 24 320
15 58 17 38 2 27 0 0.00 M M 5.6 18 340 M M 2 24 340
16 54 32 43 7 22 0 0.00 M M 7.1 16 340 M M 8 20 340
17 52 26 39 3 26 0 0.00 M M 5.9 21 340 M M 6 28 340
18 70 22 46 9 19 0 0.00 M M 9.4 35 330 M M 0 46 330
19 68 29 49 12 16 0 0.00 M M 6.8 29 330 M M 1 36 340
20 65 31 48 11 17 0 0.00 M M 6.6 20 300 M M 3 25 310
21 43 27 35 -3 30 0 0.10 M M 7.9 21 300 M M 6 1 26 300
22 35 26 31 -7 34 0 0.12 M M 4.6 16 320 M M 10 1 21 320
23 38 30 34 -4 31 0 0.05 M M 5.1 12 40 M M 9 1 15 20
24 31 18 25 -14 40 0 0.06 M M 16.5 28 320 M M 10 1 36 320
25 29 7 18 -21 47 0 T M M 4.5 12 340 M M 7 8 15 20
26 42 13 28 -11 37 0 T M M 3.4 15 330 M M 6 8 19 310
27 55 23 39 0 26 0 T M M 3.6 21 330 M M 5 29 360
28 60 27 44 4 21 0 T M M 4.9 32 330 M M 2 41 330
29 50 24 37 -3 28 0 0.02 M M 4.8 16 350 M M 7 1 21 340
30 38 30 34 -6 31 0 T M M 4.9 9 10 M M 9 1 11 340
31 36 31 34 -6 31 0 0.30 M M 5.5 10 340 M M 10 18 15 10
================================================================================
SM 1535 755 863 0 0.81 M 210.4 M 158
================================================================================
AV 49.5 24.4 6.8 FASTST M M 5 MAX(MPH)
MISC ----> 36 210 50 200
================================================================================
NOTES:
# LAST OF SEVERAL OCCURRENCES
COLUMN 17 PEAK WIND IN M.P.H.
PRELIMINARY LOCAL CLIMATOLOGICAL DATA (WS FORM: F-6) , PAGE 2
STATION: SHERIDAN WY
MONTH: MARCH
YEAR: 2024
LATITUDE: 44 46 N
LONGITUDE: 106 58 W
[TEMPERATURE DATA] [PRECIPITATION DATA] SYMBOLS USED IN COLUMN 16
AVERAGE MONTHLY: 36.9 TOTAL FOR MONTH: 0.81 1 = FOG OR MIST
DPTR FM NORMAL: 1.2 DPTR FM NORMAL: -0.21 2 = FOG REDUCING VISIBILITY
HIGHEST: 70 ON 18 GRTST 24HR 0.30 ON 31-31 TO 1/4 MILE OR LESS
LOWEST: 7 ON 25 3 = THUNDER
SNOW, ICE PELLETS, HAIL 4 = ICE PELLETS
TOTAL MONTH: M 5 = HAIL
GRTST 24HR M ON M 6 = FREEZING RAIN OR DRIZZLE
GRTST DEPTH: M ON M 7 = DUSTSTORM OR SANDSTORM:
VSBY 1/2 MILE OR LESS
8 = SMOKE OR HAZE
[NO. OF DAYS WITH] [WEATHER - DAYS WITH] 9 = BLOWING SNOW
X = TORNADO
MAX 32 OR BELOW: 2 0.01 INCH OR MORE: 10
MAX 90 OR ABOVE: 0 0.10 INCH OR MORE: 3
MIN 32 OR BELOW: 28 0.50 INCH OR MORE: 0
MIN 0 OR BELOW: 0 1.00 INCH OR MORE: 0
[HDD (BASE 65) ]
TOTAL THIS MO. 863 CLEAR (SCALE 0-3) 11
DPTR FM NORMAL -45 PTCLDY (SCALE 4-7) 13
TOTAL FM JUL 1 5546 CLOUDY (SCALE 8-10) 7
DPTR FM NORMAL -811
[CDD (BASE 65) ]
TOTAL THIS MO. 0
DPTR FM NORMAL 0 [PRESSURE DATA]
TOTAL FM JAN 1 0 HIGHEST SLP 30.49 ON 14
DPTR FM NORMAL 0 LOWEST SLP 29.21 ON 2
[REMARKS]
#FINAL-03-24#