000
CXUS54 KSJT 011000
CF6SJT
PRELIMINARY LOCAL CLIMATOLOGICAL DATA (WS FORM: F-6)
STATION: SAN ANGELO
MONTH: OCTOBER
YEAR: 2023
LATITUDE: 31 21 N
LONGITUDE: 100 30 W
TEMPERATURE IN F: :PCPN: SNOW: WIND :SUNSHINE: SKY :PK WND
================================================================================
1 2 3 4 5 6A 6B 7 8 9 10 11 12 13 14 15 16 17 18
12Z AVG MX 2MIN
DY MAX MIN AVG DEP HDD CDD WTR SNW DPTH SPD SPD DIR MIN PSBL S-S WX SPD DR
================================================================================
1 90 70 80 8 0 15 0.00 0.0 0 8.0 21 130 M M 5 29 150
2 88 67 78 6 0 13 0.00 0.0 0 8.5 17 130 M M 4 24 140
3 89 70 80 8 0 15 0.00 0.0 0 8.1 16 160 M M 5 26 180
4 93 72 83 11 0 18 0.00 0.0 0 11.3 25 190 M M 3 3 37 190
5 84 68 76 5 0 11 T 0.0 0 9.1 18 10 M M 5 1 29 10
6 84 57 71 0 0 6 0.00 0.0 0 4.8 12 40 M M 0 16 50
7 76 53 65 -5 0 0 0.00 0.0 0 9.8 20 40 M M 0 26 40
8 84 45 65 -5 0 0 0.00 0.0 0 7.5 18 210 M M 0 25 210
9 86 47 67 -3 0 2 0.00 0.0 0 6.1 12 180 M M 0 17 190
10 81 57 69 -1 0 4 0.00 0.0 0 8.6 15 180 M M 1 25 180
11 85 66 76 7 0 11 0.00 0.0 0 12.6 21 180 M M 4 33 170
12 86 69 78 9 0 13 0.00 0.0 0 15.4 25 200 M M 4 38 190
13 82 52 67 -1 0 2 0.00 0.0 0 8.2 20 30 M M 2 27 20
14 74 49 62 -6 3 0 0.00 0.0 0 6.3 15 50 M M 1 22 50
15 73 45 59 -9 6 0 0.00 0.0 0 5.8 20 350 M M 1 24 330
16 77 37 57 -10 8 0 0.00 0.0 0 4.0 12 30 M M 0 17 340
17 84 39 62 -5 3 0 0.00 0.0 0 4.8 14 180 M M 0 23 180
18 89 53 71 5 0 6 0.00 0.0 0 10.4 22 210 M M 0 32 180
19 89 49 69 3 0 4 0.00 0.0 0 4.7 12 30 M M 0 16 10
20 95 46 71 5 0 6 0.00 0.0 0 4.6 9 180 M M 0 14 300
21 91 55 73 8 0 8 0.00 0.0 0 6.4 16 170 M M 0 21 170
22 82 67 75 10 0 10 0.00 0.0 0 7.5 16 180 M M 0 22 170
23 76 68 72 7 0 7 0.21 0.0 0 10.6 20 160 M M 7 1 27 170
24 85 69 77 13 0 12 0.01 0.0 0 11.4 22 180 M M 6 1 34 170
25 77 63 70 6 0 5 2.18 0.0 0 6.7 21 290 M M 7 13 27 160
26 85 57 71 8 0 6 0.00 0.0 0 6.8 17 230 M M 2 22 230
27 87 62 75 12 0 10 0.00 0.0 0 9.1 18 40 M M 3 1 23 50
28 81 60 71 8 0 6 0.33 0.0 0 8.6 16 180 M M 8 138 24 160
29 63 36 50 -12 15 0 0.52 0.0 0 16.3 25 10 M M 10 13 31 10
30 44 34 39 -23 26 0 0.00 0.0 0 12.1 24 10 M M 9 31 10
31 58 29 44 -17 21 0 0.00 0.0 0 4.5 13 60 M M 0 18 50
================================================================================
SM 2518 1711 82 190 3.25 0.0 258.6 M 87
================================================================================
AV 81.2 55.2 8.3 FASTST M M 3 MAX(MPH)
MISC ----> # 25 190 38 190
================================================================================
NOTES:
# LAST OF SEVERAL OCCURRENCES
COLUMN 17 PEAK WIND IN M.P.H.
PRELIMINARY LOCAL CLIMATOLOGICAL DATA (WS FORM: F-6) , PAGE 2
STATION: SAN ANGELO
MONTH: OCTOBER
YEAR: 2023
LATITUDE: 31 21 N
LONGITUDE: 100 30 W
[TEMPERATURE DATA] [PRECIPITATION DATA] SYMBOLS USED IN COLUMN 16
AVERAGE MONTHLY: 68.2 TOTAL FOR MONTH: 3.25 1 = FOG OR MIST
DPTR FM NORMAL: 1.1 DPTR FM NORMAL: 0.83 2 = FOG REDUCING VISIBILITY
HIGHEST: 95 ON 20 GRTST 24HR 2.18 ON 25-25 TO 1/4 MILE OR LESS
LOWEST: 29 ON 31 3 = THUNDER
SNOW, ICE PELLETS, HAIL 4 = ICE PELLETS
TOTAL MONTH: 0.0 INCH 5 = HAIL
GRTST 24HR 0.0 6 = FREEZING RAIN OR DRIZZLE
GRTST DEPTH: 0 7 = DUSTSTORM OR SANDSTORM:
VSBY 1/2 MILE OR LESS
8 = SMOKE OR HAZE
[NO. OF DAYS WITH] [WEATHER - DAYS WITH] 9 = BLOWING SNOW
X = TORNADO
MAX 32 OR BELOW: 0 0.01 INCH OR MORE: 5
MAX 90 OR ABOVE: 4 0.10 INCH OR MORE: 4
MIN 32 OR BELOW: 1 0.50 INCH OR MORE: 2
MIN 0 OR BELOW: 0 1.00 INCH OR MORE: 1
[HDD (BASE 65) ]
TOTAL THIS MO. 82 CLEAR (SCALE 0-3) 18
DPTR FM NORMAL 6 PTCLDY (SCALE 4-7) 11
TOTAL FM JUL 1 82 CLOUDY (SCALE 8-10) 2
DPTR FM NORMAL -2
[CDD (BASE 65) ]
TOTAL THIS MO. 190
DPTR FM NORMAL 48 [PRESSURE DATA]
TOTAL FM JAN 1 3393 HIGHEST SLP 30.53 ON 30
DPTR FM NORMAL 630 LOWEST SLP 29.50 ON 12
[REMARKS]
#FINAL-10-23#