000
CXUS56 KSLC 011302
CF6SLC
PRELIMINARY LOCAL CLIMATOLOGICAL DATA (WS FORM: F-6)
STATION: SALT LAKE CITY UT
MONTH: OCTOBER
YEAR: 2022
LATITUDE: 40 46 N
LONGITUDE: 111 58 W
TEMPERATURE IN F: :PCPN: SNOW: WIND :SUNSHINE: SKY :PK WND
================================================================================
1 2 3 4 5 6A 6B 7 8 9 10 11 12 13 14 15 16 17 18
12Z AVG MX 2MIN
DY MAX MIN AVG DEP HDD CDD WTR SNW DPTH SPD SPD DIR MIN PSBL S-S WX SPD DR
================================================================================
1 72 52 62 1 3 0 0.02 0.0 0 5.1 13 350 M M 2 16 350
2 74 53 64 3 1 0 0.00 0.0 0 6.3 14 330 M M 1 20 350
3 78 53 66 6 0 1 0.00 0.0 0 6.1 17 320 M M 1 28 340
4 77 52 65 5 0 0 0.00 0.0 0 5.4 14 330 M M 1 19 330
5 79 53 66 6 0 1 0.00 0.0 0 5.0 14 290 M M 1 19 290
6 80 51 66 7 0 1 0.00 0.0 0 5.5 13 350 M M 1 23 350
7 80 54 67 9 0 2 0.00 0.0 0 5.7 12 310 M M 1 19 340
8 81 54 68 10 0 3 0.00 0.0 0 5.8 13 330 M M 4 18 310
9 81 53 67 9 0 2 0.00 0.0 0 5.8 13 350 M M 6 16 330
10 80 53 67 10 0 2 0.00 0.0 0 6.9 12 130 M M 2 14 130
11 76 55 66 9 0 1 0.00 0.0 0 8.3 21 330 M M 5 29 340
12 75 50 63 7 2 0 0.00 0.0 0 5.0 12 330 M M 1 16 310
13 74 49 62 6 3 0 0.00 0.0 0 5.4 13 340 M M 0 8 18 320
14 76 49 63 8 2 0 0.00 0.0 0 6.6 12 130 M M 0 15 140
15 74 47 61 6 4 0 0.00 0.0 0 6.8 14 310 M M 0 26 10
16 76 51 64 10 1 0 0.00 0.0 0 8.3 25 110 M M 0 32 110
17 75 46 61 7 4 0 0.00 0.0 0 5.4 13 290 M M 0 8 17 300
18 75 47 61 7 4 0 0.00 0.0 0 5.3 13 280 M M 0 18 320
19 75 49 62 9 3 0 0.00 0.0 0 4.5 10 330 M M 0 15 280
20 76 48 62 9 3 0 0.00 0.0 0 6.1 13 140 M M 1 16 140
21 77 50 64 12 1 0 0.00 0.0 0 10.5 23 180 M M 1 30 180
22 65 38 52 0 13 0 0.65 0.0 0 17.4 37 160 M M 8 1 52 170
23 45 34 40 -11 25 0 0.12 T 0 10.6 22 330 M M 8 1 27 310
24 49 36 43 -8 22 0 0.00 0.0 0 6.8 23 170 M M 6 33 180
25 55 44 50 -1 15 0 T 0.0 0 8.8 23 170 M M 6 34 180
26 55 36 46 -4 19 0 0.02 0.0 0 9.4 32 290 M M 7 18 42 310
27 47 35 41 -9 24 0 T T 0 4.9 12 320 M M 4 16 310
28 57 32 45 -4 20 0 0.00 0.0 0 6.0 16 330 M M 0 21 320
29 56 36 46 -3 19 0 0.00 0.0 0 3.9 13 320 M M 0 16 320
30 58 35 47 -2 18 0 0.00 0.0 0 5.2 10 320 M M 0 14 10
31 64 38 51 3 14 0 0.00 0.0 0 6.5 13 150 M M 1 16 160
================================================================================
SM 2162 1433 220 13 0.81 T 209.3 M 68
================================================================================
AV 69.7 46.2 6.8 FASTST M M 2 MAX(MPH)
MISC ----> 37 160 52 170
================================================================================
NOTES:
# LAST OF SEVERAL OCCURRENCES
COLUMN 17 PEAK WIND IN M.P.H.
PRELIMINARY LOCAL CLIMATOLOGICAL DATA (WS FORM: F-6) , PAGE 2
STATION: SALT LAKE CITY UT
MONTH: OCTOBER
YEAR: 2022
LATITUDE: 40 46 N
LONGITUDE: 111 58 W
[TEMPERATURE DATA] [PRECIPITATION DATA] SYMBOLS USED IN COLUMN 16
AVERAGE MONTHLY: 58.0 TOTAL FOR MONTH: 0.81 1 = FOG OR MIST
DPTR FM NORMAL: 3.4 DPTR FM NORMAL: -0.45 2 = FOG REDUCING VISIBILITY
HIGHEST: 81 ON 9, 8 GRTST 24HR 0.77 ON 22-23 TO 1/4 MILE OR LESS
LOWEST: 32 ON 28 3 = THUNDER
SNOW, ICE PELLETS, HAIL 4 = ICE PELLETS
TOTAL MONTH: T 5 = HAIL
GRTST 24HR T ON 23-23 6 = FREEZING RAIN OR DRIZZLE
GRTST DEPTH: 0 7 = DUSTSTORM OR SANDSTORM:
VSBY 1/2 MILE OR LESS
8 = SMOKE OR HAZE
[NO. OF DAYS WITH] [WEATHER - DAYS WITH] 9 = BLOWING SNOW
X = TORNADO
MAX 32 OR BELOW: 0 0.01 INCH OR MORE: 4
MAX 90 OR ABOVE: 0 0.10 INCH OR MORE: 2
MIN 32 OR BELOW: 1 0.50 INCH OR MORE: 1
MIN 0 OR BELOW: 0 1.00 INCH OR MORE: 0
[HDD (BASE 65) ]
TOTAL THIS MO. 220 CLEAR (SCALE 0-3) 22
DPTR FM NORMAL -117 PTCLDY (SCALE 4-7) 8
TOTAL FM JUL 1 223 CLOUDY (SCALE 8-10) 1
DPTR FM NORMAL -176
[CDD (BASE 65) ]
TOTAL THIS MO. 13
DPTR FM NORMAL -1 [PRESSURE DATA]
TOTAL FM JAN 1 1943 HIGHEST SLP 30.39 ON 28
DPTR FM NORMAL 523 LOWEST SLP 29.29 ON 22
[REMARKS]
#FINAL-10-22#