000
CXUS56 KSLC 010910
CF6SLC
PRELIMINARY LOCAL CLIMATOLOGICAL DATA (WS FORM: F-6)
STATION: SALT LAKE CITY UT
MONTH: DECEMBER
YEAR: 2023
LATITUDE: 40 46 N
LONGITUDE: 111 58 W
TEMPERATURE IN F: :PCPN: SNOW: WIND :SUNSHINE: SKY :PK WND
================================================================================
1 2 3 4 5 6A 6B 7 8 9 10 11 12 13 14 15 16 17 18
12Z AVG MX 2MIN
DY MAX MIN AVG DEP HDD CDD WTR SNW DPTH SPD SPD DIR MIN PSBL S-S WX SPD DR
================================================================================
1 39 29 34 -2 31 0 0.09 1.4 0 5.3 14 300 M M 8 1 21 310
2 42 30 36 1 29 0 0.03 0.3 1 10.8 24 180 M M 10 1 32 190
3 44 38 41 6 24 0 0.56 0.0 0 6.7 16 170 M M 10 1 21 160
4 53 39 46 12 19 0 0.00 0.0 0 4.9 12 110 M M 6 14 120
5 57 35 46 12 19 0 0.00 0.0 0 5.8 12 130 M M 0 14 130
6 55 31 43 9 22 0 0.00 0.0 0 8.3 23 140 M M 1 1 37 130
7 55 35 45 11 20 0 0.01 0.0 0 8.9 28 260 M M 6 36 250
8 39 30 35 2 30 0 0.03 0.4 T 11.8 26 300 M M 9 1 35 300
9 39 24 32 -1 33 0 0.00 0.0 T 3.2 10 130 M M 4 13 140
10 43 27 35 2 30 0 0.00 0.0 0 5.3 13 150 M M 6 16 160
11 44 29 37 4 28 0 0.00 0.0 0 2.9 9 310 M M 2 12 310
12 42 29 36 4 29 0 0.00 0.0 0 3.9 12 340 M M 1 18 15 340
13 48 29 39 7 26 0 0.00 0.0 0 4.0 13 280 M M 0 18 17 290
14 46 27 37 5 28 0 0.00 0.0 0 4.0 10 150 M M 0 18 13 130
15 46 27 37 5 28 0 0.00 0.0 0 4.4 10 280 M M 0 8 12 280
16 42 26 34 2 31 0 0.00 0.0 0 3.0 9 310 M M 2 18 12 310
17 32 22 27 -5 38 0 T T 0 2.5 9 310 M M 7 12 12 350
18 32 27 30 -1 35 0 T T T 2.5 10 310 M M 10 12 14 320
19 47 28 38 7 27 0 0.02 0.0 0 5.0 13 140 M M 6 128 16 140
20 50 34 42 11 23 0 0.00 0.0 M 2.7 12 150 M M 5 18 14 140
21 54 32 43 12 22 0 0.00 0.0 0 2.9 12 290 M M 3 18 15 290
22 53 32 43 12 22 0 0.00 0.0 0 3.2 10 180 M M 3 18 13 320
23 40 32 36 5 29 0 0.20 0.3 0 9.2 18 340 M M 9 18 24 350
24 36 25 31 0 34 0 0.00 0.0 0 4.2 12 310 M M 1 16 300
25 35 20 28 -3 37 0 0.00 0.0 0 5.7 10 360 M M 0 15 330
26 36 20 28 -3 37 0 0.00 0.0 0 5.6 10 310 M M 4 8 13 150
27 43 30 37 6 28 0 0.00 0.0 0 3.2 13 340 M M 5 18 19 320
28 44 30 37 6 28 0 0.00 0.0 0 3.2 12 310 M M 3 18 14 320
29 46 25 36 5 29 0 0.00 0.0 0 2.7 9 290 M M 0 18 11 290
30 41 28 35 4 30 0 0.00 0.0 0 3.6 12 290 M M 4 18 13 290
31 45 26 36 5 29 0 0.00 0.0 0 3.9 8 290 M M 0 18 12 290
================================================================================
SM 1368 896 875 0 0.94 2.4 153.3 M 125
================================================================================
AV 44.1 28.9 4.9 FASTST M M 4 MAX(MPH)
MISC ----> 28 260 37 130
================================================================================
NOTES:
# LAST OF SEVERAL OCCURRENCES
COLUMN 17 PEAK WIND IN M.P.H.
PRELIMINARY LOCAL CLIMATOLOGICAL DATA (WS FORM: F-6) , PAGE 2
STATION: SALT LAKE CITY UT
MONTH: DECEMBER
YEAR: 2023
LATITUDE: 40 46 N
LONGITUDE: 111 58 W
[TEMPERATURE DATA] [PRECIPITATION DATA] SYMBOLS USED IN COLUMN 16
AVERAGE MONTHLY: 36.5 TOTAL FOR MONTH: 0.94 1 = FOG OR MIST
DPTR FM NORMAL: 4.3 DPTR FM NORMAL: -0.46 2 = FOG REDUCING VISIBILITY
HIGHEST: 57 ON 5 GRTST 24HR 0.56 ON 3- 3 TO 1/4 MILE OR LESS
LOWEST: 20 ON 26,25 3 = THUNDER
SNOW, ICE PELLETS, HAIL 4 = ICE PELLETS
TOTAL MONTH: 2.4 INCHES 5 = HAIL
GRTST 24HR 1.4 ON 1- 1 6 = FREEZING RAIN OR DRIZZLE
GRTST DEPTH: 1 ON 2 7 = DUSTSTORM OR SANDSTORM:
VSBY 1/2 MILE OR LESS
8 = SMOKE OR HAZE
[NO. OF DAYS WITH] [WEATHER - DAYS WITH] 9 = BLOWING SNOW
X = TORNADO
MAX 32 OR BELOW: 2 0.01 INCH OR MORE: 7
MAX 90 OR ABOVE: 0 0.10 INCH OR MORE: 2
MIN 32 OR BELOW: 26 0.50 INCH OR MORE: 1
MIN 0 OR BELOW: 0 1.00 INCH OR MORE: 0
[HDD (BASE 65) ]
TOTAL THIS MO. 875 CLEAR (SCALE 0-3) 14
DPTR FM NORMAL -143 PTCLDY (SCALE 4-7) 12
TOTAL FM JUL 1 1814 CLOUDY (SCALE 8-10) 5
DPTR FM NORMAL -299
[CDD (BASE 65) ]
TOTAL THIS MO. 0
DPTR FM NORMAL 0 [PRESSURE DATA]
TOTAL FM JAN 1 1623 HIGHEST SLP M ON M
DPTR FM NORMAL 203 LOWEST SLP 25.80 ON 31
[REMARKS]
#FINAL-12-23#