000
CXUS56 KSLC 010910
CF6SLC
PRELIMINARY LOCAL CLIMATOLOGICAL DATA (WS FORM: F-6)
STATION: SALT LAKE CITY UT
MONTH: NOVEMBER
YEAR: 2023
LATITUDE: 40 46 N
LONGITUDE: 111 58 W
TEMPERATURE IN F: :PCPN: SNOW: WIND :SUNSHINE: SKY :PK WND
================================================================================
1 2 3 4 5 6A 6B 7 8 9 10 11 12 13 14 15 16 17 18
12Z AVG MX 2MIN
DY MAX MIN AVG DEP HDD CDD WTR SNW DPTH SPD SPD DIR MIN PSBL S-S WX SPD DR
================================================================================
1 58 32 45 -3 20 0 0.00 0.0 0 4.8 12 310 M M 0 14 310
2 64 35 50 3 15 0 0.00 0.0 0 5.4 13 340 M M 2 17 120
3 67 44 56 9 9 0 0.00 0.0 0 4.8 12 360 M M 5 14 360
4 67 41 54 8 11 0 0.00 0.0 0 4.7 12 140 M M 0 17 150
5 65 45 55 9 10 0 0.00 0.0 0 4.8 14 350 M M 3 16 350
6 71 48 60 14 5 0 T 0.0 0 7.8 22 330 M M 2 29 320
7 52 38 45 0 20 0 0.28 0.0 0 7.7 23 350 M M 9 135 29 350
8 49 34 42 -3 23 0 0.00 0.0 0 4.7 13 290 M M 2 1 19 290
9 49 31 40 -4 25 0 0.00 0.0 0 4.2 13 350 M M 0 17 340
10 53 31 42 -2 23 0 0.00 0.0 0 6.0 13 130 M M 0 16 130
11 54 31 43 -1 22 0 0.00 0.0 0 4.2 9 140 M M 0 12 120
12 63 33 48 5 17 0 0.00 0.0 0 6.8 16 160 M M 0 23 170
13 66 42 54 11 11 0 0.00 0.0 0 8.6 22 170 M M 1 30 170
14 66 38 52 10 13 0 0.00 0.0 0 8.4 20 180 M M 2 26 170
15 68 44 56 14 9 0 0.00 0.0 0 9.1 22 190 M M 6 30 190
16 59 41 50 8 15 0 0.46 0.0 0 6.7 22 170 M M 6 1 28 170
17 58 36 47 6 18 0 0.00 0.0 0 3.8 10 310 M M 2 1 14 330
18 52 39 46 5 19 0 0.05 0.0 0 4.1 13 160 M M 7 1 15 160
19 49 35 42 2 23 0 0.62 T 0 9.3 26 340 M M 10 1 35 340
20 46 34 40 0 25 0 0.00 0.0 0 8.1 14 320 M M 6 20 320
21 48 30 39 0 26 0 0.00 0.0 0 3.5 9 330 M M 0 13 350
22 49 30 40 1 25 0 0.00 0.0 0 4.2 10 120 M M 2 15 120
23 42 32 37 -2 28 0 0.19 0.6 0 4.4 13 310 M M 6 18 16 340
24 36 32 34 -4 31 0 0.14 1.2 1 4.6 10 320 M M 10 1 12 310
25 38 29 34 -4 31 0 0.00 0.0 T 6.6 14 330 M M 7 17 330
26 36 29 33 -4 32 0 T M M 2.8 10 320 M M 9 13 320
27 40 25 33 -4 32 0 0.00 0.0 0 3.5 9 320 M M 1 13 340
28 41 24 33 -4 32 0 0.00 0.0 0 3.2 9 290 M M 0 18 11 310
29 36 25 31 -5 34 0 0.00 0.0 0 3.3 8 360 M M 5 18 11 310
30 34 30 32 -4 33 0 0.00 0.0 0 3.4 8 140 M M 9 18 11 130
================================================================================
SM 1576 1038 637 0 1.74 1.8 163.5 M 112
================================================================================
AV 52.5 34.6 5.4 FASTST M M 4 MAX(MPH)
MISC ----> 26 340 35 340
================================================================================
NOTES:
# LAST OF SEVERAL OCCURRENCES
COLUMN 17 PEAK WIND IN M.P.H.
PRELIMINARY LOCAL CLIMATOLOGICAL DATA (WS FORM: F-6) , PAGE 2
STATION: SALT LAKE CITY UT
MONTH: NOVEMBER
YEAR: 2023
LATITUDE: 40 46 N
LONGITUDE: 111 58 W
[TEMPERATURE DATA] [PRECIPITATION DATA] SYMBOLS USED IN COLUMN 16
AVERAGE MONTHLY: 43.6 TOTAL FOR MONTH: 1.74 1 = FOG OR MIST
DPTR FM NORMAL: 1.9 DPTR FM NORMAL: 0.42 2 = FOG REDUCING VISIBILITY
HIGHEST: 71 ON 6 GRTST 24HR 0.62 ON 19-19 TO 1/4 MILE OR LESS
LOWEST: 24 ON 28 3 = THUNDER
SNOW, ICE PELLETS, HAIL 4 = ICE PELLETS
TOTAL MONTH: 1.8 INCHES 5 = HAIL
GRTST 24HR 1.2 ON 24-24 6 = FREEZING RAIN OR DRIZZLE
GRTST DEPTH: 1 ON 24 7 = DUSTSTORM OR SANDSTORM:
VSBY 1/2 MILE OR LESS
8 = SMOKE OR HAZE
[NO. OF DAYS WITH] [WEATHER - DAYS WITH] 9 = BLOWING SNOW
X = TORNADO
MAX 32 OR BELOW: 0 0.01 INCH OR MORE: 6
MAX 90 OR ABOVE: 0 0.10 INCH OR MORE: 5
MIN 32 OR BELOW: 14 0.50 INCH OR MORE: 1
MIN 0 OR BELOW: 0 1.00 INCH OR MORE: 0
[HDD (BASE 65) ]
TOTAL THIS MO. 637 CLEAR (SCALE 0-3) 17
DPTR FM NORMAL -61 PTCLDY (SCALE 4-7) 8
TOTAL FM JUL 1 939 CLOUDY (SCALE 8-10) 5
DPTR FM NORMAL -157
[CDD (BASE 65) ]
TOTAL THIS MO. 0
DPTR FM NORMAL 0 [PRESSURE DATA]
TOTAL FM JAN 1 1623 HIGHEST SLP M ON M
DPTR FM NORMAL 203 LOWEST SLP 29.64 ON 6
[REMARKS]
#FINAL-11-23#