000
CXUS56 KSLC 010810
CF6SLC
PRELIMINARY LOCAL CLIMATOLOGICAL DATA (WS FORM: F-6)
STATION: SALT LAKE CITY UT
MONTH: AUGUST
YEAR: 2023
LATITUDE: 40 46 N
LONGITUDE: 111 58 W
TEMPERATURE IN F: :PCPN: SNOW: WIND :SUNSHINE: SKY :PK WND
================================================================================
1 2 3 4 5 6A 6B 7 8 9 10 11 12 13 14 15 16 17 18
12Z AVG MX 2MIN
DY MAX MIN AVG DEP HDD CDD WTR SNW DPTH SPD SPD DIR MIN PSBL S-S WX SPD DR
================================================================================
1 91 70 81 -1 0 16 T 0.0 0 12.4 30 80 M M 3 3 44 70
2 78 64 71 -11 0 6 1.31 0.0 0 6.7 30 190 M M 6 13 47 170
3 83 62 73 -9 0 8 0.33 0.0 0 12.2 36 110 M M 7 13 45 110
4 86 61 74 -8 0 9 0.00 0.0 0 8.5 33 350 M M 1 45 350
5 89 64 77 -5 0 12 0.00 0.0 0 7.5 20 330 M M 0 25 330
6 89 66 78 -4 0 13 0.00 0.0 0 7.3 24 110 M M 0 31 110
7 88 66 77 -5 0 12 0.00 0.0 0 6.0 18 330 M M 2 33 340
8 82 64 73 -8 0 8 0.01 0.0 0 10.0 29 340 M M 2 3 38 330
9 88 63 76 -5 0 11 0.00 0.0 0 4.9 13 340 M M 0 18 340
10 94 71 83 2 0 18 0.00 0.0 0 8.9 20 180 M M 1 26 170
11 93 72 83 2 0 18 0.00 0.0 0 8.6 21 180 M M 0 28 180
12 93 73 83 3 0 18 0.01 0.0 0 7.4 21 160 M M 2 28 170
13 93 69 81 1 0 16 0.00 0.0 0 6.4 13 340 M M 0 19 340
14 95 65 80 0 0 15 0.00 0.0 0 4.8 16 350 M M 0 23 360
15 97 73 85 5 0 20 0.00 0.0 0 7.4 16 160 M M 0 27 170
16 96 72 84 5 0 19 0.00 0.0 0 7.3 22 190 M M 3 31 180
17 98 74 86 7 0 21 0.27 0.0 0 10.1 44 260 M M 5 38 69 320
18 94 75 85 6 0 20 0.00 0.0 0 10.7 31 180 M M 7 43 170
19 89 62 76 -3 0 11 0.48 0.0 M 9.8 35 160 M M 8 13 48 150
20 83 67 75 -3 0 10 T 0.0 0 8.4 29 170 M M 9 3 42 170
21 87 70 79 1 0 14 0.01 0.0 0 15.1 37 160 M M 8 49 170
22 75 65 70 -8 0 5 0.15 0.0 M 11.0 28 170 M M 7 1 36 180
23 88 65 77 0 0 12 0.18 0.0 0 7.9 29 310 M M 2 13 39 310
24 87 67 77 0 0 12 0.00 0.0 0 6.7 17 110 M M 1 24 110
25 93 68 81 4 0 16 0.00 0.0 0 7.4 14 180 M M 0 17 160
26 95 74 85 9 0 20 T 0.0 0 8.3 18 240 M M 1 23 230
27 93 71 82 6 0 17 0.00 0.0 0 6.7 17 140 M M 1 23 160
28 96 68 82 6 0 17 0.00 0.0 0 5.9 15 360 M M 0 20 360
29 100 69 85 9 0 20 0.00 0.0 0 11.5 24 170 M M 0 32 180
30 87 64 76 1 0 11 0.00 0.0 0 6.0 15 350 M M 0 19 350
31 95 60 78 3 0 13 T 0.0 0 7.0 22 170 M M 0 35 180
================================================================================
SM 2795 2094 0 438 2.75 0.0 258.8 M 76
================================================================================
AV 90.2 67.5 8.3 FASTST M M 2 MAX(MPH)
MISC ----> 44 260 69 320
================================================================================
NOTES:
# LAST OF SEVERAL OCCURRENCES
COLUMN 17 PEAK WIND IN M.P.H.
PRELIMINARY LOCAL CLIMATOLOGICAL DATA (WS FORM: F-6) , PAGE 2
STATION: SALT LAKE CITY UT
MONTH: AUGUST
YEAR: 2023
LATITUDE: 40 46 N
LONGITUDE: 111 58 W
[TEMPERATURE DATA] [PRECIPITATION DATA] SYMBOLS USED IN COLUMN 16
AVERAGE MONTHLY: 78.9 TOTAL FOR MONTH: 2.75 1 = FOG OR MIST
DPTR FM NORMAL: -0.2 DPTR FM NORMAL: 2.17 2 = FOG REDUCING VISIBILITY
HIGHEST: 100 ON 29 GRTST 24HR 1.39 ON 2- 3 TO 1/4 MILE OR LESS
LOWEST: 60 ON 31 3 = THUNDER
SNOW, ICE PELLETS, HAIL 4 = ICE PELLETS
TOTAL MONTH: 0.0 INCH 5 = HAIL
GRTST 24HR 0.0 6 = FREEZING RAIN OR DRIZZLE
GRTST DEPTH: 0 7 = DUSTSTORM OR SANDSTORM:
VSBY 1/2 MILE OR LESS
8 = SMOKE OR HAZE
[NO. OF DAYS WITH] [WEATHER - DAYS WITH] 9 = BLOWING SNOW
X = TORNADO
MAX 32 OR BELOW: 0 0.01 INCH OR MORE: 9
MAX 90 OR ABOVE: 16 0.10 INCH OR MORE: 6
MIN 32 OR BELOW: 0 0.50 INCH OR MORE: 1
MIN 0 OR BELOW: 0 1.00 INCH OR MORE: 1
[HDD (BASE 65) ]
TOTAL THIS MO. 0 CLEAR (SCALE 0-3) 22
DPTR FM NORMAL -2 PTCLDY (SCALE 4-7) 8
TOTAL FM JUL 1 0 CLOUDY (SCALE 8-10) 1
DPTR FM NORMAL -1
[CDD (BASE 65) ]
TOTAL THIS MO. 438
DPTR FM NORMAL -3 [PRESSURE DATA]
TOTAL FM JAN 1 1418 HIGHEST SLP M ON M
DPTR FM NORMAL 175 LOWEST SLP 29.56 ON 31
[REMARKS]
#FINAL-08-23#