000
CXUS56 KPQR 011201
CF6SLE
PRELIMINARY LOCAL CLIMATOLOGICAL DATA (WS FORM: F-6)
STATION: SALEM OR
MONTH: OCTOBER
YEAR: 2023
LATITUDE: 44 55 N
LONGITUDE: 123 0 W
TEMPERATURE IN F: :PCPN: SNOW: WIND :SUNSHINE: SKY :PK WND
================================================================================
1 2 3 4 5 6A 6B 7 8 9 10 11 12 13 14 15 16 17 18
12Z AVG MX 2MIN
DY MAX MIN AVG DEP HDD CDD WTR SNW DPTH SPD SPD DIR MIN PSBL S-S WX SPD DR
================================================================================
1 70 41 56 -4 9 0 0.00 M M 3.2 13 30 M M 0 16 10
2 61 47 54 -5 11 0 0.14 M M 8.3 17 170 M M 9 1 23 170
3 71 51 61 2 4 0 0.02 M M 3.6 12 290 M M 7 1 16 280
4 69 50 60 2 5 0 0.00 M M 5.6 14 30 M M 5 18 40
5 79 52 66 8 0 1 0.00 M M 6.2 16 360 M M 2 18 20 10
6 87 52 70 12 0 5 0.00 M M 4.7 17 340 M M 0 20 360
7 84 52 68 11 0 3 0.00 M M 1.4 8 250 M M 0 10 260
8 80 48 64 7 1 0 0.00 M M 2.5 10 180 M M 0 12 180
9 64 50 57 0 8 0 0.15 M M 6.5 18 170 M M 5 1 23 160
10 64 53 59 3 6 0 0.52 M M 11.9 23 170 M M 8 1 34 180
11 64 53 59 3 6 0 0.38 M M 12.5 23 180 M M 9 1 31 190
12 69 48 59 3 6 0 0.00 M M 4.0 13 50 M M 5 17 20
13 64 44 54 -1 11 0 0.07 M M 2.3 12 200 M M 5 1 14 220
14 62 52 57 2 8 0 0.01 M M 2.3 9 140 M M 8 1 10 150
15 70 53 62 8 3 0 0.00 M M 2.3 7 320 M M 4 12 9 340
16 68 50 59 5 6 0 0.36 M M 8.1 18 250 M M 6 1 24 190
17 66 47 57 3 8 0 0.00 M M 2.1 8 350 M M 4 12 10 40
18 69 47 58 4 7 0 0.00 M M 1.6 7 350 M M 4 128 9 340
19 68 47 58 5 7 0 0.00 M M 1.7 8 340 M M 4 128 9 340
20 65 49 57 4 8 0 0.00 M M 3.2 12 20 M M 8 12 14 20
21 60 56 58 5 7 0 T M M 2.6 9 190 M M 10 1 10 200
22 63 55 59 7 6 0 0.01 M M 1.9 8 340 M M 10 1 10 340
23 57 50 54 2 11 0 0.00 M M 5.2 14 310 M M 10 8 17 320
24 52 48 50 -2 15 0 0.77 M M 7.5 20 190 M M 9 1 25 180
25 48 38 43 -8 22 0 0.30 M M 7.9 17 180 M M 8 18 22 200
26 54 36 45 -6 20 0 0.00 M M 4.4 12 190 M M 9 12 14 160
27 54 34 44 -7 21 0 0.00 M M 8.2 17 360 M M 5 1 21 360
28 54 29 42 -9 23 0 0.00 M M 6.2 17 360 M M 0 22 350
29 58 29 44 -6 21 0 0.00 M M 4.6 13 360 M M 0 15 360
30 59 30 45 -5 20 0 0.00 M M 3.1 12 360 M M 0 13 360
31 59 32 46 -4 19 0 0.00 M M 0.6 6 40 M M 1 8 60
================================================================================
SM 2012 1423 299 9 2.73 M 146.2 M 155
================================================================================
AV 64.9 45.9 4.7 FASTST M M 5 MAX(MPH)
MISC ----> # 23 170 34 180
================================================================================
NOTES:
# LAST OF SEVERAL OCCURRENCES
COLUMN 17 PEAK WIND IN M.P.H.
PRELIMINARY LOCAL CLIMATOLOGICAL DATA (WS FORM: F-6) , PAGE 2
STATION: SALEM OR
MONTH: OCTOBER
YEAR: 2023
LATITUDE: 44 55 N
LONGITUDE: 123 0 W
[TEMPERATURE DATA] [PRECIPITATION DATA] SYMBOLS USED IN COLUMN 16
AVERAGE MONTHLY: 55.4 TOTAL FOR MONTH: 2.73 1 = FOG OR MIST
DPTR FM NORMAL: 1.1 DPTR FM NORMAL: -0.74 2 = FOG REDUCING VISIBILITY
HIGHEST: 87 ON 6 GRTST 24HR 0.98 ON 24-25 TO 1/4 MILE OR LESS
LOWEST: 29 ON 29,28 3 = THUNDER
SNOW, ICE PELLETS, HAIL 4 = ICE PELLETS
TOTAL MONTH: M 5 = HAIL
GRTST 24HR M ON M 6 = FREEZING RAIN OR DRIZZLE
GRTST DEPTH: M ON M 7 = DUSTSTORM OR SANDSTORM:
VSBY 1/2 MILE OR LESS
8 = SMOKE OR HAZE
[NO. OF DAYS WITH] [WEATHER - DAYS WITH] 9 = BLOWING SNOW
X = TORNADO
MAX 32 OR BELOW: 0 0.01 INCH OR MORE: 11
MAX 90 OR ABOVE: 0 0.10 INCH OR MORE: 7
MIN 32 OR BELOW: 4 0.50 INCH OR MORE: 2
MIN 0 OR BELOW: 0 1.00 INCH OR MORE: 0
[HDD (BASE 65) ]
TOTAL THIS MO. 299 CLEAR (SCALE 0-3) 9
DPTR FM NORMAL -33 PTCLDY (SCALE 4-7) 13
TOTAL FM JUL 1 376 CLOUDY (SCALE 8-10) 9
DPTR FM NORMAL -68
[CDD (BASE 65) ]
TOTAL THIS MO. 9
DPTR FM NORMAL 7 [PRESSURE DATA]
TOTAL FM JAN 1 636 HIGHEST SLP 30.46 ON 28
DPTR FM NORMAL 235 LOWEST SLP 29.51 ON 10
[REMARKS]
#FINAL-10-23#