000
CXUS51 KBTV 110242
CF6SLK
PRELIMINARY LOCAL CLIMATOLOGICAL DATA (WS FORM: F-6)
STATION: SARANAC LAKE NY
MONTH: APRIL
YEAR: 2021
LATITUDE: 44 23 N
LONGITUDE: 74 12 W
TEMPERATURE IN F: :PCPN: SNOW: WIND :SUNSHINE: SKY :PK WND
================================================================================
1 2 3 4 5 6A 6B 7 8 9 10 11 12 13 14 15 16 17 18
12Z AVG MX 2MIN
DY MAX MIN AVG DEP HDD CDD WTR SNW DPTH SPD SPD DIR MIN PSBL S-S WX SPD DR
================================================================================
1 35 15 25 -6 40 0 0.14 M M 5.8 15 20 M M 10 1 26 340
2 29 9 19 -12 46 0 T M M 4.8 14 290 M M 6 8 24 280
3 44 2 23 -9 42 0 0.00 M M 3.6 14 230 M M 0 18 220
4 50 22 36 4 29 0 0.00 M M 3.3 12 320 M M 7 20 340
5 50 20 35 2 30 0 0.00 M M 3.4 15 290 M M 0 27 300
6 57 16 37 4 28 0 0.00 M M 3.0 12 320 M M 0 18 320
7 60 25 43 9 22 0 0.00 M M 4.9 16 40 M M 3 22 60
8 72 26 49 15 16 0 0.00 M M 3.5 15 60 M M 2 12 19 60
9 73 28 51 16 14 0 0.00 M M 4.2 18 210 M M 4 24 220
10 76 34 55 19 10 0 0.00 M M 3.0 10 230 M M 2 15 250
11 71 32 52 16 13 0 0.00 M M 7.0 21 50 M M 1 27 50
12 60 46 53 17 12 0 T M M 6.7 18 80 M M 6 25 150
13 63 38 51 14 14 0 T M M 2.5 10 360 M M 8 16 240
14 66 33 50 12 15 0 0.00 M M 2.4 13 240 M M 5 22 220
15 47 32 40 2 25 0 0.80 M M 2.3 12 240 M M 10 1 16 240
16 40 32 36 -2 29 0 0.18 M M 7.8 17 50 M M 10 1 24 30
17 45 30 38 -1 27 0 0.01 M M 2.8 10 30 M M 9 1 14 20
18 51 32 42 2 23 0 0.10 M M 1.8 12 250 M M 10 1 17 270
19 58 29 44 4 21 0 0.00 M M 5.0 17 240 M M 5 1 27 250
20 47 30 39 -1 26 0 0.04 M M 10.0 26 230 M M 8 1 36 210
21 34 23 29 -12 36 0 0.30 M M 5.3 13 360 M M 10 12 19 20
22 34 20 27 -14 38 0 0.03 M M 8.4 20 260 M M 10 128 35 250
23 50 30 40 -2 25 0 T M M 10.0 22 230 M M 4 30 240
24 62 26 44 2 21 0 0.00 M M 6.0 17 230 M M 2 25 230
25 51 28 40 -3 25 0 0.10 M M 4.4 13 290 M M 9 1 23 300
26 43 25 34 -9 31 0 0.00 M M 8.1 16 320 M M 6 31 300
27 61 21 41 -3 24 0 0.03 M M 2.0 12 210 M M 5 1 14 290
28 60 43 52 8 13 0 0.45 M M 4.5 14 70 M M 9 1 17 60
29 55 45 50 6 15 0 0.39 M M 2.1 8 100 M M 10 1 10 100
30 50 30 40 -5 25 0 0.88 M M 7.0 16 270 M M 10 1 27 280
================================================================================
SM 1594 822 735 0 3.45 M 145.6 M 181
================================================================================
AV 53.1 27.4 4.9 FASTST M M 6 MAX(MPH)
MISC ----> 26 230 36 210
================================================================================
NOTES:
# LAST OF SEVERAL OCCURRENCES
COLUMN 17 PEAK WIND IN M.P.H.
PRELIMINARY LOCAL CLIMATOLOGICAL DATA (WS FORM: F-6) , PAGE 2
STATION: SARANAC LAKE NY
MONTH: APRIL
YEAR: 2021
LATITUDE: 44 23 N
LONGITUDE: 74 12 W
[TEMPERATURE DATA] [PRECIPITATION DATA] SYMBOLS USED IN COLUMN 16
AVERAGE MONTHLY: 40.3 TOTAL FOR MONTH: 3.45 1 = FOG OR MIST
DPTR FM NORMAL: 2.1 DPTR FM NORMAL: 0.36 2 = FOG REDUCING VISIBILITY
HIGHEST: 76 ON 10 GRTST 24HR 1.12 ON 29-30 TO 1/4 MILE OR LESS
LOWEST: 2 ON 3 3 = THUNDER
SNOW, ICE PELLETS, HAIL 4 = ICE PELLETS
TOTAL MONTH: M 5 = HAIL
GRTST 24HR M ON M 6 = FREEZING RAIN OR DRIZZLE
GRTST DEPTH: M ON M 7 = DUSTSTORM OR SANDSTORM:
VSBY 1/2 MILE OR LESS
8 = SMOKE OR HAZE
[NO. OF DAYS WITH] [WEATHER - DAYS WITH] 9 = BLOWING SNOW
X = TORNADO
MAX 32 OR BELOW: 1 0.01 INCH OR MORE: 13
MAX 90 OR ABOVE: 0 0.10 INCH OR MORE: 9
MIN 32 OR BELOW: 24 0.50 INCH OR MORE: 2
MIN 0 OR BELOW: 0 1.00 INCH OR MORE: 0
[HDD (BASE 65) ]
TOTAL THIS MO. 735 CLEAR (SCALE 0-3) 8
DPTR FM NORMAL -71 PTCLDY (SCALE 4-7) 10
TOTAL FM JUL 1 8164 CLOUDY (SCALE 8-10) 12
DPTR FM NORMAL -488
[CDD (BASE 65) ]
TOTAL THIS MO. 0
DPTR FM NORMAL 0 [PRESSURE DATA]
TOTAL FM JAN 1 0 HIGHEST SLP 30.32 ON 3
DPTR FM NORMAL 0 LOWEST SLP 29.29 ON 30
[REMARKS]
#FINAL-04-21#