000
CXUS56 KLOX 011655
CF6SMX
PRELIMINARY LOCAL CLIMATOLOGICAL DATA (WS FORM: F-6)
STATION: SANTA MARIA AIRPORT CA
MONTH: SEPTEMBER
YEAR: 2020
LATITUDE: 34 54 N
LONGITUDE: 120 27 W
TEMPERATURE IN F: :PCPN: SNOW: WIND :SUNSHINE: SKY :PK WND
================================================================================
1 2 3 4 5 6A 6B 7 8 9 10 11 12 13 14 15 16 17 18
12Z AVG MX 2MIN
DY MAX MIN AVG DEP HDD CDD WTR SNW DPTH SPD SPD DIR MIN PSBL S-S WX SPD DR
================================================================================
1 72 57 65 1 0 0 0.00 0.0 0 4.2 14 320 M M 6 M M
2 70 56 63 -1 2 0 0.00 0.0 0 6.8 M M M M 5 18 M M
3 72 54 63 -1 2 0 0.00 0.0 0 5.8 18 300 M M 4 18 21 310
4 76 54 65 1 0 0 0.00 0.0 0 4.1 13 330 M M 3 18 17 340
5 89 55 72 8 0 7 0.00 0.0 0 3.7 10 300 M M 1 18 M M
6 103 60 82 18 0 17 0.00 0.0 0 3.2 15 330 M M 0 8 18 260
7 95 60 78 14 0 13 0.00 0.0 0 3.4 14 280 M M 0 8 18 290
8 71 59 65 1 0 0 0.00 0.0 0 4.4 18 160 M M 6 18 21 150
9 69 57 63 -1 2 0 0.00 0.0 0 2.4 9 280 M M 8 128 11 290
10 62 53 58 -6 7 0 0.00 0.0 0 1.4 8 310 M M 9 128 11 310
11 72 53 63 -1 2 0 0.00 0.0 0 2.5 10 300 M M 7 128 13 300
12 72 51 62 -1 3 0 0.00 0.0 0 3.0 12 300 M M 6 128 17 320
13 68 53 61 -2 4 0 0.00 0.0 0 4.0 13 290 M M 6 128 19 350
14 70 53 62 -1 3 0 0.00 0.0 0 3.8 13 290 M M 7 128 19 300
15 74 50 62 -1 3 0 0.00 0.0 0 3.4 12 290 M M 6 128 14 270
16 78 52 65 2 0 0 0.00 0.0 0 3.2 12 290 M M 5 128 15 290
17 83 50 67 4 0 2 0.00 0.0 0 4.5 15 310 M M 6 128 17 300
18 79 57 68 5 0 3 0.00 0.0 0 8.9 25 300 M M 4 18 32 300
19 76 54 65 2 0 0 0.00 0.0 0 7.6 23 290 M M 5 12 28 290
20 76 52 64 1 1 0 0.00 0.0 0 4.4 13 310 M M 6 128 M M
21 71 53 62 -1 3 0 0.00 0.0 0 3.8 14 330 M M 7 128 M M
22 79 52 66 3 0 1 0.00 0.0 0 4.7 20 320 M M 7 128 23 310
23 81 52 67 4 0 2 0.00 0.0 0 4.0 14 330 M M 0 18 19 290
24 85 54 70 7 0 5 0.00 0.0 0 8.3 28 300 M M 0 34 300
25 74 55 65 2 0 0 0.00 0.0 0 7.3 24 320 M M 0 18 35 290
26 82 52 67 4 0 2 0.00 0.0 0 5.8 22 320 M M 0 18 24 330
27 79 56 68 5 0 3 0.00 0.0 0 4.5 12 310 M M 2 18 18 330
28 75 59 67 4 0 2 0.00 0.0 0 3.9 12 290 M M 7 128 15 300
29 77 53 65 3 0 0 0.00 0.0 0 3.6 12 300 M M 7 12 14 320
30 82 53 68 6 0 3 0.00 0.0 0 3.2 13 300 M M 3 128 16 300
================================================================================
SM 2312 1629 32 60 0.00 0.0 133.8 M 133
================================================================================
AV 77.1 54.3 4.5 FASTST M M 4 MAX(MPH)
MISC ----> # 28 300 # 35 290
================================================================================
NOTES:
# LAST OF SEVERAL OCCURRENCES
COLUMN 17 PEAK WIND IN M.P.H.
PRELIMINARY LOCAL CLIMATOLOGICAL DATA (WS FORM: F-6) , PAGE 2
STATION: SANTA MARIA AIRPORT CA
MONTH: SEPTEMBER
YEAR: 2020
LATITUDE: 34 54 N
LONGITUDE: 120 27 W
[TEMPERATURE DATA] [PRECIPITATION DATA] SYMBOLS USED IN COLUMN 16
AVERAGE MONTHLY: 65.7 TOTAL FOR MONTH: 0.00 1 = FOG OR MIST
DPTR FM NORMAL: 2.5 DPTR FM NORMAL: -0.14 2 = FOG REDUCING VISIBILITY
HIGHEST: 103 ON 6 GRTST 24HR 0.00 ON 30-30 TO 1/4 MILE OR LESS
LOWEST: 50 ON 17,15 3 = THUNDER
SNOW, ICE PELLETS, HAIL 4 = ICE PELLETS
TOTAL MONTH: 0.0 INCH 5 = HAIL
GRTST 24HR 0.0 6 = FREEZING RAIN OR DRIZZLE
GRTST DEPTH: 0 7 = DUSTSTORM OR SANDSTORM:
VSBY 1/2 MILE OR LESS
8 = SMOKE OR HAZE
[NO. OF DAYS WITH] [WEATHER - DAYS WITH] 9 = BLOWING SNOW
X = TORNADO
MAX 32 OR BELOW: 0 0.01 INCH OR MORE: 0
MAX 90 OR ABOVE: 2 0.10 INCH OR MORE: 0
MIN 32 OR BELOW: 0 0.50 INCH OR MORE: 0
MIN 0 OR BELOW: 0 1.00 INCH OR MORE: 0
[HDD (BASE 65) ]
TOTAL THIS MO. 32 CLEAR (SCALE 0-3) 8
DPTR FM NORMAL -49 PTCLDY (SCALE 4-7) 20
TOTAL FM JUL 1 92 CLOUDY (SCALE 8-10) 2
DPTR FM NORMAL -125
[CDD (BASE 65) ]
TOTAL THIS MO. 60
DPTR FM NORMAL 33 [PRESSURE DATA]
TOTAL FM JAN 1 214 HIGHEST SLP 30.08 ON 15
DPTR FM NORMAL 132 LOWEST SLP 29.67 ON 8
[REMARKS]
#FINAL-09-20#