000
CXUS56 KSGX 281045
CF6SNA
PRELIMINARY LOCAL CLIMATOLOGICAL DATA (WS FORM: F-6)
STATION: JOHN WAYNE AIRPORT CA
MONTH: MARCH
YEAR: 2024
LATITUDE: 33 40 N
LONGITUDE: 117 53 W
TEMPERATURE IN F: :PCPN: SNOW: WIND :SUNSHINE: SKY :PK WND
================================================================================
1 2 3 4 5 6A 6B 7 8 9 10 11 12 13 14 15 16 17 18
12Z AVG MX 2MIN
DY MAX MIN AVG DEP HDD CDD WTR SNW DPTH SPD SPD DIR MIN PSBL S-S WX SPD DR
================================================================================
1 66 57 62 3 3 0 0.00 M M 6.3 16 200 M M 7 20 220
2 65 54 60 1 5 0 0.35 M M 7.6 20 190 M M 8 18 24 190
3 63 53 58 -1 7 0 0.09 M M 5.5 15 230 M M 7 1 21 280
4 63 52 58 -1 7 0 0.00 M M 5.7 15 200 M M 4 21 180
5 64 50 57 -2 8 0 0.00 M M 2.7 10 240 M M 4 8 14 220
6 65 53 59 0 6 0 0.72 M M 6.4 20 190 M M 7 13 24 190
7 64 50 57 -2 8 0 0.00 M M 4.7 16 200 M M 5 21 200
8 67 50 59 0 6 0 0.00 M M 4.0 15 200 M M 1 20 200
9 68 50 59 -1 6 0 0.00 M M 3.9 15 190 M M 3 17 200
10 70 50 60 0 5 0 0.00 M M 3.6 10 220 M M 4 14 200
11 65 53 59 -1 6 0 0.00 M M 4.6 14 210 M M 4 20 230
12 66 55 61 1 4 0 0.00 M M 4.7 15 180 M M 7 20 180
13 67 56 62 2 3 0 0.00 M M 5.6 14 200 M M 7 18 210
14 72 54 63 3 2 0 T M M 17.2 33 30 M M 2 50 30
15 67 54 61 1 4 0 T M M 9.2 24 60 M M 6 3 32 50
16 67 56 62 2 3 0 0.00 M M 5.0 15 210 M M 6 19 190
17 67 52 60 0 5 0 0.00 M M 4.6 12 190 M M 3 16 210
18 71 53 62 2 3 0 0.03 M M 3.4 16 190 M M 3 3 19 200
19 71 52 62 2 3 0 0.00 M M 5.1 14 200 M M 1 19 190
20 69 57 63 3 2 0 0.00 M M 4.6 15 200 M M 4 18 18 190
21 69 57 63 3 2 0 0.00 M M 4.7 13 200 M M 6 21 210
22 68 57 63 3 2 0 0.00 M M 5.2 14 200 M M 8 1 18 210
23 63 56 60 0 5 0 0.26 M M 8.4 16 230 M M 7 18 24 270
24 63 54 59 -1 6 0 T M M 6.9 17 240 M M 5 26 220
25 65 49 57 -4 8 0 0.00 M M 6.5 17 190 M M 4 23 180
26 66 55 61 0 4 0 0.00 M M 7.0 16 200 M M 5 21 180
27 67 52 60 -1 5 0 0.00 M M 5.1 13 210 M M 4 18 200
================================================================================
SM 1798 1441 128 0 1.45 M 158.2 M 132
================================================================================
AV 66.6 53.4 5.9 FASTST M M 5 MAX(MPH)
MISC ----> 33 30 50 30
================================================================================
NOTES:
# LAST OF SEVERAL OCCURRENCES
COLUMN 17 PEAK WIND IN M.P.H.
PRELIMINARY LOCAL CLIMATOLOGICAL DATA (WS FORM: F-6) , PAGE 2
STATION: JOHN WAYNE AIRPORT CA
MONTH: MARCH
YEAR: 2024
LATITUDE: 33 40 N
LONGITUDE: 117 53 W
[TEMPERATURE DATA] [PRECIPITATION DATA] SYMBOLS USED IN COLUMN 16
AVERAGE MONTHLY: 60.0 TOTAL FOR MONTH: 1.45 1 = FOG OR MIST
DPTR FM NORMAL: 0.2 DPTR FM NORMAL: -0.03 2 = FOG REDUCING VISIBILITY
HIGHEST: 72 ON 14 GRTST 24HR 0.72 ON 6- 6 TO 1/4 MILE OR LESS
LOWEST: 49 ON 25 3 = THUNDER
SNOW, ICE PELLETS, HAIL 4 = ICE PELLETS
TOTAL MONTH: M 5 = HAIL
GRTST 24HR M ON M 6 = FREEZING RAIN OR DRIZZLE
GRTST DEPTH: M ON M 7 = DUSTSTORM OR SANDSTORM:
VSBY 1/2 MILE OR LESS
8 = SMOKE OR HAZE
[NO. OF DAYS WITH] [WEATHER - DAYS WITH] 9 = BLOWING SNOW
X = TORNADO
MAX 32 OR BELOW: 0 0.01 INCH OR MORE: 5
MAX 90 OR ABOVE: 0 0.10 INCH OR MORE: 3
MIN 32 OR BELOW: 0 0.50 INCH OR MORE: 1
MIN 0 OR BELOW: 0 1.00 INCH OR MORE: 0
[HDD (BASE 65) ]
TOTAL THIS MO. 128 CLEAR (SCALE 0-3) 4
DPTR FM NORMAL -21 PTCLDY (SCALE 4-7) 22
TOTAL FM JUL 1 651 CLOUDY (SCALE 8-10) 1
DPTR FM NORMAL -285
[CDD (BASE 65) ]
TOTAL THIS MO. 0
DPTR FM NORMAL 0 [PRESSURE DATA]
TOTAL FM JAN 1 3 HIGHEST SLP M ON M
DPTR FM NORMAL -11 LOWEST SLP 29.72 ON 15
[REMARKS]