000
CXUS56 KSGX 011045
CF6SNA
PRELIMINARY LOCAL CLIMATOLOGICAL DATA (WS FORM: F-6)
STATION: JOHN WAYNE AIRPORT CA
MONTH: AUGUST
YEAR: 2021
LATITUDE: 33 40 N
LONGITUDE: 117 53 W
TEMPERATURE IN F: :PCPN: SNOW: WIND :SUNSHINE: SKY :PK WND
================================================================================
1 2 3 4 5 6A 6B 7 8 9 10 11 12 13 14 15 16 17 18
12Z AVG MX 2MIN
DY MAX MIN AVG DEP HDD CDD WTR SNW DPTH SPD SPD DIR MIN PSBL S-S WX SPD DR
================================================================================
1 83 65 74 0 0 9 0.00 M M 5.4 13 220 M M 0 17 210
2 88 66 77 3 0 12 0.00 M M 5.8 14 220 M M 0 18 220
3 84 66 75 1 0 10 0.00 M M 5.7 13 190 M M 1 25 180
4 80 66 73 -1 0 8 0.00 M M 6.0 13 200 M M 1 8 16 220
5 80 67 74 0 0 9 0.00 M M 6.1 18 210 M M 1 23 210
6 78 68 73 -1 0 8 0.00 M M 7.7 16 190 M M 6 21 200
7 79 66 73 -1 0 8 0.00 M M 5.9 15 190 M M 6 19 190
8 82 68 75 1 0 10 0.00 M M 6.3 14 190 M M 6 18 200
9 83 68 76 2 0 11 0.00 M M 4.7 13 210 M M 3 17 220
10 83 67 75 1 0 10 0.00 M M 5.4 13 190 M M 5 8 17 200
11 88 71 80 6 0 15 T M M 4.6 12 190 M M 5 3 15 200
12 90 70 80 6 0 15 0.00 M M 5.1 13 200 M M 1 16 210
13 85 69 77 3 0 12 0.00 M M 6.3 16 200 M M 1 21 200
14 83 69 76 2 0 11 0.00 M M 4.7 12 200 M M 3 8 17 190
15 86 69 78 4 0 13 0.00 M M 5.8 13 200 M M 2 8 16 200
16 82 70 76 2 0 11 0.00 M M 6.6 20 210 M M 2 22 210
17 81 72 77 3 0 12 0.00 M M 8.0 18 210 M M 6 22 210
18 80 72 76 2 0 11 T M M 6.9 15 170 M M 10 8 19 220
19 82 70 76 2 0 11 0.00 M M 4.4 14 210 M M 4 17 220
20 80 70 75 1 0 10 0.00 M M 4.2 14 210 M M 6 17 210
21 76 68 72 -2 0 7 0.03 M M 5.1 12 180 M M 9 18 15 170
22 78 69 74 0 0 9 0.00 M M 3.2 13 220 M M 7 16 220
23 79 66 73 -1 0 8 0.00 M M 2.8 12 230 M M 3 17 220
24 80 66 73 -1 0 8 0.00 M M 3.7 13 210 M M 2 17 220
25 84 67 76 2 0 11 0.00 M M 3.5 10 260 M M 2 15 220
26 91 69 80 6 0 15 0.00 M M 3.7 12 210 M M 0 8 15 200
27 87 67 77 3 0 12 0.00 M M 5.3 13 210 M M 1 18 16 210
28 81 66 74 0 0 9 0.00 M M 5.8 18 200 M M 5 18 22 200
29 82 66 74 0 0 9 0.00 M M 4.9 15 190 M M 4 18 19 180
30 79 67 73 -1 0 8 0.00 M M 5.8 16 190 M M 4 18 21 190
31 79 69 74 0 0 9 T M M 6.8 17 190 M M 8 18 22 190
================================================================================
SM 2553 2109 0 321 0.03 M 166.2 M 114
================================================================================
AV 82.4 68.0 5.4 FASTST M M 4 MAX(MPH)
MISC ----> 20 210 25 180
================================================================================
NOTES:
# LAST OF SEVERAL OCCURRENCES
COLUMN 17 PEAK WIND IN M.P.H.
PRELIMINARY LOCAL CLIMATOLOGICAL DATA (WS FORM: F-6) , PAGE 2
STATION: JOHN WAYNE AIRPORT CA
MONTH: AUGUST
YEAR: 2021
LATITUDE: 33 40 N
LONGITUDE: 117 53 W
[TEMPERATURE DATA] [PRECIPITATION DATA] SYMBOLS USED IN COLUMN 16
AVERAGE MONTHLY: 75.2 TOTAL FOR MONTH: 0.03 1 = FOG OR MIST
DPTR FM NORMAL: 1.4 DPTR FM NORMAL: 0.02 2 = FOG REDUCING VISIBILITY
HIGHEST: 91 ON 26 GRTST 24HR 0.03 ON 21-21 TO 1/4 MILE OR LESS
LOWEST: 65 ON 1 3 = THUNDER
SNOW, ICE PELLETS, HAIL 4 = ICE PELLETS
TOTAL MONTH: M 5 = HAIL
GRTST 24HR M ON M 6 = FREEZING RAIN OR DRIZZLE
GRTST DEPTH: M ON M 7 = DUSTSTORM OR SANDSTORM:
VSBY 1/2 MILE OR LESS
8 = SMOKE OR HAZE
[NO. OF DAYS WITH] [WEATHER - DAYS WITH] 9 = BLOWING SNOW
X = TORNADO
MAX 32 OR BELOW: 0 0.01 INCH OR MORE: 1
MAX 90 OR ABOVE: 2 0.10 INCH OR MORE: 0
MIN 32 OR BELOW: 0 0.50 INCH OR MORE: 0
MIN 0 OR BELOW: 0 1.00 INCH OR MORE: 0
[HDD (BASE 65) ]
TOTAL THIS MO. 0 CLEAR (SCALE 0-3) 14
DPTR FM NORMAL 0 PTCLDY (SCALE 4-7) 14
TOTAL FM JUL 1 0 CLOUDY (SCALE 8-10) 3
DPTR FM NORMAL 0
[CDD (BASE 65) ]
TOTAL THIS MO. 321
DPTR FM NORMAL 50 [PRESSURE DATA]
TOTAL FM JAN 1 917 HIGHEST SLP 30.09 ON 14
DPTR FM NORMAL 211 LOWEST SLP 29.66 ON 27
[REMARKS]
#FINAL-08-21#