000
CXUS56 KSGX 011245
CF6SNA
PRELIMINARY LOCAL CLIMATOLOGICAL DATA (WS FORM: F-6)
STATION: JOHN WAYNE AIRPORT CA
MONTH: SEPTEMBER
YEAR: 2020
LATITUDE: 33 40 N
LONGITUDE: 117 53 W
TEMPERATURE IN F: :PCPN: SNOW: WIND :SUNSHINE: SKY :PK WND
================================================================================
1 2 3 4 5 6A 6B 7 8 9 10 11 12 13 14 15 16 17 18
12Z AVG MX 2MIN
DY MAX MIN AVG DEP HDD CDD WTR SNW DPTH SPD SPD DIR MIN PSBL S-S WX SPD DR
================================================================================
1 78 67 73 0 0 8 0.00 0.0 0 3.8 12 220 M M 4 16 230
2 79 66 73 0 0 8 0.00 0.0 0 3.9 12 210 M M 1 15 210
3 81 66 74 1 0 9 0.00 0.0 0 5.2 13 200 M M 3 8 16 190
4 86 67 77 4 0 12 0.00 0.0 0 3.4 12 210 M M 1 8 16 200
5 104 70 87 14 0 22 0.00 0.0 0 4.1 16 210 M M 2 21 260
6 105 74 90 17 0 25 0.00 0.0 0 4.6 13 190 M M 3 16 210
7 82 73 78 5 0 13 0.00 0.0 0 7.6 21 210 M M 6 24 200
8 79 73 76 4 0 11 T 0.0 0 5.5 14 190 M M 10 8 18 150
9 79 67 73 1 0 8 0.00 0.0 0 4.1 10 200 M M 5 128 13 190
10 85 64 75 3 0 10 0.00 0.0 0 2.0 8 220 M M 9 128 9 220
11 83 61 72 0 0 7 0.00 0.0 0 2.4 10 210 M M 7 128 13 210
12 84 63 74 2 0 9 0.00 0.0 0 2.6 9 220 M M 6 8 13 210
13 81 64 73 1 0 8 0.00 0.0 0 3.5 9 220 M M 6 18 12 210
14 85 64 75 3 0 10 0.00 0.0 0 3.6 10 200 M M 4 18 12 210
15 86 64 75 3 0 10 0.00 0.0 0 1.9 9 200 M M 4 18 11 210
16 91 64 78 6 0 13 0.00 0.0 0 M M M M M M M M
17 94 65 80 8 0 15 0.00 0.0 0 2.3 10 220 M M 3 14 290
18 90 68 79 8 0 14 0.00 0.0 0 4.7 13 220 M M 2 16 210
19 83 66 75 4 0 10 0.00 0.0 0 6.2 12 210 M M 1 15 270
20 78 66 72 1 0 7 0.00 0.0 0 5.1 15 210 M M 5 8 19 200
21 78 66 72 1 0 7 0.00 0.0 0 4.6 10 210 M M 4 18 16 220
22 80 66 73 2 0 8 0.00 0.0 0 3.3 12 210 M M 4 18 14 220
23 85 64 75 4 0 10 0.00 0.0 0 3.5 10 190 M M 1 8 13 210
24 82 64 73 3 0 8 0.00 0.0 0 4.7 14 190 M M 1 19 210
25 78 65 72 2 0 7 0.00 0.0 0 4.3 14 190 M M 4 17 180
26 78 67 73 3 0 8 0.00 0.0 0 4.7 13 190 M M 5 15 200
27 78 68 73 3 0 8 0.00 0.0 0 4.6 14 210 M M 8 17 200
28 86 68 77 7 0 12 0.00 0.0 0 3.5 13 200 M M 3 8 15 200
29 92 66 79 9 0 14 0.00 0.0 0 3.6 10 210 M M 3 128 14 220
30 100 67 84 14 0 19 0.00 0.0 0 3.6 13 210 M M 1 16 210
================================================================================
SM 2550 1993 0 330 T 0.0 116.9 M 116
================================================================================
AV 85.0 66.4 4.0 FASTST M M 4 MAX(MPH)
MISC ----> # 21 210 # 24 200
================================================================================
NOTES:
# LAST OF SEVERAL OCCURRENCES
COLUMN 17 PEAK WIND IN M.P.H.
PRELIMINARY LOCAL CLIMATOLOGICAL DATA (WS FORM: F-6) , PAGE 2
STATION: JOHN WAYNE AIRPORT CA
MONTH: SEPTEMBER
YEAR: 2020
LATITUDE: 33 40 N
LONGITUDE: 117 53 W
[TEMPERATURE DATA] [PRECIPITATION DATA] SYMBOLS USED IN COLUMN 16
AVERAGE MONTHLY: 75.7 TOTAL FOR MONTH: T 1 = FOG OR MIST
DPTR FM NORMAL: 4.2 DPTR FM NORMAL: -0.22 2 = FOG REDUCING VISIBILITY
HIGHEST: 105 ON 6 GRTST 24HR T ON 8- 8 TO 1/4 MILE OR LESS
LOWEST: 61 ON 11 3 = THUNDER
SNOW, ICE PELLETS, HAIL 4 = ICE PELLETS
TOTAL MONTH: 0.0 INCH 5 = HAIL
GRTST 24HR 0.0 6 = FREEZING RAIN OR DRIZZLE
GRTST DEPTH: 0 7 = DUSTSTORM OR SANDSTORM:
VSBY 1/2 MILE OR LESS
8 = SMOKE OR HAZE
[NO. OF DAYS WITH] [WEATHER - DAYS WITH] 9 = BLOWING SNOW
X = TORNADO
MAX 32 OR BELOW: 0 0.01 INCH OR MORE: 0
MAX 90 OR ABOVE: 7 0.10 INCH OR MORE: 0
MIN 32 OR BELOW: 0 0.50 INCH OR MORE: 0
MIN 0 OR BELOW: 0 1.00 INCH OR MORE: 0
[HDD (BASE 65) ]
TOTAL THIS MO. 0 CLEAR (SCALE 0-3) 11
DPTR FM NORMAL -1 PTCLDY (SCALE 4-7) 16
TOTAL FM JUL 1 0 CLOUDY (SCALE 8-10) 2
DPTR FM NORMAL -1
[CDD (BASE 65) ]
TOTAL THIS MO. 330
DPTR FM NORMAL 133 [PRESSURE DATA]
TOTAL FM JAN 1 1408 HIGHEST SLP 29.98 ON 16
DPTR FM NORMAL 640 LOWEST SLP 29.60 ON 8
[REMARKS]
#FINAL-09-20#