000
CXUS54 KMAF 011210
CF6SNK
PRELIMINARY LOCAL CLIMATOLOGICAL DATA (WS FORM: F-6)
STATION: SNYDER WINSTON FIELD
MONTH: NOVEMBER
YEAR: 2023
LATITUDE: 32 41 N
LONGITUDE: 100 57 W
TEMPERATURE IN F: :PCPN: SNOW: WIND :SUNSHINE: SKY :PK WND
================================================================================
1 2 3 4 5 6A 6B 7 8 9 10 11 12 13 14 15 16 17 18
12Z AVG MX 2MIN
DY MAX MIN AVG DEP HDD CDD WTR SNW DPTH SPD SPD DIR MIN PSBL S-S WX SPD DR
================================================================================
1 59 32 46 M 19 0 M M M 7.7 13 200 M M 0 20 200
2 67 39 53 M 12 0 M M M 9.1 15 190 M M 0 18 190
3 75 45 60 M 5 0 M M M 10.9 15 200 M M 0 21 220
4 79 48 64 M 1 0 M M M 8.2 16 220 M M 0 20 220
5 78 52 65 M 0 0 M M M 7.6 16 220 M M 0 1 20 220
6 85 51 68 M 0 3 M M M 8.3 15 230 M M 0 20 230
7 89 53 71 M 0 6 M M M 8.1 12 220 M M 0 21 230
8 88 58 73 M 0 8 M M M 10.5 21 30 M M 0 31 270
9 59 45 52 M 13 0 0.12 M M 14.0 21 50 M M 9 25 40
10 55 44 50 M 15 0 0.06 M M 8.9 13 40 M M 5 20 70
11 53 45 49 M 16 0 0.03 M M 4.3 9 350 M M 10 1 M M
12 58 46 52 M 13 0 M M M 2.6 7 200 M M 8 1 M M
13 58 48 53 M 12 0 M M M 4.7 10 140 M M 10 1 M M
14 57 48 53 M 12 0 M M M 4.6 9 240 M M 9 1 M M
15 63 48 56 M 9 0 M M M 4.1 8 240 M M 5 1 M M
16 69 47 58 M 7 0 M M M 8.9 15 220 M M 0 1 21 200
17 63 50 57 M 8 0 M M M 9.7 21 360 M M 1 25 350
18 61 51 56 M 9 0 M M M 6.4 14 180 M M 9 20 170
19 72 54 63 M 2 0 M M M 9.5 16 220 M M 6 1 25 220
20 65 46 56 M 9 0 M M M 12.5 22 350 M M 2 31 10
21 56 42 49 M 16 0 M M M 15.7 28 360 M M 4 37 10
22 62 36 49 M 16 0 M M M 3.9 8 170 M M 0 M M
23 65 35 50 M 15 0 M M M 7.2 10 150 M M 0 16 170
24 49 38 44 M 21 0 M M M 9.6 18 40 M M 6 22 40
25 52 38 45 M 20 0 M M M 9.8 15 20 M M 10 21 50
26 50 32 41 M 24 0 M M M 11.6 20 360 M M 2 8 25 360
27 53 29 41 M 24 0 M M M 3.6 8 160 M M 5 M M
28 59 36 48 M 17 0 M M M 5.9 13 230 M M 1 16 230
29 61 38 50 M 15 0 M M M 9.7 21 190 M M 3 30 190
30 68 46 57 M 8 0 M M M 11.2 23 260 M M 5 8 35 260
================================================================================
SM 1928 1320 338 17 0.21 M 249.0 M 110
================================================================================
AV 64.3 44.0 8.3 FASTST M M 4 MAX(MPH)
MISC ----> 28 360 37 10
================================================================================
NOTES:
# LAST OF SEVERAL OCCURRENCES
COLUMN 17 PEAK WIND IN M.P.H.
PRELIMINARY LOCAL CLIMATOLOGICAL DATA (WS FORM: F-6) , PAGE 2
STATION: SNYDER WINSTON FIELD
MONTH: NOVEMBER
YEAR: 2023
LATITUDE: 32 41 N
LONGITUDE: 100 57 W
[TEMPERATURE DATA] [PRECIPITATION DATA] SYMBOLS USED IN COLUMN 16
AVERAGE MONTHLY: 54.1 TOTAL FOR MONTH: 0.21 1 = FOG OR MIST
DPTR FM NORMAL: 0.0 DPTR FM NORMAL: M 2 = FOG REDUCING VISIBILITY
HIGHEST: 89 ON 7 GRTST 24HR 0.12 ON 9- 9 TO 1/4 MILE OR LESS
LOWEST: 29 ON 27 3 = THUNDER
SNOW, ICE PELLETS, HAIL 4 = ICE PELLETS
TOTAL MONTH: M 5 = HAIL
GRTST 24HR M ON M 6 = FREEZING RAIN OR DRIZZLE
GRTST DEPTH: M ON M 7 = DUSTSTORM OR SANDSTORM:
VSBY 1/2 MILE OR LESS
8 = SMOKE OR HAZE
[NO. OF DAYS WITH] [WEATHER - DAYS WITH] 9 = BLOWING SNOW
X = TORNADO
MAX 32 OR BELOW: 0 0.01 INCH OR MORE: 3
MAX 90 OR ABOVE: 0 0.10 INCH OR MORE: 1
MIN 32 OR BELOW: 3 0.50 INCH OR MORE: 0
MIN 0 OR BELOW: 0 1.00 INCH OR MORE: 0
[HDD (BASE 65) ]
TOTAL THIS MO. 338 CLEAR (SCALE 0-3) 16
DPTR FM NORMAL M PTCLDY (SCALE 4-7) 8
TOTAL FM JUL 1 464 CLOUDY (SCALE 8-10) 6
DPTR FM NORMAL M
[CDD (BASE 65) ]
TOTAL THIS MO. 17
DPTR FM NORMAL M [PRESSURE DATA]
TOTAL FM JAN 1 2782 HIGHEST SLP M ON M
DPTR FM NORMAL M LOWEST SLP M ON M
[REMARKS]
#FINAL-11-23#