000
CXAK56 PAFC 011020
CF6SNP
PRELIMINARY LOCAL CLIMATOLOGICAL DATA (WS FORM: F-6)
STATION: SAINT PAUL ISLAND
MONTH: MARCH
YEAR: 2022
LATITUDE: 57 9 N
LONGITUDE: 170 13 W
TEMPERATURE IN F: :PCPN: SNOW: WIND :SUNSHINE: SKY :PK WND
================================================================================
1 2 3 4 5 6A 6B 7 8 9 10 11 12 13 14 15 16 17 18
12Z AVG MX 2MIN
DY MAX MIN AVG DEP HDD CDD WTR SNW DPTH SPD SPD DIR MIN PSBL S-S WX SPD DR
================================================================================
1 34 30 32 7 33 0 T M M 21.5 38 80 M M 5 1 47 80
2 35 32 34 9 31 0 0.01 M M 12.7 32 90 M M 6 1 40 100
3 33 30 32 7 33 0 T M M M M M M M M M M
4 35 18 27 2 38 0 0.06 M M 9.1 20 270 M M 2 128 24 270
5 35 21 28 3 37 0 T M M 12.5 24 150 M M 1 1 31 140
6 36 30 33 8 32 0 0.00 M M 15.2 25 140 M M 1 1 32 150
7 33 22 28 3 37 0 T M M 11.7 18 70 M M 5 1 22 70
8 35 28 32 7 33 0 T M M 10.4 16 80 M M 10 12 20 80
9 32 29 31 6 34 0 T M M 18.1 25 40 M M 10 16 31 20
10 34 31 33 8 32 0 0.04 M M 17.8 26 60 M M 10 126 34 60
11 33 27 30 5 35 0 T M M 18.4 24 40 M M 10 1 30 70
12 31 28 30 5 35 0 T M M 17.6 26 40 M M 10 1 32 50
13 29 20 25 0 40 0 T M M 18.8 25 40 M M 10 18 31 40
14 31 19 25 0 40 0 0.02 M M 18.5 25 40 M M 7 1 31 40
15 25 18 22 -3 43 0 T M M 25.2 32 40 M M 7 8 39 10
16 21 20 21 -4 44 0 T M M 26.8 33 350 M M 10 41 340
17 23 12 18 -7 47 0 T M M 25.2 33 340 M M 10 40 350
18 13 10 12 -13 53 0 0.01 M M 30.8 41 360 M M 10 1289 50 10
19 16 11 14 -11 51 0 T M M 30.1 39 360 M M 10 46 360
20 21 8 15 -10 50 0 T M M 18.4 26 350 M M 1 34 350
21 24 8 16 -9 49 0 0.00 M M 8.4 14 40 M M 0 16 40
22 27 9 18 -7 47 0 0.00 M M 9.6 14 20 M M 0 16 20
23 25 17 21 -4 44 0 0.00 M M 13.9 21 350 M M 10 28 350
24 29 11 20 -5 45 0 T M M 11.4 23 310 M M 5 28 310
25 33 17 25 -1 40 0 0.00 M M 8.1 17 90 M M 1 21 90
26 25 19 22 -4 43 0 T M M 22.4 32 20 M M 10 1 39 20
27 26 21 24 -2 41 0 T M M 31.4 40 350 M M 10 1 47 350
28 26 20 23 -3 42 0 0.00 M M 16.1 30 350 M M 9 12 36 350
29 29 20 25 -1 40 0 0.09 M M 18.0 26 80 M M 10 16 32 90
30 38 28 33 7 32 0 0.08 M M 8.6 22 70 M M 8 12 27 70
31 36 28 32 6 33 0 0.01 M M 9.9 15 90 M M 8 1 19 90
================================================================================
SM 903 642 1234 0 0.32 M 516.6 M 206
================================================================================
AV 29.1 20.7 17.2 FASTST M M 7 MAX(MPH)
MISC ----> 41 360 50 10
================================================================================
NOTES:
# LAST OF SEVERAL OCCURRENCES
COLUMN 17 PEAK WIND IN M.P.H.
PRELIMINARY LOCAL CLIMATOLOGICAL DATA (WS FORM: F-6) , PAGE 2
STATION: SAINT PAUL ISLAND
MONTH: MARCH
YEAR: 2022
LATITUDE: 57 9 N
LONGITUDE: 170 13 W
[TEMPERATURE DATA] [PRECIPITATION DATA] SYMBOLS USED IN COLUMN 16
AVERAGE MONTHLY: 24.9 TOTAL FOR MONTH: 0.32 1 = FOG OR MIST
DPTR FM NORMAL: -0.2 DPTR FM NORMAL: -0.97 2 = FOG REDUCING VISIBILITY
HIGHEST: 38 ON 30 GRTST 24HR 0.17 ON 29-30 TO 1/4 MILE OR LESS
LOWEST: 8 ON 20,21 3 = THUNDER
SNOW, ICE PELLETS, HAIL 4 = ICE PELLETS
TOTAL MONTH: M 5 = HAIL
GRTST 24HR M ON M 6 = FREEZING RAIN OR DRIZZLE
GRTST DEPTH: M ON M 7 = DUSTSTORM OR SANDSTORM:
VSBY 1/2 MILE OR LESS
8 = SMOKE OR HAZE
[NO. OF DAYS WITH] [WEATHER - DAYS WITH] 9 = BLOWING SNOW
X = TORNADO
MAX 32 OR BELOW: 18 0.01 INCH OR MORE: 8
MAX 90 OR ABOVE: 0 0.10 INCH OR MORE: 0
MIN 32 OR BELOW: 31 0.50 INCH OR MORE: 0
MIN 0 OR BELOW: 0 1.00 INCH OR MORE: 0
[HDD (BASE 65) ]
TOTAL THIS MO. 1234 CLEAR (SCALE 0-3) 7
DPTR FM NORMAL -1 PTCLDY (SCALE 4-7) 7
TOTAL FM JUL 1 7930 CLOUDY (SCALE 8-10) 17
DPTR FM NORMAL -70
[CDD (BASE 65) ]
TOTAL THIS MO. 0
DPTR FM NORMAL 0 [PRESSURE DATA]
TOTAL FM JAN 1 0 HIGHEST SLP M ON M
DPTR FM NORMAL 0 LOWEST SLP 29.09 ON 30
[REMARKS]
#FINAL-03-22#