000
CXUS56 KPQR 011201
CF6SPB
PRELIMINARY LOCAL CLIMATOLOGICAL DATA (WS FORM: F-6)
STATION: SCAPPOOSE OR
MONTH: MAY
YEAR: 2023
LATITUDE: 45 46 N
LONGITUDE: 122 50 W
TEMPERATURE IN F: :PCPN: SNOW: WIND :SUNSHINE: SKY :PK WND
================================================================================
1 2 3 4 5 6A 6B 7 8 9 10 11 12 13 14 15 16 17 18
12Z AVG MX 2MIN
DY MAX MIN AVG DEP HDD CDD WTR SNW DPTH SPD SPD DIR MIN PSBL S-S WX SPD DR
================================================================================
1 59 47 53 -1 12 0 T M M 3.9 12 340 M M 9 16 340
2 68 53 61 7 4 0 T M M 6.0 13 10 M M 4 18 10
3 75 44 60 6 5 0 0.05 M M 5.3 20 360 M M 4 1 25 10
4 53 48 51 -4 14 0 0.46 M M 2.7 18 20 M M 8 13 24 10
5 59 49 54 -1 11 0 0.08 M M 3.6 10 230 M M 10 1 13 150
6 64 50 57 2 8 0 0.18 M M 3.1 13 360 M M 8 1 17 140
7 63 48 56 1 9 0 0.00 M M 3.5 13 300 M M 4 20 290
8 66 41 54 -2 11 0 0.03 M M 3.1 14 210 M M 5 18 220
9 68 39 54 -2 11 0 0.00 M M 4.0 9 20 M M 2 1 14 20
10 76 43 60 4 5 0 0.00 M M 4.7 14 310 M M 1 22 310
11 79 46 63 7 2 0 0.00 M M 2.3 7 10 M M 0 10 70
12 89 48 69 12 0 4 0.00 M M 2.0 7 300 M M 0 8 8 60
13 93 52 73 16 0 8 0.00 M M 4.4 12 100 M M 0 17 90
14 90 54 72 15 0 7 0.00 M M 5.9 17 150 M M 0 21 150
15 90 57 74 17 0 9 T M M 4.4 20 10 M M 1 3 27 330
16 84 58 71 13 0 6 0.00 M M 5.1 12 340 M M 1 15 20
17 89 54 72 14 0 7 0.00 M M 4.1 10 10 M M 0 15 10
18 80 56 68 10 0 3 0.00 M M 5.7 14 340 M M 0 19 340
19 83 55 69 11 0 4 0.00 M M 8.5 17 360 M M 1 22 360
20 81 57 69 11 0 4 0.00 M M 7.5 15 280 M M 1 22 280
21 65 46 56 -2 9 0 0.00 M M 6.5 15 280 M M 8 22 270
22 65 43 54 -4 11 0 T M M 4.7 14 280 M M 9 21 290
23 65 40 53 -6 12 0 0.00 M M 3.2 12 290 M M 6 17 290
24 75 42 59 0 6 0 0.00 M M 6.5 18 10 M M 1 23 360
25 82 53 68 9 0 3 0.00 M M 6.7 16 10 M M 0 21 10
26 85 52 69 10 0 4 0.00 M M 6.2 16 10 M M 0 23 360
27 75 52 64 5 1 0 0.00 M M 7.0 14 290 M M 2 22 290
28 72 47 60 1 5 0 0.00 M M 7.6 15 360 M M 3 21 10
29 77 49 63 4 2 0 0.00 M M 7.4 17 10 M M 1 23 360
30 68 46 57 -3 8 0 0.00 M M 7.4 15 270 M M 3 20 250
31 66 41 54 -6 11 0 0.00 M M 5.7 14 290 M M 4 21 280
================================================================================
SM 2304 1510 157 59 0.80 M 158.7 M 96
================================================================================
AV 74.3 48.7 5.1 FASTST M M 3 MAX(MPH)
MISC ----> # 20 360 27 330
================================================================================
NOTES:
# LAST OF SEVERAL OCCURRENCES
COLUMN 17 PEAK WIND IN M.P.H.
PRELIMINARY LOCAL CLIMATOLOGICAL DATA (WS FORM: F-6) , PAGE 2
STATION: SCAPPOOSE OR
MONTH: MAY
YEAR: 2023
LATITUDE: 45 46 N
LONGITUDE: 122 50 W
[TEMPERATURE DATA] [PRECIPITATION DATA] SYMBOLS USED IN COLUMN 16
AVERAGE MONTHLY: 61.5 TOTAL FOR MONTH: 0.80 1 = FOG OR MIST
DPTR FM NORMAL: 4.3 DPTR FM NORMAL: -1.69 2 = FOG REDUCING VISIBILITY
HIGHEST: 93 ON 13 GRTST 24HR 0.51 ON 3- 4 TO 1/4 MILE OR LESS
LOWEST: 39 ON 9 3 = THUNDER
SNOW, ICE PELLETS, HAIL 4 = ICE PELLETS
TOTAL MONTH: M 5 = HAIL
GRTST 24HR M ON M 6 = FREEZING RAIN OR DRIZZLE
GRTST DEPTH: M ON M 7 = DUSTSTORM OR SANDSTORM:
VSBY 1/2 MILE OR LESS
8 = SMOKE OR HAZE
[NO. OF DAYS WITH] [WEATHER - DAYS WITH] 9 = BLOWING SNOW
X = TORNADO
MAX 32 OR BELOW: 0 0.01 INCH OR MORE: 5
MAX 90 OR ABOVE: 3 0.10 INCH OR MORE: 2
MIN 32 OR BELOW: 0 0.50 INCH OR MORE: 0
MIN 0 OR BELOW: 0 1.00 INCH OR MORE: 0
[HDD (BASE 65) ]
TOTAL THIS MO. 157 CLEAR (SCALE 0-3) 19
DPTR FM NORMAL -96 PTCLDY (SCALE 4-7) 7
TOTAL FM JUL 1 4501 CLOUDY (SCALE 8-10) 5
DPTR FM NORMAL -58
[CDD (BASE 65) ]
TOTAL THIS MO. 59
DPTR FM NORMAL 48 [PRESSURE DATA]
TOTAL FM JAN 1 62 HIGHEST SLP 30.26 ON 22
DPTR FM NORMAL 50 LOWEST SLP 29.69 ON 3
[REMARKS]
#FINAL-05-23#