000
CXUS56 KPQR 011201
CF6SPB
PRELIMINARY LOCAL CLIMATOLOGICAL DATA (WS FORM: F-6)
STATION: SCAPPOOSE OR
MONTH: SEPTEMBER
YEAR: 2023
LATITUDE: 45 46 N
LONGITUDE: 122 50 W
TEMPERATURE IN F: :PCPN: SNOW: WIND :SUNSHINE: SKY :PK WND
================================================================================
1 2 3 4 5 6A 6B 7 8 9 10 11 12 13 14 15 16 17 18
12Z AVG MX 2MIN
DY MAX MIN AVG DEP HDD CDD WTR SNW DPTH SPD SPD DIR MIN PSBL S-S WX SPD DR
================================================================================
1 83 61 72 6 0 7 0.00 M M 4.9 14 340 M M 5 19 330
2 93 57 75 9 0 10 0.00 M M 2.7 12 340 M M 1 3 17 300
3 73 61 67 1 0 2 0.03 M M 5.1 13 150 M M 9 3 15 140
4 68 55 62 -4 3 0 T M M 2.7 8 320 M M 9 11 290
5 73 47 60 -6 5 0 0.00 M M 2.9 13 330 M M 2 1 19 300
6 79 48 64 -2 1 0 0.00 M M 3.5 12 320 M M 4 8 15 320
7 77 55 66 1 0 1 0.00 M M 5.5 10 360 M M 6 15 340
8 81 47 64 -1 1 0 0.00 M M 3.9 9 360 M M 0 13 360
9 90 51 71 6 0 6 0.00 M M 3.2 13 340 M M 0 17 10
10 84 53 69 4 0 4 0.00 M M 3.8 13 330 M M 0 16 340
11 78 56 67 3 0 2 0.00 M M 3.3 12 360 M M 4 16 330
12 77 51 64 0 1 0 0.00 M M 3.4 13 10 M M 7 17 10
13 82 56 69 5 0 4 0.00 M M 6.6 16 340 M M 1 20 330
14 94 56 75 11 0 10 0.00 M M 4.1 10 340 M M 0 14 360
15 97 52 75 11 0 10 0.00 M M 2.1 9 10 M M 0 11 360
16 86 52 69 6 0 4 0.00 M M 5.8 15 350 M M 0 22 350
17 75 50 63 0 2 0 0.00 M M 4.5 10 360 M M 0 15 360
18 75 54 65 2 0 0 T M M 5.9 16 10 M M 4 24 320
19 74 45 60 -2 5 0 0.00 M M 3.6 13 320 M M 3 19 310
20 70 51 61 -1 4 0 T M M 5.6 16 360 M M 6 20 350
21 77 42 60 -2 5 0 0.00 M M 3.4 13 10 M M 0 18 16 10
22 79 44 62 0 3 0 0.00 M M 3.9 10 130 M M 0 15 130
23 69 48 59 -2 6 0 0.01 M M 2.3 12 150 M M 6 16 160
24 61 52 57 -4 8 0 0.38 M M 2.2 8 150 M M 9 1 12 180
25 64 56 60 0 5 0 0.97 M M 4.1 14 140 M M 10 1 19 190
26 68 52 60 0 5 0 0.11 M M 5.7 15 160 M M 8 1 22 180
27 68 52 60 0 5 0 0.29 M M 5.0 16 140 M M 8 1 24 160
28 66 51 59 -1 6 0 0.05 M M 2.7 12 150 M M 9 1 15 140
29 65 54 60 1 5 0 0.01 M M 6.8 14 340 M M 10 19 330
30 70 51 61 2 4 0 0.00 M M 8.4 18 360 M M 0 26 340
================================================================================
SM 2296 1560 74 60 1.85 M 127.6 M 121
================================================================================
AV 76.5 52.0 4.3 FASTST M M 4 MAX(MPH)
MISC ----> 18 360 26 340
================================================================================
NOTES:
# LAST OF SEVERAL OCCURRENCES
COLUMN 17 PEAK WIND IN M.P.H.
PRELIMINARY LOCAL CLIMATOLOGICAL DATA (WS FORM: F-6) , PAGE 2
STATION: SCAPPOOSE OR
MONTH: SEPTEMBER
YEAR: 2023
LATITUDE: 45 46 N
LONGITUDE: 122 50 W
[TEMPERATURE DATA] [PRECIPITATION DATA] SYMBOLS USED IN COLUMN 16
AVERAGE MONTHLY: 64.3 TOTAL FOR MONTH: 1.85 1 = FOG OR MIST
DPTR FM NORMAL: 1.3 DPTR FM NORMAL: 0.29 2 = FOG REDUCING VISIBILITY
HIGHEST: 97 ON 15 GRTST 24HR 1.21 ON 24-25 TO 1/4 MILE OR LESS
LOWEST: 42 ON 21 3 = THUNDER
SNOW, ICE PELLETS, HAIL 4 = ICE PELLETS
TOTAL MONTH: M 5 = HAIL
GRTST 24HR M ON M 6 = FREEZING RAIN OR DRIZZLE
GRTST DEPTH: M ON M 7 = DUSTSTORM OR SANDSTORM:
VSBY 1/2 MILE OR LESS
8 = SMOKE OR HAZE
[NO. OF DAYS WITH] [WEATHER - DAYS WITH] 9 = BLOWING SNOW
X = TORNADO
MAX 32 OR BELOW: 0 0.01 INCH OR MORE: 8
MAX 90 OR ABOVE: 4 0.10 INCH OR MORE: 4
MIN 32 OR BELOW: 0 0.50 INCH OR MORE: 1
MIN 0 OR BELOW: 0 1.00 INCH OR MORE: 0
[HDD (BASE 65) ]
TOTAL THIS MO. 74 CLEAR (SCALE 0-3) 13
DPTR FM NORMAL -29 PTCLDY (SCALE 4-7) 9
TOTAL FM JUL 1 81 CLOUDY (SCALE 8-10) 8
DPTR FM NORMAL -79
[CDD (BASE 65) ]
TOTAL THIS MO. 60
DPTR FM NORMAL 15 [PRESSURE DATA]
TOTAL FM JAN 1 635 HIGHEST SLP 30.17 ON 13
DPTR FM NORMAL 303 LOWEST SLP 29.76 ON 25
[REMARKS]
#FINAL-09-23#