000
CXUS56 KPQR 011730
CLMSPB
CLIMATE REPORT
NATIONAL WEATHER SERVICE PORTLAND OREGON
930 AM PST THU FEB 01 2024
...................................
...THE SCAPPOOSE OR CLIMATE SUMMARY FOR THE MONTH OF JANUARY 2024...
CLIMATE NORMAL PERIOD 1991 TO 2020
CLIMATE RECORD PERIOD 9999 TO 9999
WEATHER OBSERVED NORMAL DEPART LAST YEAR`S
VALUE DATE(S) VALUE FROM VALUE DATE(S)
NORMAL
................................................................
TEMPERATURE (F)
HIGHEST 59 56 01/09
LOWEST 12 19 01/30
AVG. MAXIMUM 45.8 46.8 -1.0 47.9
AVG. MINIMUM 34.3 33.8 0.5 35.1
MEAN 40.0 40.3 -0.3 41.5
DAYS MAX >= 90 0 0.0 0.0 0
DAYS MAX <= 32 3 0.7 2.3 0
DAYS MIN <= 32 7 12.7 -5.7 9
DAYS MIN <= 0 0 0.0 0.0 0
PRECIPITATION (INCHES)
RECORD
MAXIMUM 8.06 2021
MINIMUM 0.43 2022
TOTALS 9.92 6.54 3.38 4.19
DAYS >= .01 26 20.6 5.4 20
DAYS >= .10 20 13.3 6.7 13
DAYS >= .50 10 4.3 5.7 3
DAYS >= 1.00 3 1.1 1.9 0
GREATEST
24 HR. TOTAL 1.72 01/26 TO 01/27
DEGREE DAYS
HEATING TOTAL 766 766 0 722
SINCE 7/1 2317 2675 -358 MM
COOLING TOTAL 0 0 0 0
SINCE 1/1 0 0 0 MM
................................................................
WIND (MPH)
AVERAGE WIND SPEED 3.4
RESULTANT WIND SPEED/DIRECTION 2/190
HIGHEST WIND SPEED/DIRECTION 23/270 DATE 01/09
HIGHEST GUST SPEED/DIRECTION 35/240 DATE 01/09
SKY COVER
POSSIBLE SUNSHINE (PERCENT) MM
AVERAGE SKY COVER 0.79
AVERAGE RH (PERCENT) 81
WEATHER CONDITIONS. NUMBER OF DAYS WITH
THUNDERSTORM 0 MIXED PRECIP 0
HEAVY RAIN 3 RAIN 17
LIGHT RAIN 23 FREEZING RAIN 1
LT FREEZING RAIN 2 HAIL 0
HEAVY SNOW 1 SNOW 1
LIGHT SNOW 4 SLEET 0
FOG 26 FOG W/VIS <= 1/4 MILE 5
HAZE 13
- INDICATES NEGATIVE NUMBERS.
R INDICATES RECORD WAS SET OR TIED.
MM INDICATES DATA IS MISSING.
T INDICATES TRACE AMOUNT.
$$