000
CXUS55 KPUB 011210
CF6SPD
PRELIMINARY LOCAL CLIMATOLOGICAL DATA (WS FORM: F-6)
STATION: SPRINGFIELD CO
MONTH: MAY
YEAR: 2021
LATITUDE: 37 16 N
LONGITUDE: 102 37 W
TEMPERATURE IN F: :PCPN: SNOW: WIND :SUNSHINE: SKY :PK WND
================================================================================
1 2 3 4 5 6A 6B 7 8 9 10 11 12 13 14 15 16 17 18
12Z AVG MX 2MIN
DY MAX MIN AVG DEP HDD CDD WTR SNW DPTH SPD SPD DIR MIN PSBL S-S WX SPD DR
================================================================================
1 86 43 65 11 0 0 0.00 M M 15.7 26 190 M M 0 33 190
2 87 50 69 14 0 4 0.01 M M 17.2 45 350 M M 0 57 360
3 52 43 48 -7 17 0 0.02 M M 19.7 28 340 M M 0 35 350
4 64 34 49 -6 16 0 0.00 M M 10.4 21 140 M M 0 27 170
5 75 42 59 3 6 0 0.01 M M 12.9 29 30 M M 0 37 20
6 77 36 57 1 8 0 0.00 M M 11.7 25 170 M M 0 32 170
7 88 50 69 13 0 4 0.00 M M 11.9 28 190 M M 0 44 230
8 89 48 69 12 0 4 0.06 M M 17.1 49 360 M M M 3 60 360
9 62 41 52 -5 13 0 0.13 M M 15.2 32 10 M M M 3 39 10
10 47 39 43 -15 22 0 0.16 M M 14.9 23 130 M M 0 28 130
11 44 39 42 -16 23 0 0.61 M M 10.8 20 100 M M 0 26 80
12 55 41 48 -10 17 0 0.00 M M 10.4 21 160 M M 0 25 150
13 74 41 58 -1 7 0 0.00 M M 16.7 29 180 M M 0 38 220
14 83 50 67 8 0 2 0.00 M M 13.6 29 170 M M 0 46 240
15 81 50 66 6 0 1 0.02 M M 7.9 28 180 M M 0 34 180
16 80 50 65 5 0 0 0.00 M M 10.4 30 360 M M 0 38 320
17 71 44 58 -3 7 0 1.15 M M 10.7 33 230 M M 0 52 250
18 68 46 57 -4 8 0 0.67 M M 7.6 36 150 M M 0 48 150
19 71 49 60 -2 5 0 0.00 M M 7.6 21 150 M M 0 26 150
20 81 50 66 4 0 1 0.00 M M 20.7 35 160 M M 0 45 160
21 84 58 71 9 0 6 0.08 M M 26.0 39 150 M M 0 56 200
22 74 62 68 5 0 3 0.00 M M 20.1 31 180 M M 0 38 190
23 81 61 71 8 0 6 0.00 M M 26.6 39 160 M M 0 51 160
24 84 63 74 10 0 9 0.00 M M 18.5 31 180 M M 0 40 170
25 77 53 65 1 0 0 0.00 M M 11.6 21 320 M M 0 31 350
26 86 57 72 7 0 7 0.00 M M 11.2 28 220 M M 0 42 200
27 79 53 66 1 0 1 0.00 M M 13.2 23 330 M M 0 33 310
28 78 49 64 -1 1 0 0.00 M M 13.0 25 190 M M 0 40 170
29 81 53 67 1 0 2 0.01 M M 21.8 45 160 M M 0 58 150
30 60 53 57 -9 8 0 2.29 M M 16.3 30 120 M M 0 39 100
31 61 52 57 -9 8 0 0.07 M M 6.7 18 30 M M 0 24 30
================================================================================
SM 2280 1500 166 50 5.29 M 448.1 M 0
================================================================================
AV 73.5 48.4 14.5 FASTST M M 0 MAX(MPH)
MISC ----> 49 360 60 360
================================================================================
NOTES:
# LAST OF SEVERAL OCCURRENCES
COLUMN 17 PEAK WIND IN M.P.H.
PRELIMINARY LOCAL CLIMATOLOGICAL DATA (WS FORM: F-6) , PAGE 2
STATION: SPRINGFIELD CO
MONTH: MAY
YEAR: 2021
LATITUDE: 37 16 N
LONGITUDE: 102 37 W
[TEMPERATURE DATA] [PRECIPITATION DATA] SYMBOLS USED IN COLUMN 16
AVERAGE MONTHLY: 61.0 TOTAL FOR MONTH: 5.29 1 = FOG OR MIST
DPTR FM NORMAL: 0.7 DPTR FM NORMAL: 3.54 2 = FOG REDUCING VISIBILITY
HIGHEST: 89 ON 8 GRTST 24HR 2.30 ON 29-30 TO 1/4 MILE OR LESS
LOWEST: 34 ON 4 3 = THUNDER
SNOW, ICE PELLETS, HAIL 4 = ICE PELLETS
TOTAL MONTH: M 5 = HAIL
GRTST 24HR M ON M 6 = FREEZING RAIN OR DRIZZLE
GRTST DEPTH: M ON M 7 = DUSTSTORM OR SANDSTORM:
VSBY 1/2 MILE OR LESS
8 = SMOKE OR HAZE
[NO. OF DAYS WITH] [WEATHER - DAYS WITH] 9 = BLOWING SNOW
X = TORNADO
MAX 32 OR BELOW: 0 0.01 INCH OR MORE: 14
MAX 90 OR ABOVE: 0 0.10 INCH OR MORE: 6
MIN 32 OR BELOW: 0 0.50 INCH OR MORE: 4
MIN 0 OR BELOW: 0 1.00 INCH OR MORE: 2
[HDD (BASE 65) ]
TOTAL THIS MO. 166 CLEAR (SCALE 0-3) 29
DPTR FM NORMAL -27 PTCLDY (SCALE 4-7) 0
TOTAL FM JUL 1 4907 CLOUDY (SCALE 8-10) 2
DPTR FM NORMAL -483
[CDD (BASE 65) ]
TOTAL THIS MO. 50
DPTR FM NORMAL 3 [PRESSURE DATA]
TOTAL FM JAN 1 58 HIGHEST SLP 30.34 ON 12
DPTR FM NORMAL 9 LOWEST SLP 29.23 ON 2
[REMARKS]
#FINAL-05-21#