000
CXUS52 KTBW 251000
CF6SPG
PRELIMINARY LOCAL CLIMATOLOGICAL DATA (WS FORM: F-6)
STATION: SAINT PETERSBURG
MONTH: APRIL
YEAR: 2024
LATITUDE: 27 46 N
LONGITUDE: 82 38 W
TEMPERATURE IN F: :PCPN: SNOW: WIND :SUNSHINE: SKY :PK WND
================================================================================
1 2 3 4 5 6A 6B 7 8 9 10 11 12 13 14 15 16 17 18
12Z AVG MX 2MIN
DY MAX MIN AVG DEP HDD CDD WTR SNW DPTH SPD SPD DIR MIN PSBL S-S WX SPD DR
================================================================================
1 80 68 74 2 0 9 0.00 0.0 0 8.1 15 230 M M 0 21 240
2 83 70 77 5 0 12 0.00 0.0 0 11.6 22 190 M M 1 30 180
3 81 66 74 2 0 9 1.00 0.0 0 12.5 30 240 M M 8 13 50 220
4 74 66 70 -2 0 5 0.00 0.0 0 7.7 20 320 M M 0 28 310
5 76 63 70 -2 0 5 0.00 0.0 0 8.6 18 260 M M 0 27 240
6 76 64 70 -2 0 5 0.00 0.0 0 7.9 16 340 M M 0 23 340
7 79 64 72 -1 0 7 0.00 0.0 0 9.9 20 100 M M 0 23 80
8 81 66 74 1 0 9 0.00 0.0 0 13.4 21 120 M M 0 25 120
9 82 68 75 2 0 10 0.00 0.0 0 12.4 21 120 M M 4 26 120
10 85 69 77 4 0 12 0.00 0.0 0 15.7 23 130 M M 1 31 160
11 81 72 77 4 0 12 0.63 0.0 0 17.5 33 190 M M 8 123 47 190
12 77 65 71 -3 0 6 0.00 0.0 0 9.5 22 330 M M 1 32 320
13 79 65 72 -2 0 7 0.00 0.0 0 7.9 18 30 M M 0 25 20
14 83 66 75 1 0 10 0.00 0.0 0 5.6 15 60 M M 0 20 60
15 86 67 77 3 0 12 0.00 0.0 0 6.1 16 130 M M 0 18 120
16 84 68 76 2 0 11 0.00 0.0 0 9.3 18 120 M M 0 23 110
17 86 70 78 4 0 13 0.00 0.0 0 8.6 15 110 M M 0 20 250
18 84 71 78 3 0 13 0.00 0.0 0 7.8 13 250 M M 0 16 250
19 84 73 79 4 0 14 0.00 0.0 0 6.2 15 270 M M 0 22 260
20 84 73 79 4 0 14 0.00 0.0 0 4.9 13 260 M M 1 18 240
21 81 73 77 2 0 12 0.00 0.0 0 8.4 17 240 M M 3 26 220
22 77 68 73 -2 0 8 0.00 0.0 0 12.7 26 60 M M 4 34 60
23 79 66 73 -3 0 8 0.00 M M 15.6 26 60 M M 0 33 50
24 82 68 75 -1 0 10 0.00 0.0 0 9.2 18 120 M M 1 23 110
================================================================================
SM 1944 1629 0 233 1.63 0.0 237.1 M 32
================================================================================
AV 81.0 67.9 9.9 FASTST M M 1 MAX(MPH)
MISC ----> 33 190 50 220
================================================================================
NOTES:
# LAST OF SEVERAL OCCURRENCES
COLUMN 17 PEAK WIND IN M.P.H.
PRELIMINARY LOCAL CLIMATOLOGICAL DATA (WS FORM: F-6) , PAGE 2
STATION: SAINT PETERSBURG
MONTH: APRIL
YEAR: 2024
LATITUDE: 27 46 N
LONGITUDE: 82 38 W
[TEMPERATURE DATA] [PRECIPITATION DATA] SYMBOLS USED IN COLUMN 16
AVERAGE MONTHLY: 74.4 TOTAL FOR MONTH: 1.63 1 = FOG OR MIST
DPTR FM NORMAL: 0.8 DPTR FM NORMAL: 0.04 2 = FOG REDUCING VISIBILITY
HIGHEST: 86 ON 17,15 GRTST 24HR 1.00 ON 3- 3 TO 1/4 MILE OR LESS
LOWEST: 63 ON 5 3 = THUNDER
SNOW, ICE PELLETS, HAIL 4 = ICE PELLETS
TOTAL MONTH: 0.0 INCH 5 = HAIL
GRTST 24HR 0.0 6 = FREEZING RAIN OR DRIZZLE
GRTST DEPTH: 0 7 = DUSTSTORM OR SANDSTORM:
VSBY 1/2 MILE OR LESS
8 = SMOKE OR HAZE
[NO. OF DAYS WITH] [WEATHER - DAYS WITH] 9 = BLOWING SNOW
X = TORNADO
MAX 32 OR BELOW: 0 0.01 INCH OR MORE: 2
MAX 90 OR ABOVE: 0 0.10 INCH OR MORE: 2
MIN 32 OR BELOW: 0 0.50 INCH OR MORE: 2
MIN 0 OR BELOW: 0 1.00 INCH OR MORE: 1
[HDD (BASE 65) ]
TOTAL THIS MO. 0 CLEAR (SCALE 0-3) 20
DPTR FM NORMAL 0 PTCLDY (SCALE 4-7) 4
TOTAL FM JUL 1 289 CLOUDY (SCALE 8-10) 0
DPTR FM NORMAL -63
[CDD (BASE 65) ]
TOTAL THIS MO. 233
DPTR FM NORMAL 22 [PRESSURE DATA]
TOTAL FM JAN 1 520 HIGHEST SLP M ON M
DPTR FM NORMAL 31 LOWEST SLP 29.65 ON 3
[REMARKS]