000
CXUS52 KTBW 011000
CF6SPG
PRELIMINARY LOCAL CLIMATOLOGICAL DATA (WS FORM: F-6)
STATION: SAINT PETERSBURG
MONTH: OCTOBER
YEAR: 2023
LATITUDE: 27 46 N
LONGITUDE: 82 38 W
TEMPERATURE IN F: :PCPN: SNOW: WIND :SUNSHINE: SKY :PK WND
================================================================================
1 2 3 4 5 6A 6B 7 8 9 10 11 12 13 14 15 16 17 18
12Z AVG MX 2MIN
DY MAX MIN AVG DEP HDD CDD WTR SNW DPTH SPD SPD DIR MIN PSBL S-S WX SPD DR
================================================================================
1 87 78 83 2 0 18 T 0.0 0 17.4 31 50 M M 6 38 40
2 87 75 81 0 0 16 0.00 0.0 0 17.3 25 50 M M 1 30 50
3 86 75 81 0 0 16 0.00 0.0 0 15.6 26 80 M M 7 18 31 80
4 87 75 81 1 0 16 T 0.0 0 15.0 28 90 M M 1 34 80
5 91 77 84 4 0 19 0.00 0.0 0 10.8 17 80 M M 3 22 60
6 88 77 83 3 0 18 0.00 0.0 0 8.4 17 80 M M 1 21 90
7 86 74 80 0 0 15 0.18 0.0 0 7.6 15 250 M M 7 1 22 250
8 76 70 73 -7 0 8 0.00 0.0 0 9.9 20 30 M M 1 24 20
9 78 68 73 -7 0 8 0.00 0.0 0 9.9 18 30 M M 0 23 50
10 83 71 77 -2 0 12 T 0.0 0 8.0 16 90 M M 0 20 80
11 86 76 81 2 0 16 0.04 0.0 0 9.5 18 160 M M 5 1 26 160
12 85 81 83 4 0 18 0.18 0.0 0 12.6 23 230 M M 9 13 33 220
13 85 79 82 3 0 17 0.00 0.0 0 5.2 14 250 M M 7 21 270
14 82 76 79 1 0 14 0.00 0.0 0 7.2 17 340 M M 2 23 340
15 79 73 76 -2 0 11 T 0.0 0 9.5 17 320 M M 4 27 330
16 73 65 69 -9 0 4 0.01 0.0 0 12.3 21 350 M M 7 31 330
17 71 62 67 -11 0 2 0.00 0.0 0 11.0 20 10 M M 3 26 10
18 77 62 70 -7 0 5 0.00 0.0 0 8.2 15 70 M M 0 18 70
19 80 69 75 -2 0 10 0.00 0.0 0 9.2 18 80 M M 1 22 80
20 80 68 74 -3 0 9 0.00 0.0 0 6.1 15 240 M M 1 24 270
21 83 72 78 1 0 13 0.03 0.0 0 6.9 14 260 M M 2 20 260
22 82 68 75 -1 0 10 0.00 0.0 0 5.5 10 310 M M 0 14 270
23 87 70 79 3 0 14 0.00 0.0 0 9.0 23 80 M M 1 28 80
24 83 72 78 2 0 13 0.00 0.0 0 16.5 26 80 M M 2 33 70
25 82 72 77 1 0 12 0.00 0.0 0 15.8 28 80 M M 4 33 80
26 84 74 79 4 0 14 T 0.0 0 13.7 21 90 M M 4 25 80
27 83 73 78 3 0 13 0.00 0.0 0 11.7 21 80 M M 2 26 80
28 83 72 78 3 0 13 0.00 0.0 0 13.1 18 90 M M 0 23 80
29 83 72 78 3 0 13 0.00 0.0 0 11.9 17 90 M M 0 21 80
30 85 73 79 5 0 14 0.00 0.0 0 8.0 14 70 M M 1 18 330
31 84 72 78 4 0 13 0.00 0.0 0 8.0 16 330 M M 0 22 330
================================================================================
SM 2566 2241 0 394 0.44 0.0 330.8 M 82
================================================================================
AV 82.8 72.3 10.7 FASTST M M 3 MAX(MPH)
MISC ----> 31 50 38 40
================================================================================
NOTES:
# LAST OF SEVERAL OCCURRENCES
COLUMN 17 PEAK WIND IN M.P.H.
PRELIMINARY LOCAL CLIMATOLOGICAL DATA (WS FORM: F-6) , PAGE 2
STATION: SAINT PETERSBURG
MONTH: OCTOBER
YEAR: 2023
LATITUDE: 27 46 N
LONGITUDE: 82 38 W
[TEMPERATURE DATA] [PRECIPITATION DATA] SYMBOLS USED IN COLUMN 16
AVERAGE MONTHLY: 77.5 TOTAL FOR MONTH: 0.44 1 = FOG OR MIST
DPTR FM NORMAL: -0.3 DPTR FM NORMAL: -1.72 2 = FOG REDUCING VISIBILITY
HIGHEST: 91 ON 5 GRTST 24HR 0.22 ON 11-12 TO 1/4 MILE OR LESS
LOWEST: 62 ON 18,17 3 = THUNDER
SNOW, ICE PELLETS, HAIL 4 = ICE PELLETS
TOTAL MONTH: 0.0 INCH 5 = HAIL
GRTST 24HR 0.0 6 = FREEZING RAIN OR DRIZZLE
GRTST DEPTH: 0 7 = DUSTSTORM OR SANDSTORM:
VSBY 1/2 MILE OR LESS
8 = SMOKE OR HAZE
[NO. OF DAYS WITH] [WEATHER - DAYS WITH] 9 = BLOWING SNOW
X = TORNADO
MAX 32 OR BELOW: 0 0.01 INCH OR MORE: 5
MAX 90 OR ABOVE: 1 0.10 INCH OR MORE: 2
MIN 32 OR BELOW: 0 0.50 INCH OR MORE: 0
MIN 0 OR BELOW: 0 1.00 INCH OR MORE: 0
[HDD (BASE 65) ]
TOTAL THIS MO. 0 CLEAR (SCALE 0-3) 21
DPTR FM NORMAL -2 PTCLDY (SCALE 4-7) 9
TOTAL FM JUL 1 0 CLOUDY (SCALE 8-10) 1
DPTR FM NORMAL 0
[CDD (BASE 65) ]
TOTAL THIS MO. 394
DPTR FM NORMAL -3 [PRESSURE DATA]
TOTAL FM JAN 1 4160 HIGHEST SLP 30.17 ON 25
DPTR FM NORMAL 527 LOWEST SLP 29.63 ON 12
[REMARKS]
#FINAL-10-23#