000
CXUS54 KOUN 011447
CF6SPS
PRELIMINARY LOCAL CLIMATOLOGICAL DATA (WS FORM: F-6)
STATION: WICHITA FALLS
MONTH: JULY
YEAR: 2022
LATITUDE: 33 58 N
LONGITUDE: 98 29 W
TEMPERATURE IN F: :PCPN: SNOW: WIND :SUNSHINE: SKY :PK WND
================================================================================
1 2 3 4 5 6A 6B 7 8 9 10 11 12 13 14 15 16 17 18
12Z AVG MX 2MIN
DY MAX MIN AVG DEP HDD CDD WTR SNW DPTH SPD SPD DIR MIN PSBL S-S WX SPD DR
================================================================================
1 102 73 88 5 0 23 0.00 0.0 0 11.7 22 140 M M 1 27 130
2 102 70 86 3 0 21 0.00 0.0 0 8.7 18 140 M M 0 25 130
3 100 73 87 4 0 22 0.10 0.0 0 8.5 33 140 M M 2 13 40 150
4 101 71 86 3 0 21 0.00 0.0 0 11.5 25 160 M M 0 32 150
5 104 80 92 8 0 27 0.00 0.0 0 15.0 23 140 M M 1 34 160
6 107 80 94 10 0 29 0.00 0.0 0 15.3 23 160 M M 1 31 170
7 107 79 93 9 0 28 0.00 0.0 0 13.5 23 210 M M 1 30 150
8 110 76 93 9 0 28 0.15 0.0 0 11.4 37 20 M M 5 38 46 10
9 105 74 90 6 0 25 0.00 0.0 0 8.4 18 40 M M 0 24 20
10 103 70 87 3 0 22 0.00 0.0 0 6.7 17 50 M M 0 24 40
11 105 73 89 5 0 24 0.00 0.0 0 6.7 16 90 M M 1 21 50
12 104 68 86 2 0 21 0.00 0.0 0 8.8 20 40 M M 4 25 50
13 104 73 89 4 0 24 0.00 0.0 0 7.4 17 50 M M 3 21 60
14 108 76 92 7 0 27 0.00 0.0 0 9.7 36 180 M M 2 41 180
15 103 66 85 0 0 20 0.00 0.0 0 8.1 18 160 M M 1 24 180
16 104 72 88 3 0 23 0.00 0.0 0 10.0 18 150 M M 0 25 140
17 110 78 94 9 0 29 0.00 0.0 0 10.4 18 230 M M 1 24 220
18 110 78 94 9 0 29 0.00 0.0 0 9.2 17 30 M M 1 23 60
19 115 78 97 12 0 32 0.00 0.0 0 12.8 25 230 M M 3 8 31 220
20 111 84 98 13 0 33 0.00 0.0 0 12.8 25 240 M M 3 8 30 230
21 95 80 88 3 0 23 0.01 0.0 0 9.2 23 190 M M 6 33 180
22 98 76 87 2 0 22 0.03 0.0 0 9.3 17 180 M M 4 3 23 110
23 105 76 91 5 0 26 0.00 0.0 0 13.2 21 150 M M 0 35 160
24 105 77 91 5 0 26 0.00 0.0 0 11.8 22 200 M M 1 26 200
25 106 78 92 6 0 27 0.00 0.0 0 12.3 22 170 M M 2 29 220
26 107 83 95 9 0 30 0.00 0.0 0 14.0 21 170 M M 3 27 190
27 108 83 96 10 0 31 0.00 0.0 0 13.7 22 150 M M 2 27 160
28 106 81 94 8 0 29 0.00 0.0 0 12.1 23 200 M M 3 28 220
29 102 76 89 3 0 24 0.00 0.0 0 9.0 29 80 M M 4 3 35 80
30 95 75 85 -1 0 20 T 0.0 0 9.7 22 150 M M 2 26 160
31 106 77 92 6 0 27 0.00 0.0 0 13.6 23 160 M M 1 29 210
================================================================================
SM 3248 2354 0 793 0.29 0.0 334.5 M 58
================================================================================
AV104.8 75.9 10.8 FASTST M M 2 MAX(MPH)
MISC ----> 37 20 46 10
================================================================================
NOTES:
# LAST OF SEVERAL OCCURRENCES
COLUMN 17 PEAK WIND IN M.P.H.
PRELIMINARY LOCAL CLIMATOLOGICAL DATA (WS FORM: F-6) , PAGE 2
STATION: WICHITA FALLS
MONTH: JULY
YEAR: 2022
LATITUDE: 33 58 N
LONGITUDE: 98 29 W
[TEMPERATURE DATA] [PRECIPITATION DATA] SYMBOLS USED IN COLUMN 16
AVERAGE MONTHLY: 90.4 TOTAL FOR MONTH: 0.29 1 = FOG OR MIST
DPTR FM NORMAL: 5.7 DPTR FM NORMAL: -1.73 2 = FOG REDUCING VISIBILITY
HIGHEST: 115 ON 19 GRTST 24HR 0.15 ON 8- 8 TO 1/4 MILE OR LESS
LOWEST: 66 ON 15 3 = THUNDER
SNOW, ICE PELLETS, HAIL 4 = ICE PELLETS
TOTAL MONTH: 0.0 INCH 5 = HAIL
GRTST 24HR 0.0 6 = FREEZING RAIN OR DRIZZLE
GRTST DEPTH: 0 7 = DUSTSTORM OR SANDSTORM:
VSBY 1/2 MILE OR LESS
8 = SMOKE OR HAZE
[NO. OF DAYS WITH] [WEATHER - DAYS WITH] 9 = BLOWING SNOW
X = TORNADO
MAX 32 OR BELOW: 0 0.01 INCH OR MORE: 4
MAX 90 OR ABOVE: 31 0.10 INCH OR MORE: 2
MIN 32 OR BELOW: 0 0.50 INCH OR MORE: 0
MIN 0 OR BELOW: 0 1.00 INCH OR MORE: 0
[HDD (BASE 65) ]
TOTAL THIS MO. 0 CLEAR (SCALE 0-3) 25
DPTR FM NORMAL 0 PTCLDY (SCALE 4-7) 6
TOTAL FM JUL 1 0 CLOUDY (SCALE 8-10) 0
DPTR FM NORMAL 0
[CDD (BASE 65) ]
TOTAL THIS MO. 793
DPTR FM NORMAL 182 [PRESSURE DATA]
TOTAL FM JAN 1 1856 HIGHEST SLP 30.07 ON 30
DPTR FM NORMAL 458 LOWEST SLP 29.63 ON 19
[REMARKS]
#FINAL-07-22#