199
CXUS54 KLZK 011130
CF6SRC
PRELIMINARY LOCAL CLIMATOLOGICAL DATA (WS FORM: F-6)
STATION: Searcy Airport
MONTH: JUNE
YEAR: 2020
LATITUDE: 35 12 N
LONGITUDE: 91 44 W
TEMPERATURE IN F: :PCPN: SNOW: WIND :SUNSHINE: SKY :PK WND
================================================================================
1 2 3 4 5 6A 6B 7 8 9 10 11 12 13 14 15 16 17 18
12Z AVG MX 2MIN
DY MAX MIN AVG DEP HDD CDD WTR SNW DPTH SPD SPD DIR MIN PSBL S-S WX SPD DR
================================================================================
1 87 59 73 -1 0 8 0.00 M M 3.3 7 120 M M 0 M M
2 89 58 74 -1 0 9 0.00 M M 3.6 8 190 M M 0 1 M M
3 87 70 79 4 0 14 0.19 M M 2.0 8 330 M M 2 13 M M
4 89 70 80 5 0 15 T M M 3.8 12 200 M M 3 16 200
5 95 69 82 7 0 17 T M M 3.7 8 160 M M 3 M M
6 94 67 81 5 0 16 0.00 M M 4.7 10 70 M M 1 M M
7 95 68 82 6 0 17 0.00 M M 6.4 12 70 M M 0 21 70
8 M M M M M M 2.43 M M 11.8 16 60 M M 6 1 30 50
9 90 73 82 6 0 17 0.25 M M 11.8 18 190 M M 7 13 27 210
10 77 60 69 -8 0 4 0.00 M M 6.1 12 240 M M 3 25 99
11 86 57 72 -5 0 7 0.00 M M 3.8 13 360 M M 0 1 M M
12 90 59 75 -2 0 10 0.00 M M 3.5 8 90 M M 0 M M
13 94 64 79 2 0 14 T M M 2.5 15 60 M M 1 3 M M
14 92 66 79 1 0 14 0.00 M M 2.7 8 140 M M 0 1 M M
15 90 67 79 1 0 14 0.00 M M 5.4 12 60 M M 1 M M
16 86 62 74 -4 0 9 0.00 M M 4.7 10 90 M M 0 M M
17 90 60 75 -3 0 10 0.00 M M 1.5 6 70 M M 0 M M
18 91 62 77 -1 0 12 0.00 M M 1.7 8 190 M M 1 M M
19 92 64 78 -1 0 13 0.00 M M 4.0 10 190 M M 2 M M
20 90 68 79 0 0 14 0.05 M M 3.3 10 180 M M 4 1 M M
21 88 69 79 0 0 14 0.20 M M 2.8 7 270 M M 5 13 M M
22 83 69 76 -3 0 11 0.83 M M 5.1 12 190 M M 7 13 16 170
23 86 69 78 -1 0 13 0.26 M M 2.7 7 170 M M 3 13 M M
24 86 63 75 -5 0 10 0.00 M M 4.8 12 50 M M 3 1 17 20
25 90 61 76 -4 0 11 0.00 M M 4.0 9 110 M M 0 1 M M
26 86 71 79 -1 0 14 T M M 7.6 21 160 M M 6 8 30 150
27 90 71 81 1 0 16 0.11 M M 6.6 14 200 M M 5 18 23 200
28 91 72 82 2 0 17 0.16 M M 7.6 13 190 M M 3 3 21 190
29 81 72 77 -3 0 12 0.28 M M 3.1 10 160 M M 6 13 M M
30 90 71 81 1 0 16 0.21 M M 4.7 12 200 M M 5 123 20 200
================================================================================
SM 2575 1911 0 368 4.97 M 139.3 M 77
================================================================================
AV 88.8 65.9 4.6 FASTST M M 3 MAX(MPH)
MISC ----> # 21 160 # 30 50
================================================================================
NOTES:
# LAST OF SEVERAL OCCURRENCES
COLUMN 17 PEAK WIND IN M.P.H.
PRELIMINARY LOCAL CLIMATOLOGICAL DATA (WS FORM: F-6) , PAGE 2
STATION: Searcy Airport
MONTH: JUNE
YEAR: 2020
LATITUDE: 35 12 N
LONGITUDE: 91 44 W
[TEMPERATURE DATA] [PRECIPITATION DATA] SYMBOLS USED IN COLUMN 16
AVERAGE MONTHLY: 77.3 TOTAL FOR MONTH: 4.97 1 = FOG OR MIST
DPTR FM NORMAL: -0.4 DPTR FM NORMAL: 2.08 2 = FOG REDUCING VISIBILITY
HIGHEST: 95 ON 7, 5 GRTST 24HR 2.43 ON 8- 8 TO 1/4 MILE OR LESS
LOWEST: 57 ON 11 3 = THUNDER
SNOW, ICE PELLETS, HAIL 4 = ICE PELLETS
TOTAL MONTH: M 5 = HAIL
GRTST 24HR M ON M 6 = FREEZING RAIN OR DRIZZLE
GRTST DEPTH: M ON M 7 = DUSTSTORM OR SANDSTORM:
VSBY 1/2 MILE OR LESS
8 = SMOKE OR HAZE
[NO. OF DAYS WITH] [WEATHER - DAYS WITH] 9 = BLOWING SNOW
X = TORNADO
MAX 32 OR BELOW: 0 0.01 INCH OR MORE: 11
MAX 90 OR ABOVE: 16 0.10 INCH OR MORE: 10
MIN 32 OR BELOW: 0 0.50 INCH OR MORE: 2
MIN 0 OR BELOW: 0 1.00 INCH OR MORE: 1
[HDD (BASE 65) ]
TOTAL THIS MO. 0 CLEAR (SCALE 0-3) 20
DPTR FM NORMAL -1 PTCLDY (SCALE 4-7) 10
TOTAL FM JUL 1 2793 CLOUDY (SCALE 8-10) 0
DPTR FM NORMAL -739
[CDD (BASE 65) ]
TOTAL THIS MO. 368
DPTR FM NORMAL -14 [PRESSURE DATA]
TOTAL FM JAN 1 541 HIGHEST SLP 30.31 ON 12
DPTR FM NORMAL -71 LOWEST SLP 29.40 ON 8
[REMARKS]
#FINAL-06-20#