000
CXUS52 KTBW 051743
CF6SRQ
PRELIMINARY LOCAL CLIMATOLOGICAL DATA (WS FORM: F-6)
STATION: SARASOTA BRADENTON
MONTH: NOVEMBER
YEAR: 2022
LATITUDE: 27 23 N
LONGITUDE: 82 33 W
TEMPERATURE IN F: :PCPN: SNOW: WIND :SUNSHINE: SKY :PK WND
================================================================================
1 2 3 4 5 6A 6B 7 8 9 10 11 12 13 14 15 16 17 18
12Z AVG MX 2MIN
DY MAX MIN AVG DEP HDD CDD WTR SNW DPTH SPD SPD DIR MIN PSBL S-S WX SPD DR
================================================================================
1 88 72 80 7 0 15 0.00 0.0 0 6.1 12 280 M M 4 8 17 230
2 89 74 82 9 0 17 0.00 0.0 0 7.4 13 70 M M 5 1 17 60
3 87 71 79 6 0 14 0.03 0.0 0 6.2 21 10 M M 5 1 27 20
4 86 67 77 5 0 12 0.00 0.0 0 8.5 15 70 M M 1 22 70
5 88 68 78 6 0 13 0.01 0.0 0 6.0 14 310 M M 2 20 290
6 89 71 80 8 0 15 0.03 0.0 0 9.0 17 130 M M 2 25 80
7 87 70 79 7 0 14 0.00 0.0 0 10.0 21 70 M M 2 33 30
8 86 70 78 6 0 13 T 0.0 0 12.5 23 30 M M 4 34 20
9 78 67 73 2 0 8 0.10 0.0 0 15.5 25 360 M M 8 1 37 350
10 76 67 72 1 0 7 2.10 0.0 0 19.8 37 310 M M 10 1 54 320
11 82 72 77 6 0 12 0.01 0.0 0 8.9 17 210 M M 3 24 200
12 81 66 74 3 0 9 0.00 0.0 0 3.5 10 300 M M 1 1 16 260
13 81 64 73 3 0 8 0.00 0.0 0 6.6 20 320 M M 4 25 320
14 79 65 72 2 0 7 0.00 0.0 0 6.4 13 70 M M 6 1 17 70
15 81 67 74 4 0 9 0.00 0.0 0 7.1 16 200 M M 0 23 190
16 77 64 71 1 0 6 0.00 0.0 0 7.2 15 320 M M 7 20 330
17 70 56 63 -7 2 0 0.00 0.0 0 8.8 17 30 M M 1 25 50
18 70 52 61 -8 4 0 0.00 0.0 0 8.3 15 40 M M 0 21 40
19 77 56 67 -2 0 2 0.00 0.0 0 10.2 18 40 M M 3 26 30
20 63 54 59 -10 6 0 0.20 0.0 0 12.9 21 60 M M 10 1 32 30
21 80 58 69 0 0 4 T 0.0 0 13.0 23 80 M M 7 32 70
22 78 66 72 3 0 7 0.00 0.0 0 9.6 16 60 M M 7 24 20
23 82 67 75 7 0 10 T 0.0 0 7.1 13 70 M M 6 1 20 280
24 81 69 75 7 0 10 0.00 0.0 0 5.9 13 50 M M 5 1 17 50
25 80 69 75 7 0 10 0.00 0.0 0 3.9 13 210 M M 1 12 16 310
26 83 69 76 8 0 11 0.00 0.0 0 3.7 14 300 M M 6 12 17 300
27 81 67 74 6 0 9 0.15 0.0 0 8.4 18 210 M M 4 1 26 210
28 78 62 70 2 0 5 0.00 0.0 0 3.4 10 40 M M 3 1 14 50
29 84 60 72 4 0 7 0.00 0.0 0 7.7 16 120 M M 0 21 120
30 80 64 72 5 0 7 0.00 0.0 0 5.8 17 360 M M 0 23 10
================================================================================
SM 2422 1964 12 261 2.63 0.0 249.4 M 117
================================================================================
AV 80.7 65.5 8.3 FASTST M M 4 MAX(MPH)
MISC ----> 37 310 54 320
================================================================================
NOTES:
# LAST OF SEVERAL OCCURRENCES
COLUMN 17 PEAK WIND IN M.P.H.
PRELIMINARY LOCAL CLIMATOLOGICAL DATA (WS FORM: F-6) , PAGE 2
STATION: SARASOTA BRADENTON
MONTH: NOVEMBER
YEAR: 2022
LATITUDE: 27 23 N
LONGITUDE: 82 33 W
[TEMPERATURE DATA] [PRECIPITATION DATA] SYMBOLS USED IN COLUMN 16
AVERAGE MONTHLY: 73.1 TOTAL FOR MONTH: 2.63 1 = FOG OR MIST
DPTR FM NORMAL: 3.0 DPTR FM NORMAL: 0.82 2 = FOG REDUCING VISIBILITY
HIGHEST: 89 ON 6, 2 GRTST 24HR 2.20 ON 9-10 TO 1/4 MILE OR LESS
LOWEST: 52 ON 18 3 = THUNDER
SNOW, ICE PELLETS, HAIL 4 = ICE PELLETS
TOTAL MONTH: 0.0 INCH 5 = HAIL
GRTST 24HR 0.0 6 = FREEZING RAIN OR DRIZZLE
GRTST DEPTH: 0 7 = DUSTSTORM OR SANDSTORM:
VSBY 1/2 MILE OR LESS
8 = SMOKE OR HAZE
[NO. OF DAYS WITH] [WEATHER - DAYS WITH] 9 = BLOWING SNOW
X = TORNADO
MAX 32 OR BELOW: 0 0.01 INCH OR MORE: 8
MAX 90 OR ABOVE: 0 0.10 INCH OR MORE: 4
MIN 32 OR BELOW: 0 0.50 INCH OR MORE: 1
MIN 0 OR BELOW: 0 1.00 INCH OR MORE: 1
[HDD (BASE 65) ]
TOTAL THIS MO. 12 CLEAR (SCALE 0-3) 13
DPTR FM NORMAL -14 PTCLDY (SCALE 4-7) 14
TOTAL FM JUL 1 18 CLOUDY (SCALE 8-10) 3
DPTR FM NORMAL -9
[CDD (BASE 65) ]
TOTAL THIS MO. 261
DPTR FM NORMAL 83 [PRESSURE DATA]
TOTAL FM JAN 1 3834 HIGHEST SLP 30.23 ON 18
DPTR FM NORMAL 215 LOWEST SLP 29.45 ON 10
[REMARKS]
#FINAL-11-22#