000
CXUS54 KEPZ 011130
CF6SRR
PRELIMINARY LOCAL CLIMATOLOGICAL DATA (WS FORM: F-6)
STATION: RUIDOSO AWOS
MONTH: FEBRUARY
YEAR: 2022
LATITUDE: 33 28 N
LONGITUDE: 105 32 W
TEMPERATURE IN F: :PCPN: SNOW: WIND :SUNSHINE: SKY :PK WND
================================================================================
1 2 3 4 5 6A 6B 7 8 9 10 11 12 13 14 15 16 17 18
12Z AVG MX 2MIN
DY MAX MIN AVG DEP HDD CDD WTR SNW DPTH SPD SPD DIR MIN PSBL S-S WX SPD DR
================================================================================
1 50 32 41 M 24 0 0.00 M M 8.1 16 240 M M 4 31 0
2 36 7 22 M 43 0 0.03 M M 9.4 16 140 M M 9 18 17 140
3 18 1 10 M 55 0 0.00 M M 5.2 10 330 M M 5 1 M M
4 32 7 20 M 45 0 0.00 M M 6.1 14 310 M M 0 17 310
5 39 14 27 M 38 0 0.00 M M 6.7 12 310 M M 0 20 320
6 39 21 30 M 35 0 0.00 M M 8.9 16 310 M M 4 24 310
7 41 18 30 M 35 0 0.00 M M 7.4 15 320 M M 1 22 320
8 48 28 38 M 27 0 0.00 M M 10.6 18 330 M M 0 30 330
9 55 28 42 M 23 0 0.00 M M 7.3 16 310 M M 0 21 350
10 52 32 42 M 23 0 0.00 M M 7.4 15 320 M M 0 21 320
11 57 30 44 M 21 0 0.00 M M 12.3 20 300 M M 1 39 280
12 43 21 32 M 33 0 0.00 M M 9.0 17 140 M M 5 12 20 120
13 54 28 41 M 24 0 0.00 M M 8.7 13 320 M M 0 20 310
14 57 32 45 M 20 0 0.00 M M 9.2 15 340 M M 0 25 340
15 59 37 48 M 17 0 0.00 M M 20.0 44 230 M M 0 55 230
16 54 32 43 M 22 0 0.00 M M 26.4 39 220 M M 3 8 56 230
17 32 18 25 M 40 0 0.05 M M 7.5 16 260 M M 5 1 22 260
18 46 23 35 M 30 0 0.00 M M 9.9 18 320 M M 0 29 310
19 54 27 41 M 24 0 0.02 M M 6.5 14 220 M M 0 23 220
20 59 32 46 M 19 0 0.00 M M 9.1 22 240 M M 0 31 260
21 54 37 46 M 19 0 0.00 M M 24.1 36 230 M M 1 50 220
22 52 25 39 M 26 0 0.00 M M 24.9 39 230 M M 0 48 230
23 43 7 25 M 40 0 0.00 M M 12.0 20 220 M M 2 8 29 220
24 39 21 30 M 35 0 0.00 M M 12.1 27 290 M M 3 33 280
25 52 19 36 M 29 0 0.00 M M 7.3 24 220 M M 0 32 220
26 54 23 39 M 26 0 0.00 M M 5.4 15 140 M M 0 16 330
27 54 23 39 M 26 0 0.00 M M 5.5 13 340 M M 0 21 340
28 55 32 44 M 21 0 0.00 M M 6.6 10 260 M M 0 M M
================================================================================
SM 1328 655 820 0 0.10 M 293.6 M 43
================================================================================
AV 47.4 23.4 10.5 FASTST M M 2 MAX(MPH)
MISC ----> 44 230 56 230
================================================================================
NOTES:
# LAST OF SEVERAL OCCURRENCES
COLUMN 17 PEAK WIND IN M.P.H.
PRELIMINARY LOCAL CLIMATOLOGICAL DATA (WS FORM: F-6) , PAGE 2
STATION: RUIDOSO AWOS
MONTH: FEBRUARY
YEAR: 2022
LATITUDE: 33 28 N
LONGITUDE: 105 32 W
[TEMPERATURE DATA] [PRECIPITATION DATA] SYMBOLS USED IN COLUMN 16
AVERAGE MONTHLY: 35.4 TOTAL FOR MONTH: 0.10 1 = FOG OR MIST
DPTR FM NORMAL: 0.0 DPTR FM NORMAL: 0.10 2 = FOG REDUCING VISIBILITY
HIGHEST: 59 ON 20,15 GRTST 24HR 0.05 ON 17-17 TO 1/4 MILE OR LESS
LOWEST: 1 ON 3 3 = THUNDER
SNOW, ICE PELLETS, HAIL 4 = ICE PELLETS
TOTAL MONTH: M 5 = HAIL
GRTST 24HR M ON M 6 = FREEZING RAIN OR DRIZZLE
GRTST DEPTH: M ON M 7 = DUSTSTORM OR SANDSTORM:
VSBY 1/2 MILE OR LESS
8 = SMOKE OR HAZE
[NO. OF DAYS WITH] [WEATHER - DAYS WITH] 9 = BLOWING SNOW
X = TORNADO
MAX 32 OR BELOW: 3 0.01 INCH OR MORE: 3
MAX 90 OR ABOVE: 0 0.10 INCH OR MORE: 0
MIN 32 OR BELOW: 26 0.50 INCH OR MORE: 0
MIN 0 OR BELOW: 0 1.00 INCH OR MORE: 0
[HDD (BASE 65) ]
TOTAL THIS MO. 820 CLEAR (SCALE 0-3) 22
DPTR FM NORMAL M PTCLDY (SCALE 4-7) 5
TOTAL FM JUL 1 3160 CLOUDY (SCALE 8-10) 1
DPTR FM NORMAL M
[CDD (BASE 65) ]
TOTAL THIS MO. 0
DPTR FM NORMAL M [PRESSURE DATA]
TOTAL FM JAN 1 0 HIGHEST SLP M ON M
DPTR FM NORMAL M LOWEST SLP M ON M
[REMARKS]
#FINAL-02-22#