000
CXUS53 KEAX 010736
CF6STJ
PRELIMINARY LOCAL CLIMATOLOGICAL DATA (WS FORM: F-6)
STATION: ST. JOSEPH MO
MONTH: MAY
YEAR: 2023
LATITUDE: 39 46 N
LONGITUDE: 94 55 W
TEMPERATURE IN F: :PCPN: SNOW: WIND :SUNSHINE: SKY :PK WND
================================================================================
1 2 3 4 5 6A 6B 7 8 9 10 11 12 13 14 15 16 17 18
12Z AVG MX 2MIN
DY MAX MIN AVG DEP HDD CDD WTR SNW DPTH SPD SPD DIR MIN PSBL S-S WX SPD DR
================================================================================
1 66 40 53 -6 12 0 0.00 M M 15.1 30 310 M M 0 39 320
2 69 39 54 -5 11 0 0.00 M M 10.7 25 320 M M 0 36 310
3 74 31 53 -7 12 0 0.00 M M 2.3 9 340 M M 0 14 350
4 79 38 59 -1 6 0 T M M 8.7 23 200 M M 2 18 29 210
5 77 56 67 7 0 2 0.18 0.0 0 9.6 17 170 M M 9 18 22 160
6 93 63 78 17 0 13 0.00 M M 10.8 21 340 M M 6 18 27 130
7 92 55 74 13 0 9 0.92 M M 11.0 35 350 M M 1 1238 48 350
8 83 57 70 8 0 5 T M M 6.1 14 80 M M 1 13 20 80
9 80 61 71 9 0 6 0.01 M M 9.7 23 160 M M 1 3 28 160
10 84 59 72 10 0 7 0.00 M M 8.1 15 130 M M 0 21 130
11 73 64 69 6 0 4 0.10 M M 9.2 17 100 M M 6 1 26 70
12 85 68 77 14 0 12 T M M 9.5 21 320 M M 8 13 27 320
13 87 65 76 12 0 11 0.00 M M 7.5 18 250 M M 1 1 26 250
14 85 60 73 9 0 8 0.82 M M 3.7 17 60 M M 4 13 26 50
15 64 56 60 -4 5 0 1.37 M M 8.3 15 30 M M 10 1 20 40
16 74 56 65 0 0 0 0.05 M M 6.0 12 360 M M 7 1 15 350
17 83 51 67 2 0 2 0.00 M M 2.2 8 30 M M 0 1 10 30
18 84 55 70 4 0 5 T M M 5.3 20 300 M M 2 18 25 300
19 69 51 60 -6 5 0 0.01 M M 10.1 25 10 M M 4 18 34 10
20 73 42 58 -8 7 0 0.00 M M 3.5 12 10 M M 0 15 360
21 78 45 62 -5 3 0 0.00 M M 4.0 13 160 M M 1 128 18 160
22 81 49 65 -2 0 0 0.00 M M 4.2 16 180 M M 2 18 23 180
23 84 52 68 0 0 3 0.00 M M 4.3 15 120 M M 1 18 22 140
24 87 52 70 2 0 5 T M M 4.9 24 140 M M 1 38 30 140
25 86 59 73 5 0 8 0.00 M M 7.7 15 110 M M 3 1 22 90
26 81 54 68 -1 0 3 0.00 M M 7.9 16 100 M M 0 22 130
27 81 44 63 -6 2 0 0.00 M M 5.5 16 160 M M 0 22 150
28 84 49 67 -2 0 2 0.00 M M 3.9 15 130 M M 0 22 150
29 87 58 73 3 0 8 0.00 M M 5.8 15 150 M M 2 23 160
30 89 61 75 5 0 10 T M M 7.9 26 320 M M 2 138 31 330
31 84 65 75 5 0 10 0.07 M M 8.1 20 160 M M 4 13 24 170
================================================================================
SM 2496 1655 63 133 3.53 0.0 221.6 M 78
================================================================================
AV 80.5 53.4 7.1 FASTST M M 3 MAX(MPH)
MISC ----> 35 350 48 350
================================================================================
NOTES:
# LAST OF SEVERAL OCCURRENCES
COLUMN 17 PEAK WIND IN M.P.H.
PRELIMINARY LOCAL CLIMATOLOGICAL DATA (WS FORM: F-6) , PAGE 2
STATION: ST. JOSEPH MO
MONTH: MAY
YEAR: 2023
LATITUDE: 39 46 N
LONGITUDE: 94 55 W
[TEMPERATURE DATA] [PRECIPITATION DATA] SYMBOLS USED IN COLUMN 16
AVERAGE MONTHLY: 67.0 TOTAL FOR MONTH: 3.53 1 = FOG OR MIST
DPTR FM NORMAL: 2.2 DPTR FM NORMAL: -1.34 2 = FOG REDUCING VISIBILITY
HIGHEST: 93 ON 6 GRTST 24HR 2.11 ON 14-15 TO 1/4 MILE OR LESS
LOWEST: 31 ON 3 3 = THUNDER
SNOW, ICE PELLETS, HAIL 4 = ICE PELLETS
TOTAL MONTH: 0.0 INCH 5 = HAIL
GRTST 24HR 0.0 6 = FREEZING RAIN OR DRIZZLE
GRTST DEPTH: 0 7 = DUSTSTORM OR SANDSTORM:
VSBY 1/2 MILE OR LESS
8 = SMOKE OR HAZE
[NO. OF DAYS WITH] [WEATHER - DAYS WITH] 9 = BLOWING SNOW
X = TORNADO
MAX 32 OR BELOW: 0 0.01 INCH OR MORE: 9
MAX 90 OR ABOVE: 2 0.10 INCH OR MORE: 5
MIN 32 OR BELOW: 1 0.50 INCH OR MORE: 3
MIN 0 OR BELOW: 0 1.00 INCH OR MORE: 1
[HDD (BASE 65) ]
TOTAL THIS MO. 63 CLEAR (SCALE 0-3) 22
DPTR FM NORMAL -50 PTCLDY (SCALE 4-7) 7
TOTAL FM JUL 1 5337 CLOUDY (SCALE 8-10) 2
DPTR FM NORMAL -41
[CDD (BASE 65) ]
TOTAL THIS MO. 133
DPTR FM NORMAL 28 [PRESSURE DATA]
TOTAL FM JAN 1 148 HIGHEST SLP M ON M
DPTR FM NORMAL 22 LOWEST SLP 29.59 ON 7
[REMARKS]
#FINAL-05-23#