000
CXUS53 KEAX 010836
CF6STJ
PRELIMINARY LOCAL CLIMATOLOGICAL DATA (WS FORM: F-6)
STATION: ST. JOSEPH MO
MONTH: NOVEMBER
YEAR: 2022
LATITUDE: 39 46 N
LONGITUDE: 94 55 W
TEMPERATURE IN F: :PCPN: SNOW: WIND :SUNSHINE: SKY :PK WND
================================================================================
1 2 3 4 5 6A 6B 7 8 9 10 11 12 13 14 15 16 17 18
12Z AVG MX 2MIN
DY MAX MIN AVG DEP HDD CDD WTR SNW DPTH SPD SPD DIR MIN PSBL S-S WX SPD DR
================================================================================
1 77 32 55 7 10 0 0.00 M M 6.4 21 190 M M 0 1 25 200
2 73 46 60 12 5 0 0.00 M M 14.2 26 180 M M 0 36 200
3 73 58 66 19 0 1 0.00 M M 19.0 31 190 M M 4 44 180
4 68 37 53 6 12 0 1.72 M M 12.9 30 280 M M 10 13 43 270
5 54 35 45 -1 20 0 0.73 M M 14.2 25 300 M M 4 1 33 320
6 62 34 48 2 17 0 0.00 M M 9.4 20 20 M M 0 26 200
7 56 34 45 -1 20 0 0.00 M M 11.0 17 90 M M 1 27 110
8 63 45 54 9 11 0 0.00 M M 10.5 18 140 M M 9 27 160
9 71 55 63 18 2 0 0.00 M M 15.0 26 190 M M 6 36 190
10 72 33 53 9 12 0 0.06 M M 17.6 28 340 M M 9 13 35 190
11 36 22 29 -15 36 0 0.00 M M 15.7 25 340 M M 0 33 350
12 28 14 21 -22 44 0 0.00 M M 9.8 22 340 M M 8 28 340
13 40 12 26 -17 39 0 0.00 M M 5.6 15 120 M M 2 12 20 130
14 43 30 37 -6 28 0 0.11 M M 5.7 14 110 M M 10 1 18 110
15 36 21 29 -13 36 0 0.03 M M 8.2 20 300 M M 6 1 27 300
16 31 17 24 -18 41 0 0.00 M M 10.2 22 310 M M 5 1 29 320
17 40 16 28 -13 37 0 0.00 M M 10.1 24 310 M M 4 32 310
18 26 15 21 -20 44 0 0.00 M M 11.7 22 320 M M 1 31 310
19 34 15 25 -15 40 0 0.00 M M 13.1 26 330 M M 1 34 340
20 49 13 31 -9 34 0 0.00 M M 10.7 24 210 M M 0 32 210
21 54 16 35 -5 30 0 0.00 M M 2.8 9 210 M M 0 12 190
22 62 15 39 0 26 0 0.00 M M 4.2 16 220 M M 0 1 19 220
23 59 24 42 3 23 0 0.01 M M 7.8 20 180 M M 4 12 25 200
24 54 30 42 4 23 0 0.00 M M 5.9 16 340 M M 6 12 21 330
25 53 20 37 -1 28 0 0.00 M M 2.6 12 190 M M 0 12 14 190
26 51 18 35 -3 30 0 0.00 M M 2.9 14 340 M M 2 12 16 340
27 46 25 36 -1 29 0 0.01 M M 11.5 24 340 M M 3 33 340
28 56 19 38 1 27 0 0.00 M M 6.8 17 180 M M 0 12 23 190
29 56 23 40 4 25 0 0.00 M M 15.1 31 330 M M 4 41 330
30 34 12 23 -13 42 0 0.00 M M 7.2 18 290 M M 0 26 300
================================================================================
SM 1557 786 771 1 2.67 M 297.8 M 99
================================================================================
AV 51.9 26.2 9.9 FASTST M M 3 MAX(MPH)
MISC ----> # 31 190 44 180
================================================================================
NOTES:
# LAST OF SEVERAL OCCURRENCES
COLUMN 17 PEAK WIND IN M.P.H.
PRELIMINARY LOCAL CLIMATOLOGICAL DATA (WS FORM: F-6) , PAGE 2
STATION: ST. JOSEPH MO
MONTH: NOVEMBER
YEAR: 2022
LATITUDE: 39 46 N
LONGITUDE: 94 55 W
[TEMPERATURE DATA] [PRECIPITATION DATA] SYMBOLS USED IN COLUMN 16
AVERAGE MONTHLY: 39.1 TOTAL FOR MONTH: 2.67 1 = FOG OR MIST
DPTR FM NORMAL: -2.9 DPTR FM NORMAL: 0.80 2 = FOG REDUCING VISIBILITY
HIGHEST: 77 ON 1 GRTST 24HR 2.32 ON 4- 5 TO 1/4 MILE OR LESS
LOWEST: 12 ON 30,13 3 = THUNDER
SNOW, ICE PELLETS, HAIL 4 = ICE PELLETS
TOTAL MONTH: M 5 = HAIL
GRTST 24HR M ON M 6 = FREEZING RAIN OR DRIZZLE
GRTST DEPTH: M ON M 7 = DUSTSTORM OR SANDSTORM:
VSBY 1/2 MILE OR LESS
8 = SMOKE OR HAZE
[NO. OF DAYS WITH] [WEATHER - DAYS WITH] 9 = BLOWING SNOW
X = TORNADO
MAX 32 OR BELOW: 3 0.01 INCH OR MORE: 7
MAX 90 OR ABOVE: 0 0.10 INCH OR MORE: 3
MIN 32 OR BELOW: 21 0.50 INCH OR MORE: 2
MIN 0 OR BELOW: 0 1.00 INCH OR MORE: 1
[HDD (BASE 65) ]
TOTAL THIS MO. 771 CLEAR (SCALE 0-3) 16
DPTR FM NORMAL 80 PTCLDY (SCALE 4-7) 10
TOTAL FM JUL 1 1186 CLOUDY (SCALE 8-10) 4
DPTR FM NORMAL 94
[CDD (BASE 65) ]
TOTAL THIS MO. 1
DPTR FM NORMAL 0 [PRESSURE DATA]
TOTAL FM JAN 1 1173 HIGHEST SLP 30.53 ON 18
DPTR FM NORMAL -114 LOWEST SLP 29.40 ON 29
[REMARKS]
#FINAL-11-22#