000
CXUS53 KEAX 031012 RRA
CLSSTJ
CLIMATE REPORT
NATIONAL WEATHER SERVICE KANSAS CITY/PLEASANT HILL MO
409 AM CST FRI MAR 03 2023
...................................
...THE ST. JOSEPH MO CLIMATE SUMMARY FOR THE SEASON, FROM
12/1/2022 TO 2/28/2023...
CLIMATE NORMAL PERIOD: 1991 TO 2020
CLIMATE RECORD PERIOD: 1892 TO 2023
WEATHER OBSERVED NORMAL DEPART LAST YEAR`S
VALUE DATE(S) VALUE FROM VALUE DATE(S)
NORMAL
................................................................
TEMPERATURE (F)
RECORD
HIGH 83 02/24/1930
LOW -25 01/12/1974
HIGHEST 68 02/06 65 3 73 12/15
LOWEST -7 12/22 -3 -4 -3 01/02
02/04
AVG. MAXIMUM 42.4 40.4 2.0 44.8
AVG. MINIMUM 19.7 19.8 -0.1 17.9
MEAN 31.0 30.1 0.9 31.4
DAYS MAX >= 90 0 0.0 0.0 0
DAYS MAX <= 32 19 25.1 -6.1 20
DAYS MIN <= 32 82 80.2 1.8 85
DAYS MIN <= 0 3 6.3 -3.3 4
PRECIPITATION (INCHES)
RECORD
MAXIMUM 7.30 1985
MINIMUM 0.24 2003
TOTALS 5.41 2.91 2.50 0.25
DAILY AVG. 0.06 0.03 0.03 0.00
DAYS >= .01 20 15.9 4.1 MM
DAYS >= .10 9 7.3 1.7 MM
DAYS >= .50 4 1.5 2.5 MM
DAYS >= 1.00 1 0.3 0.7 MM
GREATEST
24 HR. TOTAL 1.80 02/26 TO 02/27
DEGREE DAYS
HEATING TOTAL 3039 3145 -106 2982
COOLING TOTAL 0 0 0 0
................................................................
WIND (MPH)
AVERAGE WIND SPEED 9.5
HIGHEST WIND SPEED/DIRECTION 37/330 DATE 12/02
HIGHEST GUST SPEED/DIRECTION 52/200 DATE 12/29
SKY COVER
POSSIBLE SUNSHINE (PERCENT) MM
AVERAGE SKY COVER 0.43
NUMBER OF DAYS FAIR 43
NUMBER OF DAYS PC 19
NUMBER OF DAYS CLOUDY 28
AVERAGE RH (PERCENT) 72
WEATHER CONDITIONS. NUMBER OF DAYS WITH
THUNDERSTORM 4 MIXED PRECIP 1
HEAVY RAIN 3 RAIN 8
LIGHT RAIN 18 FREEZING RAIN 1
LT FREEZING RAIN 5 HAIL 0
HEAVY SNOW 1 SNOW 1
LIGHT SNOW 17 SLEET 1
FOG 48 FOG W/VIS <= 1/4 MILE 8
HAZE 16
- INDICATES NEGATIVE NUMBERS.
R INDICATES RECORD WAS SET OR TIED.
MM INDICATES DATA IS MISSING.
T INDICATES TRACE AMOUNT.
$$