000
CXUS53 KLSX 021018 CCA
CF6STL
PRELIMINARY LOCAL CLIMATOLOGICAL DATA (WS FORM: F-6)
STATION: ST. LOUIS
MONTH: FEBRUARY
YEAR: 2022
LATITUDE: 38 45 N
LONGITUDE: 90 23 W
TEMPERATURE IN F: :PCPN: SNOW: WIND :SUNSHINE: SKY :PK WND
================================================================================
1 2 3 4 5 6A 6B 7 8 9 10 11 12 13 14 15 16 17 18
12Z AVG MX 2MIN
DY MAX MIN AVG DEP HDD CDD WTR SNW DPTH SPD SPD DIR MIN PSBL S-S WX SPD DR
================================================================================
1 63 34 49 16 16 0 0.59 0.0 0 9.4 20 10 M M 8 1 26 10
2 34 18 26 -7 39 0 0.49 1.8 T 13.5 22 350 M M 10 146 34 330
3 20 14 17 -17 48 0 0.47 4.9 4 13.5 21 360 M M 10 19 29 360
4 29 8 19 -15 46 0 0.00 0.0 6 8.0 15 250 M M 4 22 240
5 29 5 17 -17 48 0 0.00 0.0 6 8.7 17 320 M M 0 23 310
6 47 14 31 -3 34 0 0.00 0.0 5 5.4 14 210 M M 1 19 160
7 37 19 28 -6 37 0 0.00 0.0 5 5.2 8 100 M M 4 14 330
8 59 27 43 8 22 0 0.00 0.0 4 9.5 17 220 M M 4 22 230
9 55 34 45 10 20 0 0.00 0.0 2 8.6 25 270 M M 4 34 280
10 49 30 40 5 25 0 0.00 0.0 T 7.2 18 240 M M 3 24 230
11 50 30 40 4 25 0 0.10 0.0 0 12.7 24 330 M M 8 1 35 320
12 30 18 24 -12 41 0 T T 0 10.7 22 330 M M 6 30 310
13 36 18 27 -9 38 0 0.00 0.0 0 8.7 21 340 M M 4 27 320
14 46 20 33 -3 32 0 0.00 0.0 0 6.8 15 170 M M 4 20 190
15 64 25 45 8 20 0 0.00 0.0 0 12.9 24 190 M M 5 39 190
16 65 53 59 22 6 0 0.14 0.0 0 16.4 26 190 M M 9 1 38 190
17 58 16 37 0 28 0 1.41 0.8 0 14.8 28 330 M M 9 146 37 320
18 42 13 28 -10 37 0 0.00 0.0 1 9.2 20 210 M M 1 25 230
19 38 24 31 -7 34 0 0.00 0.0 T 9.5 20 360 M M 2 27 350
20 66 31 49 11 16 0 0.00 0.0 0 13.8 27 200 M M 1 38 210
21 67 40 54 15 11 0 T 0.0 0 13.3 28 150 M M 7 42 160
22 64 25 45 6 20 0 0.15 0.0 0 14.1 26 310 M M 10 37 290
23 25 18 22 -17 43 0 0.03 0.3 0 10.4 22 330 M M 9 16 28 330
24 30 23 27 -13 38 0 0.18 0.6 T 8.2 20 290 M M 10 146 28 290
25 28 22 25 -15 40 0 T T 1 9.9 22 290 M M 10 32 290
26 39 17 28 -12 37 0 0.00 0.0 1 2.6 9 130 M M 4 17 200
27 53 22 38 -3 27 0 0.00 0.0 0 3.7 12 240 M M 0 15 240
28 65 28 47 6 18 0 0.00 0.0 0 6.6 18 220 M M 4 24 220
================================================================================
SM 1288 646 846 0 3.56 8.4 273.3 M 151
================================================================================
AV 46.0 23.1 9.8 FASTST M M 5 MAX(MPH)
MISC ----> # 28 330 42 160
================================================================================
NOTES:
# LAST OF SEVERAL OCCURRENCES
COLUMN 17 PEAK WIND IN M.P.H.
PRELIMINARY LOCAL CLIMATOLOGICAL DATA (WS FORM: F-6) , PAGE 2
STATION: ST. LOUIS
MONTH: FEBRUARY
YEAR: 2022
LATITUDE: 38 45 N
LONGITUDE: 90 23 W
[TEMPERATURE DATA] [PRECIPITATION DATA] SYMBOLS USED IN COLUMN 16
AVERAGE MONTHLY: 34.5 TOTAL FOR MONTH: 3.56 1 = FOG OR MIST
DPTR FM NORMAL: -2.2 DPTR FM NORMAL: 1.33 2 = FOG REDUCING VISIBILITY
HIGHEST: 67 ON 21 GRTST 24HR 1.55 ON 16-17 TO 1/4 MILE OR LESS
LOWEST: 5 ON 5 3 = THUNDER
SNOW, ICE PELLETS, HAIL 4 = ICE PELLETS
TOTAL MONTH: 8.4 INCHES 5 = HAIL
GRTST 24HR 4.9 ON 3 6 = FREEZING RAIN OR DRIZZLE
GRTST DEPTH: 6 ON 5, 4 7 = DUSTSTORM OR SANDSTORM:
VSBY 1/2 MILE OR LESS
8 = SMOKE OR HAZE
[NO. OF DAYS WITH] [WEATHER - DAYS WITH] 9 = BLOWING SNOW
X = TORNADO
MAX 32 OR BELOW: 7 0.01 INCH OR MORE: 9
MAX 90 OR ABOVE: 0 0.10 INCH OR MORE: 8
MIN 32 OR BELOW: 24 0.50 INCH OR MORE: 2
MIN 0 OR BELOW: 0 1.00 INCH OR MORE: 1
[HDD (BASE 65) ]
TOTAL THIS MO. 846 CLEAR (SCALE 0-3) 7
DPTR FM NORMAL 53 PTCLDY (SCALE 4-7) 11
TOTAL FM JUL 1 3177 CLOUDY (SCALE 8-10) 10
DPTR FM NORMAL -342
[CDD (BASE 65) ]
TOTAL THIS MO. 0
DPTR FM NORMAL -1 [PRESSURE DATA]
TOTAL FM JAN 1 0 HIGHEST SLP M ON M
DPTR FM NORMAL 0 LOWEST SLP 29.63 ON 22
[REMARKS]
#FINAL-02-22#