000
CXUS55 KSTO 011300
CF6STO
PRELIMINARY LOCAL CLIMATOLOGICAL DATA (WS FORM: F-6)
STATION: SACRAMENTO CITY
MONTH: MARCH
YEAR: 2024
LATITUDE: 38 36 N
LONGITUDE: 121 23 W
TEMPERATURE IN F: :PCPN: SNOW: WIND :SUNSHINE: SKY :PK WND
================================================================================
1 2 3 4 5 6A 6B 7 8 9 10 11 12 13 14 15 16 17 18
12Z AVG MX 2MIN
DY MAX MIN AVG DEP HDD CDD WTR SNW DPTH SPD SPD DIR MIN PSBL S-S WX SPD DR
================================================================================
1 61 49 55 0 10 0 0.63 0.0 M M M M M M M M M
2 54 44 49 -7 16 0 0.17 0.0 M M M M M M M M M
3 55 42 49 -7 16 0 0.07 0.0 M M M M M M M M M
4 57 42 50 -6 15 0 0.00 0.0 M M M M M M M M M
5 63 45 54 -2 11 0 0.00 0.0 M M M M M M M M M
6 63 48 56 0 9 0 0.00 0.0 M M M M M M M M M
7 64 44 54 -2 11 0 0.00 0.0 M M M M M M M M M
8 69 43 56 0 9 0 0.00 0.0 M M M M M M M M M
9 64 47 56 0 9 0 0.00 0.0 M M M M M M M M M
10 65 48 57 0 8 0 0.00 0.0 M M M M M M M M M
11 65 52 59 2 6 0 0.01 0.0 M M M M M M M M M
12 65 49 57 0 8 0 0.07 0.0 M M M M M M M M M
13 66 45 56 -1 9 0 0.00 0.0 M M M M M M M M M
14 70 48 59 2 6 0 0.00 0.0 M M M M M M M M M
15 77 52 65 8 0 0 0.00 0.0 M M M M M M M M M
16 75 47 61 4 4 0 0.00 0.0 M M M M M M M M M
17 75 47 61 4 4 0 0.00 0.0 M M M M M M M M M
18 77 50 64 6 1 0 0.00 0.0 M M M M M M M M M
19 77 52 65 7 0 0 0.00 0.0 M M M M M M M M M
20 78 48 63 5 2 0 0.00 0.0 M M M M M M M M M
21 73 48 61 3 4 0 0.00 0.0 M M M M M M M M M
22 69 51 60 2 5 0 0.13 0.0 M M M M M M M M M
23 60 48 54 -4 11 0 0.17 0.0 M M M M M M M M M
24 66 48 57 -1 8 0 0.06 0.0 M M M M M M M M M
25 66 44 55 -3 10 0 0.00 0.0 M M M M M M M M M
26 68 47 58 0 7 0 0.00 0.0 M M M M M M M M M
27 59 46 53 -5 12 0 0.23 0.0 M M M M M M M M M
28 64 48 56 -2 9 0 0.01 0.0 M M M M M M M M M
29 56 46 51 -8 14 0 0.10 0.0 M M M M M M M M M
30 63 46 55 -4 10 0 0.38 0.0 M M M M M M M M M
31 69 49 59 0 6 0 0.01 0.0 M M M M M M M M M
================================================================================
SM 2053 1463 250 0 2.04 0.0 M M M
================================================================================
AV 66.2 47.2 M FASTST M M M MAX(MPH)
MISC ----> M M M M
================================================================================
NOTES:
# LAST OF SEVERAL OCCURRENCES
COLUMN 17 PEAK WIND IN M.P.H.
PRELIMINARY LOCAL CLIMATOLOGICAL DATA (WS FORM: F-6) , PAGE 2
STATION: SACRAMENTO CITY
MONTH: MARCH
YEAR: 2024
LATITUDE: 38 36 N
LONGITUDE: 121 23 W
[TEMPERATURE DATA] [PRECIPITATION DATA] SYMBOLS USED IN COLUMN 16
AVERAGE MONTHLY: 56.7 TOTAL FOR MONTH: 2.04 1 = FOG OR MIST
DPTR FM NORMAL: -0.5 DPTR FM NORMAL: -0.78 2 = FOG REDUCING VISIBILITY
HIGHEST: 78 ON 20 GRTST 24HR 0.63 ON 1- 1 TO 1/4 MILE OR LESS
LOWEST: 42 ON 3, 4 3 = THUNDER
SNOW, ICE PELLETS, HAIL 4 = ICE PELLETS
TOTAL MONTH: 0.0 INCH 5 = HAIL
GRTST 24HR 0.0 6 = FREEZING RAIN OR DRIZZLE
GRTST DEPTH: M ON M 7 = DUSTSTORM OR SANDSTORM:
VSBY 1/2 MILE OR LESS
8 = SMOKE OR HAZE
[NO. OF DAYS WITH] [WEATHER - DAYS WITH] 9 = BLOWING SNOW
X = TORNADO
MAX 32 OR BELOW: 0 0.01 INCH OR MORE: 13
MAX 90 OR ABOVE: 0 0.10 INCH OR MORE: 7
MIN 32 OR BELOW: 0 0.50 INCH OR MORE: 1
MIN 0 OR BELOW: 0 1.00 INCH OR MORE: 0
[HDD (BASE 65) ]
TOTAL THIS MO. 250 CLEAR (SCALE 0-3) 0
DPTR FM NORMAL 6 PTCLDY (SCALE 4-7) 0
TOTAL FM JUL 1 1629 CLOUDY (SCALE 8-10) 31
DPTR FM NORMAL -319
[CDD (BASE 65) ]
TOTAL THIS MO. 0
DPTR FM NORMAL -4 [PRESSURE DATA]
TOTAL FM JAN 1 0 HIGHEST SLP M ON M
DPTR FM NORMAL -4 LOWEST SLP M ON M
[REMARKS]
#FINAL-03-24#