984
CXUS55 KSTO 031729
CF6STO
PRELIMINARY LOCAL CLIMATOLOGICAL DATA (WS FORM: F-6)
STATION: SACRAMENTO CITY
MONTH: OCTOBER
YEAR: 2020
LATITUDE: 38 36 N
LONGITUDE: 121 23 W
TEMPERATURE IN F: :PCPN: SNOW: WIND :SUNSHINE: SKY :PK WND
================================================================================
1 2 3 4 5 6A 6B 7 8 9 10 11 12 13 14 15 16 17 18
12Z AVG MX 2MIN
DY MAX MIN AVG DEP HDD CDD WTR SNW DPTH SPD SPD DIR MIN PSBL S-S WX SPD DR
================================================================================
1 94 64 79 9 0 14 0.00 0.0 M M M M M M M M M
2 92 63 78 8 0 13 0.00 0.0 M M M M M M M M M
3 93 61 77 7 0 12 0.00 0.0 M M M M M M M M M
4 96 61 79 10 0 14 0.00 0.0 M M M M M M M M M
5 94 57 76 7 0 11 0.00 0.0 M M M M M M M M M
6 94 57 76 7 0 11 0.00 M M M M M M M M M M
7 90 58 74 6 0 9 0.00 M M M M M M M M M M
8 75 57 66 -2 0 1 0.00 M M M M M M M M M M
9 77 55 66 -2 0 1 0.00 0.0 M M M M M M M M M
10 81 57 69 2 0 4 0.00 0.0 M M M M M M M M M
11 82 58 70 3 0 5 0.00 0.0 M M M M M M M M M
12 87 53 70 3 0 5 0.00 0.0 M M M M M M M M M
13 90 56 73 7 0 8 0.00 0.0 M M M M M M M M M
14 92 63 78 12 0 13 0.00 0.0 M M M M M M M M M
15 92 64 78 12 0 13 0.00 0.0 M M M M M M M M M
16 93 61 77 11 0 12 0.00 0.0 M M M M M M M M M
17 94 56 75 10 0 10 0.00 M M M M M M M M M M
18 92 58 75 10 0 10 0.00 0.0 M M M M M M M M M
19 89 57 73 9 0 8 0.00 0.0 M M M M M M M M M
20 90 56 73 9 0 8 0.00 0.0 M M M M M M M M M
21 88 56 72 8 0 7 0.00 0.0 M M M M M M M M M
22 79 59 69 6 0 4 0.00 0.0 M M M M M M M M M
23 79 49 64 1 1 0 0.00 M M M M M M M M M M
24 75 50 63 0 2 0 0.00 M M M M M M M M M M
25 70 52 61 -1 4 0 0.00 0.0 M M M M M M M M M
26 74 50 62 0 3 0 0.00 0.0 M M M M M M M M M
27 77 47 62 0 3 0 0.00 0.0 M M M M M M M M M
28 79 45 62 1 3 0 0.00 M M M M M M M M M M
29 79 45 62 1 3 0 0.00 M M M M M M M M M M
30 79 45 62 2 3 0 0.00 0.0 M M M M M M M M M
31 80 46 63 3 2 0 0.00 0.0 M M M M M M M M M
================================================================================
SM 2646 1716 24 193 0.00 0.0 M M M
================================================================================
AV 85.4 55.4 M FASTST M M 1 MAX(MPH)
MISC ----> M M M M
================================================================================
NOTES:
# LAST OF SEVERAL OCCURRENCES
COLUMN 17 PEAK WIND IN M.P.H.
PRELIMINARY LOCAL CLIMATOLOGICAL DATA (WS FORM: F-6) , PAGE 2
STATION: SACRAMENTO CITY
MONTH: OCTOBER
YEAR: 2020
LATITUDE: 38 36 N
LONGITUDE: 121 23 W
[TEMPERATURE DATA] [PRECIPITATION DATA] SYMBOLS USED IN COLUMN 16
AVERAGE MONTHLY: 70.4 TOTAL FOR MONTH: 0.00 1 = FOG OR MIST
DPTR FM NORMAL: 5.0 DPTR FM NORMAL: -1.05 2 = FOG REDUCING VISIBILITY
HIGHEST: 96 ON 4 GRTST 24HR 0.00 ON 31-31 TO 1/4 MILE OR LESS
LOWEST: 45 ON 30,29 3 = THUNDER
SNOW, ICE PELLETS, HAIL 4 = ICE PELLETS
TOTAL MONTH: 0.0 INCH 5 = HAIL
GRTST 24HR 0.0 6 = FREEZING RAIN OR DRIZZLE
GRTST DEPTH: M ON M 7 = DUSTSTORM OR SANDSTORM:
VSBY 1/2 MILE OR LESS
8 = SMOKE OR HAZE
[NO. OF DAYS WITH] [WEATHER - DAYS WITH] 9 = BLOWING SNOW
X = TORNADO
MAX 32 OR BELOW: 0 0.01 INCH OR MORE: 0
MAX 90 OR ABOVE: 14 0.10 INCH OR MORE: 0
MIN 32 OR BELOW: 0 0.50 INCH OR MORE: 0
MIN 0 OR BELOW: 0 1.00 INCH OR MORE: 0
[HDD (BASE 65) ]
TOTAL THIS MO. 24 CLEAR (SCALE 0-3) 0
DPTR FM NORMAL -44 PTCLDY (SCALE 4-7) 0
TOTAL FM JUL 1 24 CLOUDY (SCALE 8-10) 0
DPTR FM NORMAL -51
[CDD (BASE 65) ]
TOTAL THIS MO. 193
DPTR FM NORMAL 114 [PRESSURE DATA]
TOTAL FM JAN 1 2191 HIGHEST SLP M ON M
DPTR FM NORMAL 724 LOWEST SLP M ON M
[REMARKS]
#FINAL-10-20#