000
CXUS54 KEPZ 011030
CF6SVC
PRELIMINARY LOCAL CLIMATOLOGICAL DATA (WS FORM: F-6)
STATION: SILVER CITY
MONTH: JUNE
YEAR: 2020
LATITUDE: 32 37 N
LONGITUDE: 108 10 W
TEMPERATURE IN F: :PCPN: SNOW: WIND :SUNSHINE: SKY :PK WND
================================================================================
1 2 3 4 5 6A 6B 7 8 9 10 11 12 13 14 15 16 17 18
12Z AVG MX 2MIN
DY MAX MIN AVG DEP HDD CDD WTR SNW DPTH SPD SPD DIR MIN PSBL S-S WX SPD DR
================================================================================
1 89 52 71 M 0 6 0.00 M M 7.0 13 20 M M 2 22 0
2 91 55 73 M 0 8 0.00 M M 8.0 23 30 M M 3 29 30
3 94 58 76 M 0 11 0.00 0.0 0 6.8 15 260 M M 1 30 260
4 97 59 78 M 0 13 0.00 M M 9.0 16 290 M M 4 23 240
5 99 65 82 M 0 17 0.07 M M 10.6 22 190 M M 4 39 190
6 91 62 77 M 0 12 0.12 M M 10.5 20 210 M M 2 3 32 220
7 87 50 69 M 0 4 0.00 M M 11.7 23 270 M M 3 28 230
8 82 52 67 M 0 2 0.00 M M 16.3 31 280 M M 0 39 280
9 82 35 59 M 6 0 0.00 M M 9.4 15 280 M M 1 20 280
10 87 42 65 M 0 0 0.00 M M 7.4 14 120 M M 0 22 120
11 93 50 72 M 0 7 0.00 M M 12.7 23 80 M M 1 32 80
12 91 55 73 M 0 8 0.10 M M 8.9 21 50 M M 2 3 37 340
13 87 54 71 M 0 6 0.00 M M 8.1 20 160 M M 2 3 31 90
14 89 56 73 M 0 8 0.00 M M 7.2 21 180 M M 1 28 180
15 88 55 72 M 0 7 0.16 0.0 0 8.5 24 50 M M 4 3 30 50
16 89 54 72 M 0 7 0.00 M M 8.2 28 260 M M 2 40 260
17 90 51 71 M 0 6 0.00 M M 12.4 24 270 M M 0 32 290
18 88 52 70 M 0 5 0.00 M M 11.9 20 270 M M 0 30 270
19 89 52 71 M 0 6 0.00 M M 11.0 18 260 M M 0 25 280
20 90 55 73 M 0 8 0.00 0.0 0 11.4 17 290 M M 0 28 270
21 92 57 75 M 0 10 0.00 0.0 0 10.5 17 300 M M 2 23 300
22 95 56 76 M 0 11 0.00 M M 12.5 18 290 M M 3 25 260
23 97 64 81 M 0 16 0.00 M M 11.1 17 300 M M 2 36 190
24 96 61 79 M 0 14 0.00 M M 5.7 13 30 M M 0 21 30
25 96 56 76 M 0 11 0.00 M M 5.8 12 270 M M 0 21 310
26 95 60 78 M 0 13 0.00 M M 10.7 21 280 M M 0 29 290
27 92 58 75 M 0 10 0.00 M M 11.9 25 220 M M 0 36 240
28 87 63 75 M 0 10 0.00 M M 13.6 27 270 M M 1 35 270
29 87 61 74 M 0 9 0.00 M M 15.8 29 280 M M 0 35 270
30 86 56 71 M 0 6 0.00 M M 12.9 20 260 M M 0 35 260
================================================================================
SM 2716 1656 6 251 0.45 0.0 307.3 M 40
================================================================================
AV 90.5 55.2 10.2 FASTST M M 1 MAX(MPH)
MISC ----> 31 280 40 260
================================================================================
NOTES:
# LAST OF SEVERAL OCCURRENCES
COLUMN 17 PEAK WIND IN M.P.H.
PRELIMINARY LOCAL CLIMATOLOGICAL DATA (WS FORM: F-6) , PAGE 2
STATION: SILVER CITY
MONTH: JUNE
YEAR: 2020
LATITUDE: 32 37 N
LONGITUDE: 108 10 W
[TEMPERATURE DATA] [PRECIPITATION DATA] SYMBOLS USED IN COLUMN 16
AVERAGE MONTHLY: 72.9 TOTAL FOR MONTH: 0.45 1 = FOG OR MIST
DPTR FM NORMAL: 0.0 DPTR FM NORMAL: M 2 = FOG REDUCING VISIBILITY
HIGHEST: 99 ON 5 GRTST 24HR 0.16 ON 15-15 TO 1/4 MILE OR LESS
LOWEST: 35 ON 9 3 = THUNDER
SNOW, ICE PELLETS, HAIL 4 = ICE PELLETS
TOTAL MONTH: 0.0 INCH 5 = HAIL
GRTST 24HR 0.0 6 = FREEZING RAIN OR DRIZZLE
GRTST DEPTH: 0 7 = DUSTSTORM OR SANDSTORM:
VSBY 1/2 MILE OR LESS
8 = SMOKE OR HAZE
[NO. OF DAYS WITH] [WEATHER - DAYS WITH] 9 = BLOWING SNOW
X = TORNADO
MAX 32 OR BELOW: 0 0.01 INCH OR MORE: 4
MAX 90 OR ABOVE: 16 0.10 INCH OR MORE: 3
MIN 32 OR BELOW: 0 0.50 INCH OR MORE: 0
MIN 0 OR BELOW: 0 1.00 INCH OR MORE: 0
[HDD (BASE 65) ]
TOTAL THIS MO. 6 CLEAR (SCALE 0-3) 26
DPTR FM NORMAL M PTCLDY (SCALE 4-7) 4
TOTAL FM JUL 1 3736 CLOUDY (SCALE 8-10) 0
DPTR FM NORMAL M
[CDD (BASE 65) ]
TOTAL THIS MO. 251
DPTR FM NORMAL M [PRESSURE DATA]
TOTAL FM JAN 1 332 HIGHEST SLP M ON M
DPTR FM NORMAL M LOWEST SLP M ON M
[REMARKS]
#FINAL-06-20#