000
CXUS54 KOUN 230810
CF6SWO
PRELIMINARY LOCAL CLIMATOLOGICAL DATA (WS FORM: F-6)
STATION: STILLWATER
MONTH: APRIL
YEAR: 2024
LATITUDE: 36 10 N
LONGITUDE: 97 5 W
TEMPERATURE IN F: :PCPN: SNOW: WIND :SUNSHINE: SKY :PK WND
================================================================================
1 2 3 4 5 6A 6B 7 8 9 10 11 12 13 14 15 16 17 18
12Z AVG MX 2MIN
DY MAX MIN AVG DEP HDD CDD WTR SNW DPTH SPD SPD DIR MIN PSBL S-S WX SPD DR
================================================================================
1 82 51 67 10 0 2 0.99 M M 10.8 25 250 M M 6 13 36 230
2 61 43 52 -6 13 0 0.00 M M 11.6 22 340 M M 6 1 34 320
3 65 38 52 -6 13 0 0.00 M M 11.2 26 350 M M 2 38 340
4 71 35 53 -5 12 0 0.00 M M 5.8 14 360 M M 0 20 50
5 82 43 63 5 2 0 0.00 M M 10.6 21 140 M M 1 8 26 170
6 80 57 69 11 0 4 0.20 M M 18.3 35 170 M M 3 1 48 180
7 75 51 63 4 2 0 0.00 M M 11.0 20 240 M M 0 31 240
8 73 45 59 0 6 0 0.00 M M 7.2 14 30 M M 1 8 18 80
9 75 53 64 5 1 0 0.26 M M 12.8 22 60 M M 3 38 30 60
10 67 48 58 -2 7 0 0.67 M M 8.8 21 20 M M 7 1 29 10
11 70 41 56 -4 9 0 T M M 11.0 25 330 M M 0 42 320
12 82 37 60 0 5 0 T M M 7.4 18 210 M M 0 26 130
13 86 54 70 10 0 5 0.00 M M 14.7 30 180 M M 0 45 180
14 92 63 78 17 0 13 0.00 0.0 M 11.6 18 200 M M 0 26 200
15 76 65 71 10 0 6 0.00 0.0 M 17.3 32 150 M M 6 1 45 150
16 86 60 73 12 0 8 0.00 0.0 M 16.4 30 240 M M 4 3 41 240
17 91 52 72 11 0 7 0.00 0.0 M 12.2 26 170 M M 1 33 170
18 80 48 64 2 1 0 0.00 M M 15.5 29 340 M M 8 39 340
19 67 45 56 -6 9 0 0.00 M M 11.3 21 50 M M 0 31 30
20 64 45 55 -7 10 0 0.00 M M 13.5 24 20 M M 2 33 40
21 66 37 52 -10 13 0 0.00 M M 7.8 16 20 M M 0 M M
22 75 35 55 -8 10 0 0.00 M M 12.7 28 180 M M M 37 180
================================================================================
SM 1666 1046 113 45 2.12 0.0 259.5 M 50
================================================================================
AV 75.7 47.5 11.8 FASTST M M 2 MAX(MPH)
MISC ----> 35 170 48 180
================================================================================
NOTES:
# LAST OF SEVERAL OCCURRENCES
COLUMN 17 PEAK WIND IN M.P.H.
PRELIMINARY LOCAL CLIMATOLOGICAL DATA (WS FORM: F-6) , PAGE 2
STATION: STILLWATER
MONTH: APRIL
YEAR: 2024
LATITUDE: 36 10 N
LONGITUDE: 97 5 W
[TEMPERATURE DATA] [PRECIPITATION DATA] SYMBOLS USED IN COLUMN 16
AVERAGE MONTHLY: 61.6 TOTAL FOR MONTH: 2.12 1 = FOG OR MIST
DPTR FM NORMAL: 1.7 DPTR FM NORMAL: -0.39 2 = FOG REDUCING VISIBILITY
HIGHEST: 92 ON 14 GRTST 24HR 0.99 ON 1- 1 TO 1/4 MILE OR LESS
LOWEST: 35 ON 22, 4 3 = THUNDER
SNOW, ICE PELLETS, HAIL 4 = ICE PELLETS
TOTAL MONTH: 0.0 INCH 5 = HAIL
GRTST 24HR 0.0 6 = FREEZING RAIN OR DRIZZLE
GRTST DEPTH: M ON M 7 = DUSTSTORM OR SANDSTORM:
VSBY 1/2 MILE OR LESS
8 = SMOKE OR HAZE
[NO. OF DAYS WITH] [WEATHER - DAYS WITH] 9 = BLOWING SNOW
X = TORNADO
MAX 32 OR BELOW: 0 0.01 INCH OR MORE: 4
MAX 90 OR ABOVE: 2 0.10 INCH OR MORE: 4
MIN 32 OR BELOW: 0 0.50 INCH OR MORE: 2
MIN 0 OR BELOW: 0 1.00 INCH OR MORE: 0
[HDD (BASE 65) ]
TOTAL THIS MO. 113 CLEAR (SCALE 0-3) 13
DPTR FM NORMAL -41 PTCLDY (SCALE 4-7) 7
TOTAL FM JUL 1 2924 CLOUDY (SCALE 8-10) 2
DPTR FM NORMAL -452
[CDD (BASE 65) ]
TOTAL THIS MO. 45
DPTR FM NORMAL 3 [PRESSURE DATA]
TOTAL FM JAN 1 70 HIGHEST SLP M ON M
DPTR FM NORMAL 8 LOWEST SLP 29.43 ON 1
[REMARKS]