000
CXUS51 KBGM 010602
CLSSYR
CLIMATE REPORT
NATIONAL WEATHER SERVICE BINGHAMTON,NY
102 AM EST FRI MAR 01 2024
...................................
...THE SYRACUSE NY CLIMATE SUMMARY FOR THE SEASON, FROM
12/1/2023 TO 2/29/2024...
CLIMATE NORMAL PERIOD 1991 TO 2020
CLIMATE RECORD PERIOD 1902 TO 2024
WEATHER OBSERVED NORMAL DEPART LAST YEAR`S
VALUE DATE(S) VALUE FROM VALUE DATE(S)
NORMAL
................................................................
TEMPERATURE (F)
RECORD
HIGH 75 02/21/2018
LOW -26 02/18/1979
01/26/1966
HIGHEST 71 02/27 34 37 69 02/15
LOWEST 7 02/20 18 -11 -13 02/04
01/20
AVG. MAXIMUM 40.6 34.1 6.5 39.5
AVG. MINIMUM 27.9 19.2 8.7 24.6
MEAN 34.2 26.7 7.5 32.0
DAYS MAX >= 90 0 0.0 0.0 0
DAYS MAX <= 32 19 38.5 -19.5 17
DAYS MIN <= 32 60 78.4 -18.4 74
DAYS MIN <= 0 0 7.1 -7.1 2
PRECIPITATION (INCHES)
RECORD
MAXIMUM 12.98 1959
MINIMUM 4.57 1979
TOTALS 10.73 8.32 2.41 9.90
DAILY AVG. 0.12 NAN NAN 0.11
DAYS >= .01 54 54.0 0.0 51
DAYS >= .10 23 22.1 0.9 28
DAYS >= .50 6 4.0 2.0 7
DAYS >= 1.00 2 0.8 1.2 0
GREATEST
24 HR. TOTAL 1.77 12/17 TO 12/18 1.17 12/15 TO 12/16
STORM TOTAL 1.59 0.84
(MM/DD(HH)) MM
SNOWFALL (INCHES)
RECORDS
TOTAL 159.7 2011
24 HR TOTAL 22.0 01/31/1966 TO 01/31/1966
SNOW DEPTH 48 02/01/1966
02/21/1958
02/20/1958
TOTALS 40.1 94.9 -54.8 48.2
SINCE 7/1 45.6 104.9 -59.3 MM
SNOWDEPTH AVG. 1 2
DAYS >= TRACE 46 46.6 -0.6 55
DAYS >= 1.0 11 25.5 -14.5 16
GREATEST
SNOW DEPTH 9 01/08 7 02/04
12/16
24 HR TOTAL 10.1 6.1 12/15 TO 12/16
STORM TOTAL 10.0 MM
(MM/DD(HH)) MM
DEGREE DAYS
HEATING TOTAL 2781 3445 -664 2949
SINCE 7/1 3876 4828 -952 MM
COOLING TOTAL 0 0 0 0
SINCE 1/1 0 0 0 MM
FREEZE DATES
RECORD
EARLIEST 09/23/1963
LATEST 05/24/1963
EARLIEST 11/02
LATEST 05/18
................................................................
WIND (MPH)
AVERAGE WIND SPEED 8.5
RESULTANT WIND SPEED/DIRECTION 3/260
HIGHEST WIND SPEED/DIRECTION 40/250 DATE 02/28
HIGHEST GUST SPEED/DIRECTION 58/250 DATE 02/16
SKY COVER
POSSIBLE SUNSHINE (PERCENT) MM
AVERAGE SKY COVER 0.84
AVERAGE RH (PERCENT) 70
WEATHER CONDITIONS. NUMBER OF DAYS WITH
THUNDERSTORM 1 MIXED PRECIP 2
HEAVY RAIN 4 RAIN 8
LIGHT RAIN 38 FREEZING RAIN 0
LT FREEZING RAIN 0 HAIL 4
HEAVY SNOW 6 SNOW 9
LIGHT SNOW 46 SLEET 6
FOG 48 FOG W/VIS <= 1/4 MILE 6
HAZE 18
- INDICATES NEGATIVE NUMBERS.
R INDICATES RECORD WAS SET OR TIED.
MM INDICATES DATA IS MISSING.
T INDICATES TRACE AMOUNT.
$$