000
CXUS54 KEPZ 011030
CF6TCS
PRELIMINARY LOCAL CLIMATOLOGICAL DATA (WS FORM: F-6)
STATION: TRUTH OR CONSEQUENCES
MONTH: SEPTEMBER
YEAR: 2021
LATITUDE: 33 13 N
LONGITUDE: 107 16 W
TEMPERATURE IN F: :PCPN: SNOW: WIND :SUNSHINE: SKY :PK WND
================================================================================
1 2 3 4 5 6A 6B 7 8 9 10 11 12 13 14 15 16 17 18
12Z AVG MX 2MIN
DY MAX MIN AVG DEP HDD CDD WTR SNW DPTH SPD SPD DIR MIN PSBL S-S WX SPD DR
================================================================================
1 84 67 76 0 0 11 0.02 M M 8.4 25 180 M M 6 37 180
2 88 62 75 -1 0 10 0.00 M M 4.9 13 90 M M 2 19 10
3 92 65 79 3 0 14 0.00 M M 5.9 16 280 M M 2 20 280
4 83 64 74 -2 0 9 0.18 M M 5.5 20 110 M M 5 13 27 120
5 87 68 78 3 0 13 0.00 M M 5.5 17 270 M M 1 3 24 260
6 90 63 77 2 0 12 0.00 M M 5.5 12 100 M M 0 16 180
7 94 65 80 5 0 15 0.00 M M 5.2 17 40 M M 0 22 50
8 92 66 79 4 0 14 0.00 M M 6.8 16 30 M M 0 23 20
9 93 67 80 6 0 15 0.00 M M 6.9 14 160 M M 0 19 170
10 93 64 79 5 0 14 0.00 M M 5.8 13 180 M M 0 22 170
11 95 64 80 6 0 15 0.00 M M 6.0 15 300 M M 0 19 290
12 93 61 77 3 0 12 0.00 M M 5.6 13 140 M M 0 17 140
13 94 60 77 4 0 12 0.00 M M 7.6 15 190 M M 0 23 130
14 95 64 80 7 0 15 0.07 M M 6.5 24 250 M M 1 32 240
15 92 67 80 7 0 15 T M M 9.5 32 230 M M 0 3 46 230
16 94 62 78 6 0 13 0.00 M M 8.8 21 240 M M 0 30 240
17 94 65 80 8 0 15 0.00 M M 6.5 16 310 M M 0 20 310
18 93 67 80 8 0 15 0.00 M M 7.9 20 180 M M 0 29 180
19 92 67 80 8 0 15 0.00 M M 7.5 24 170 M M 1 32 160
20 92 68 80 9 0 15 0.00 M M 7.7 20 330 M M 0 28 360
21 83 64 74 3 0 9 0.00 M M 11.1 25 30 M M 0 34 20
22 83 54 69 -2 0 4 0.00 M M 8.4 18 190 M M 0 23 180
23 87 57 72 2 0 7 0.00 M M 5.5 23 190 M M 0 31 200
24 81 58 70 0 0 5 0.10 M M 4.7 17 190 M M 2 21 180
25 76 59 68 -2 0 3 0.27 M M 5.1 25 150 M M 6 13 33 170
26 78 58 68 -1 0 3 0.10 M M 3.4 22 310 M M 4 13 30 310
27 74 54 64 -5 1 0 0.07 M M 5.5 20 250 M M 4 3 27 240
28 78 56 67 -2 0 2 0.03 M M 8.0 22 260 M M 5 13 30 290
29 79 54 67 -1 0 2 0.00 M M 5.8 20 310 M M 1 31 320
30 68 54 61 -7 4 0 T M M 5.4 26 230 M M 5 33 230
================================================================================
SM 2617 1864 5 304 0.84 M 196.9 M 45
================================================================================
AV 87.2 62.1 6.6 FASTST M M 2 MAX(MPH)
MISC ----> 32 230 46 230
================================================================================
NOTES:
# LAST OF SEVERAL OCCURRENCES
COLUMN 17 PEAK WIND IN M.P.H.
PRELIMINARY LOCAL CLIMATOLOGICAL DATA (WS FORM: F-6) , PAGE 2
STATION: TRUTH OR CONSEQUENCES
MONTH: SEPTEMBER
YEAR: 2021
LATITUDE: 33 13 N
LONGITUDE: 107 16 W
[TEMPERATURE DATA] [PRECIPITATION DATA] SYMBOLS USED IN COLUMN 16
AVERAGE MONTHLY: 74.7 TOTAL FOR MONTH: 0.84 1 = FOG OR MIST
DPTR FM NORMAL: 2.3 DPTR FM NORMAL: -0.86 2 = FOG REDUCING VISIBILITY
HIGHEST: 95 ON 14,11 GRTST 24HR 0.27 ON 25-25 TO 1/4 MILE OR LESS
LOWEST: 54 ON 30,29 3 = THUNDER
SNOW, ICE PELLETS, HAIL 4 = ICE PELLETS
TOTAL MONTH: M 5 = HAIL
GRTST 24HR M ON M 6 = FREEZING RAIN OR DRIZZLE
GRTST DEPTH: M ON M 7 = DUSTSTORM OR SANDSTORM:
VSBY 1/2 MILE OR LESS
8 = SMOKE OR HAZE
[NO. OF DAYS WITH] [WEATHER - DAYS WITH] 9 = BLOWING SNOW
X = TORNADO
MAX 32 OR BELOW: 0 0.01 INCH OR MORE: 8
MAX 90 OR ABOVE: 16 0.10 INCH OR MORE: 4
MIN 32 OR BELOW: 0 0.50 INCH OR MORE: 0
MIN 0 OR BELOW: 0 1.00 INCH OR MORE: 0
[HDD (BASE 65) ]
TOTAL THIS MO. 5 CLEAR (SCALE 0-3) 23
DPTR FM NORMAL -3 PTCLDY (SCALE 4-7) 7
TOTAL FM JUL 1 5 CLOUDY (SCALE 8-10) 0
DPTR FM NORMAL 1
[CDD (BASE 65) ]
TOTAL THIS MO. 304
DPTR FM NORMAL 72 [PRESSURE DATA]
TOTAL FM JAN 1 1853 HIGHEST SLP 30.29 ON 22
DPTR FM NORMAL 72 LOWEST SLP 29.65 ON 1
[REMARKS]
#FINAL-09-21#