034
CXUS54 KEPZ 020707
CF6TCS
PRELIMINARY LOCAL CLIMATOLOGICAL DATA (WS FORM: F-6)
STATION: TRUTH OR CONSEQUENCES
MONTH: OCTOBER
YEAR: 2020
LATITUDE: 33 13 N
LONGITUDE: 107 16 W
TEMPERATURE IN F: :PCPN: SNOW: WIND :SUNSHINE: SKY :PK WND
================================================================================
1 2 3 4 5 6A 6B 7 8 9 10 11 12 13 14 15 16 17 18
12Z AVG MX 2MIN
DY MAX MIN AVG DEP HDD CDD WTR SNW DPTH SPD SPD DIR MIN PSBL S-S WX SPD DR
================================================================================
1 89 52 71 5 0 6 0.00 M M 7.0 20 150 M M 0 26 160
2 88 53 71 5 0 6 0.00 M M 9.2 20 180 M M 0 27 170
3 89 56 73 7 0 8 0.00 M M 7.8 16 50 M M 0 24 70
4 85 51 68 3 0 3 0.00 M M 7.5 18 200 M M 0 24 190
5 92 54 73 8 0 8 0.00 M M 5.6 13 330 M M 0 20 320
6 90 57 74 10 0 9 0.00 M M 7.2 13 40 M M 0 19 30
7 90 53 72 8 0 7 0.00 M M 6.6 15 210 M M 0 21 210
8 90 56 73 9 0 8 0.00 M M 6.7 14 210 M M 0 19 200
9 90 54 72 8 0 7 0.00 M M 6.7 16 180 M M 0 24 170
10 90 55 73 10 0 8 0.00 M M 7.6 23 170 M M 0 34 170
11 90 54 72 9 0 7 0.00 M M 9.1 23 280 M M 0 33 280
12 84 56 70 8 0 5 0.00 M M 7.2 15 190 M M 0 19 180
13 87 54 71 9 0 6 0.00 M M 6.8 13 10 M M 0 19 20
14 95 57 76 14 0 11 0.00 M M 7.3 18 330 M M 0 27 340
15 88 62 75 14 0 10 0.00 M M 8.1 16 200 M M 0 25 330
16 77 53 65 4 0 0 0.00 M M 7.1 15 200 M M 0 22 200
17 88 50 69 8 0 4 0.00 M M 8.6 16 190 M M 0 23 200
18 89 56 73 13 0 8 0.00 M M 9.5 18 310 M M 0 24 310
19 88 57 73 13 0 8 0.00 M M 9.2 16 180 M M 0 22 310
20 87 53 70 10 0 5 0.00 M M 7.0 14 180 M M 0 19 190
21 88 53 71 12 0 6 0.00 M M 9.5 23 220 M M 0 39 190
22 87 54 71 12 0 6 0.00 M M 7.5 16 270 M M 0 23 240
23 83 52 68 10 0 3 0.00 M M 8.2 22 180 M M 0 8 28 180
24 81 51 66 8 0 1 0.00 M M 6.0 18 190 M M 0 25 200
25 81 60 71 13 0 6 0.00 M M 13.7 28 210 M M 0 39 200
26 68 24 46 -11 19 0 0.10 M M 17.3 32 40 M M 5 47 30
27 36 22 29 -28 36 0 0.18 M M 14.5 25 30 M M 10 1 39 30
28 56 28 42 -15 23 0 T M M 4.1 14 240 M M 3 12 18 230
29 64 35 50 -6 15 0 0.00 M M 5.2 16 190 M M 0 21 200
30 69 40 55 -1 10 0 0.00 M M 5.7 12 220 M M 0 17 200
31 77 43 60 4 5 0 0.00 M M 6.4 12 70 M M 0 16 70
================================================================================
SM 2556 1555 108 156 0.28 M 249.9 M 18
================================================================================
AV 82.5 50.2 8.1 FASTST M M 1 MAX(MPH)
MISC ----> 32 40 47 30
================================================================================
NOTES:
# LAST OF SEVERAL OCCURRENCES
COLUMN 17 PEAK WIND IN M.P.H.
PRELIMINARY LOCAL CLIMATOLOGICAL DATA (WS FORM: F-6) , PAGE 2
STATION: TRUTH OR CONSEQUENCES
MONTH: OCTOBER
YEAR: 2020
LATITUDE: 33 13 N
LONGITUDE: 107 16 W
[TEMPERATURE DATA] [PRECIPITATION DATA] SYMBOLS USED IN COLUMN 16
AVERAGE MONTHLY: 66.3 TOTAL FOR MONTH: 0.28 1 = FOG OR MIST
DPTR FM NORMAL: 5.3 DPTR FM NORMAL: -0.82 2 = FOG REDUCING VISIBILITY
HIGHEST: 95 ON 14 GRTST 24HR 0.22 ON 26-27 TO 1/4 MILE OR LESS
LOWEST: 22 ON 27 3 = THUNDER
SNOW, ICE PELLETS, HAIL 4 = ICE PELLETS
TOTAL MONTH: M 5 = HAIL
GRTST 24HR M ON M 6 = FREEZING RAIN OR DRIZZLE
GRTST DEPTH: M ON M 7 = DUSTSTORM OR SANDSTORM:
VSBY 1/2 MILE OR LESS
8 = SMOKE OR HAZE
[NO. OF DAYS WITH] [WEATHER - DAYS WITH] 9 = BLOWING SNOW
X = TORNADO
MAX 32 OR BELOW: 0 0.01 INCH OR MORE: 2
MAX 90 OR ABOVE: 8 0.10 INCH OR MORE: 2
MIN 32 OR BELOW: 3 0.50 INCH OR MORE: 0
MIN 0 OR BELOW: 0 1.00 INCH OR MORE: 0
[HDD (BASE 65) ]
TOTAL THIS MO. 108 CLEAR (SCALE 0-3) 28
DPTR FM NORMAL -46 PTCLDY (SCALE 4-7) 2
TOTAL FM JUL 1 142 CLOUDY (SCALE 8-10) 1
DPTR FM NORMAL -25
[CDD (BASE 65) ]
TOTAL THIS MO. 156
DPTR FM NORMAL 128 [PRESSURE DATA]
TOTAL FM JAN 1 2490 HIGHEST SLP 30.29 ON 29
DPTR FM NORMAL 868 LOWEST SLP 29.52 ON 26
[REMARKS]
#FINAL-10-20#