000
CXUS52 KTAE 010900
CF6TLH
PRELIMINARY LOCAL CLIMATOLOGICAL DATA (WS FORM: F-6)
STATION: TALLAHASSEE
MONTH: JANUARY
YEAR: 2021
LATITUDE: 30 22 N
LONGITUDE: 84 22 W
TEMPERATURE IN F: :PCPN: SNOW: WIND :SUNSHINE: SKY :PK WND
================================================================================
1 2 3 4 5 6A 6B 7 8 9 10 11 12 13 14 15 16 17 18
12Z AVG MX 2MIN
DY MAX MIN AVG DEP HDD CDD WTR SNW DPTH SPD SPD DIR MIN PSBL S-S WX SPD DR
================================================================================
1 71 66 69 18 0 4 0.69 0.0 M 10.1 23 170 M M 8 1 35 150
2 68 56 62 11 3 0 3.53 0.0 M 2.9 22 290 M M 10 13 28 300
3 59 40 50 -1 15 0 0.00 0.0 0 5.6 15 320 M M 3 18 300
4 63 35 49 -2 16 0 0.00 0.0 0 2.3 10 350 M M 1 13 360
5 67 36 52 1 13 0 0.00 0.0 M 4.6 21 300 M M 1 26 310
6 70 31 51 0 14 0 0.00 0.0 M 2.3 9 100 M M 3 11 90
7 60 39 50 -1 15 0 0.24 0.0 M 7.4 20 120 M M 7 12 24 160
8 54 44 49 -2 16 0 0.00 0.0 M 10.1 21 310 M M 10 26 310
9 44 40 42 -9 23 0 0.00 0.0 M 9.7 17 320 M M 10 23 310
10 46 38 42 -9 23 0 0.00 0.0 M 3.4 10 10 M M 10 14 10
11 63 38 51 0 14 0 0.03 0.0 M 4.9 15 150 M M 8 1 20 150
12 55 48 52 1 13 0 T 0.0 0 8.0 15 330 M M 10 1 21 320
13 48 33 41 -10 24 0 0.00 0.0 0 4.6 9 290 M M 8 1 11 290
14 63 27 45 -6 20 0 0.00 0.0 M 2.4 12 180 M M 2 1 15 170
15 65 37 51 0 14 0 0.28 0.0 M 6.1 18 260 M M 5 12 22 290
16 55 30 43 -8 22 0 0.00 0.0 M 7.5 25 270 M M 0 36 270
17 58 26 42 -9 23 0 0.00 0.0 M 3.6 14 290 M M 3 17 260
18 62 31 47 -4 18 0 0.00 0.0 M 3.5 15 300 M M 0 19 340
19 67 28 48 -3 17 0 0.00 0.0 0 1.9 10 200 M M 1 15 210
20 72 33 53 2 12 0 0.00 0.0 0 3.1 16 320 M M 1 20 330
21 72 47 60 9 5 0 T 0.0 0 6.3 18 250 M M 6 18 23 240
22 67 59 63 12 2 0 0.28 0.0 0 4.6 13 330 M M 10 1 18 340
23 64 54 59 8 6 0 T 0.0 0 4.8 10 360 M M 9 13 360
24 65 54 60 8 5 0 0.00 0.0 M 5.0 12 90 M M 10 13 80
25 76 55 66 14 0 1 0.00 0.0 M 8.4 29 190 M M 9 12 29 190
26 75 67 71 19 0 6 0.12 0.0 M 6.6 17 210 M M 10 13 21 210
27 73 58 66 14 0 1 1.35 0.0 M 8.5 24 220 M M 9 13 47 230
28 58 37 48 -4 17 0 0.00 0.0 M 10.3 23 340 M M 1 29 360
29 62 31 47 -5 18 0 0.00 0.0 M 2.3 8 20 M M 1 11 40
30 66 31 49 -3 16 0 0.00 0.0 M 4.2 17 140 M M 3 1 21 140
31 74 49 62 10 3 0 0.29 0.0 M 9.8 22 210 M M 9 1 27 210
================================================================================
SM 1962 1298 387 12 6.81 0.0 174.8 M 178
================================================================================
AV 63.3 41.9 5.6 FASTST M M 6 MAX(MPH)
MISC ----> 29 190 47 230
================================================================================
NOTES:
# LAST OF SEVERAL OCCURRENCES
COLUMN 17 PEAK WIND IN M.P.H.
PRELIMINARY LOCAL CLIMATOLOGICAL DATA (WS FORM: F-6) , PAGE 2
STATION: TALLAHASSEE
MONTH: JANUARY
YEAR: 2021
LATITUDE: 30 22 N
LONGITUDE: 84 22 W
[TEMPERATURE DATA] [PRECIPITATION DATA] SYMBOLS USED IN COLUMN 16
AVERAGE MONTHLY: 52.6 TOTAL FOR MONTH: 6.81 1 = FOG OR MIST
DPTR FM NORMAL: 1.4 DPTR FM NORMAL: 2.47 2 = FOG REDUCING VISIBILITY
HIGHEST: 76 ON 25 GRTST 24HR 3.53 ON 2- 2 TO 1/4 MILE OR LESS
LOWEST: 26 ON 17 3 = THUNDER
SNOW, ICE PELLETS, HAIL 4 = ICE PELLETS
TOTAL MONTH: 0.0 INCH 5 = HAIL
GRTST 24HR 0.0 6 = FREEZING RAIN OR DRIZZLE
GRTST DEPTH: 0 7 = DUSTSTORM OR SANDSTORM:
VSBY 1/2 MILE OR LESS
8 = SMOKE OR HAZE
[NO. OF DAYS WITH] [WEATHER - DAYS WITH] 9 = BLOWING SNOW
X = TORNADO
MAX 32 OR BELOW: 0 0.01 INCH OR MORE: 9
MAX 90 OR ABOVE: 0 0.10 INCH OR MORE: 8
MIN 32 OR BELOW: 8 0.50 INCH OR MORE: 3
MIN 0 OR BELOW: 0 1.00 INCH OR MORE: 2
[HDD (BASE 65) ]
TOTAL THIS MO. 387 CLEAR (SCALE 0-3) 12
DPTR FM NORMAL -44 PTCLDY (SCALE 4-7) 6
TOTAL FM JUL 1 896 CLOUDY (SCALE 8-10) 13
DPTR FM NORMAL -147
[CDD (BASE 65) ]
TOTAL THIS MO. 12
DPTR FM NORMAL 7 [PRESSURE DATA]
TOTAL FM JAN 1 12 HIGHEST SLP 30.41 ON 19
DPTR FM NORMAL 7 LOWEST SLP 29.74 ON 15
[REMARKS]
#FINAL-01-21#