000
CXUS54 KBMX 011010
CF6TOI
PRELIMINARY LOCAL CLIMATOLOGICAL DATA (WS FORM: F-6)
STATION: TROY
MONTH: APRIL
YEAR: 2022
LATITUDE: 31 51 N
LONGITUDE: 86 1 W
TEMPERATURE IN F: :PCPN: SNOW: WIND :SUNSHINE: SKY :PK WND
================================================================================
1 2 3 4 5 6A 6B 7 8 9 10 11 12 13 14 15 16 17 18
12Z AVG MX 2MIN
DY MAX MIN AVG DEP HDD CDD WTR SNW DPTH SPD SPD DIR MIN PSBL S-S WX SPD DR
================================================================================
1 75 47 61 0 4 0 0.00 0.0 0 3.7 13 340 M M 0 18 20 320
2 72 44 58 -3 7 0 0.00 0.0 0 2.4 8 140 M M 0 11 30
3 79 44 62 0 3 0 0.00 0.0 0 3.7 15 330 M M 0 22 360
4 84 45 65 3 0 0 0.00 0.0 0 2.5 10 160 M M 0 15 170
5 71 55 63 1 2 0 2.21 0.0 0 6.6 32 210 M M 9 123 46 220
6 89 67 78 16 0 13 0.01 0.0 0 9.6 22 220 M M 8 13 32 200
7 76 52 64 2 1 0 0.00 0.0 0 12.3 18 320 M M 5 30 290
8 70 43 57 -5 8 0 0.00 0.0 0 8.5 28 220 M M 6 39 220
9 66 40 53 -10 12 0 0.00 0.0 0 7.4 23 320 M M 0 33 330
10 80 38 59 -4 6 0 0.00 0.0 0 4.8 15 200 M M 0 21 190
11 75 50 63 0 2 0 T 0.0 0 5.4 13 210 M M 3 19 190
12 84 53 69 6 0 4 0.00 0.0 0 5.1 12 200 M M 4 18 16 170
13 84 65 75 12 0 10 0.18 0.0 0 8.7 21 250 M M 2 3 30 190
14 81 52 67 3 0 2 0.29 0.0 0 4.8 20 140 M M 5 13 25 140
15 84 46 65 1 0 0 0.00 0.0 0 3.2 12 130 M M 0 16 60
16 73 58 66 2 0 1 0.36 0.0 0 4.2 15 340 M M 7 123 19 340
17 71 62 67 3 0 2 3.47 0.0 0 2.9 20 310 M M 9 123 23 310
18 75 51 63 -1 2 0 0.18 0.0 0 7.9 22 320 M M 6 138 28 320
19 70 43 57 -8 8 0 0.00 0.0 0 5.6 18 10 M M 0 25 10
20 78 43 61 -4 4 0 0.00 0.0 0 6.2 21 130 M M 0 28 130
21 83 60 72 7 0 7 0.00 0.0 0 5.4 17 130 M M 0 23 120
22 84 57 71 6 0 6 0.00 0.0 0 3.7 14 70 M M 0 18 70
23 85 57 71 5 0 6 0.00 0.0 0 5.6 16 120 M M 0 20 130
24 86 61 74 8 0 9 0.00 0.0 0 4.5 14 140 M M 2 24 190
25 87 60 74 8 0 9 0.00 0.0 0 3.7 12 170 M M 4 17 150
26 80 57 69 3 0 4 T 0.0 0 6.6 20 340 M M 5 128 24 340
27 81 50 66 -1 0 1 0.00 0.0 0 3.9 13 330 M M 0 17 330
28 85 48 67 0 0 2 0.00 0.0 0 3.1 13 120 M M 2 18 120
29 84 59 72 5 0 7 0.00 0.0 0 5.0 16 140 M M 3 21 130
30 86 60 73 6 0 8 0.01 0.0 0 4.3 17 230 M M 1 13 24 230
================================================================================
SM 2378 1567 59 91 6.71 0.0 161.3 M 81
================================================================================
AV 79.3 52.2 5.4 FASTST M M 3 MAX(MPH)
MISC ----> 32 210 46 220
================================================================================
NOTES:
# LAST OF SEVERAL OCCURRENCES
COLUMN 17 PEAK WIND IN M.P.H.
PRELIMINARY LOCAL CLIMATOLOGICAL DATA (WS FORM: F-6) , PAGE 2
STATION: TROY
MONTH: APRIL
YEAR: 2022
LATITUDE: 31 51 N
LONGITUDE: 86 1 W
[TEMPERATURE DATA] [PRECIPITATION DATA] SYMBOLS USED IN COLUMN 16
AVERAGE MONTHLY: 65.8 TOTAL FOR MONTH: 6.71 1 = FOG OR MIST
DPTR FM NORMAL: 1.7 DPTR FM NORMAL: 2.23 2 = FOG REDUCING VISIBILITY
HIGHEST: 89 ON 6 GRTST 24HR 3.65 ON 17-18 TO 1/4 MILE OR LESS
LOWEST: 38 ON 10 3 = THUNDER
SNOW, ICE PELLETS, HAIL 4 = ICE PELLETS
TOTAL MONTH: 0.0 INCH 5 = HAIL
GRTST 24HR 0.0 6 = FREEZING RAIN OR DRIZZLE
GRTST DEPTH: 0 7 = DUSTSTORM OR SANDSTORM:
VSBY 1/2 MILE OR LESS
8 = SMOKE OR HAZE
[NO. OF DAYS WITH] [WEATHER - DAYS WITH] 9 = BLOWING SNOW
X = TORNADO
MAX 32 OR BELOW: 0 0.01 INCH OR MORE: 8
MAX 90 OR ABOVE: 0 0.10 INCH OR MORE: 6
MIN 32 OR BELOW: 0 0.50 INCH OR MORE: 2
MIN 0 OR BELOW: 0 1.00 INCH OR MORE: 2
[HDD (BASE 65) ]
TOTAL THIS MO. 59 CLEAR (SCALE 0-3) 18
DPTR FM NORMAL -38 PTCLDY (SCALE 4-7) 10
TOTAL FM JUL 1 1552 CLOUDY (SCALE 8-10) 2
DPTR FM NORMAL -613
[CDD (BASE 65) ]
TOTAL THIS MO. 91
DPTR FM NORMAL 23 [PRESSURE DATA]
TOTAL FM JAN 1 171 HIGHEST SLP 30.39 ON 22
DPTR FM NORMAL 66 LOWEST SLP 29.63 ON 5
[REMARKS]
#FINAL-04-22#