000
CXUS53 KTOP 010810
CF6TOP
PRELIMINARY LOCAL CLIMATOLOGICAL DATA (WS FORM: F-6)
STATION: TOPEKA KS
MONTH: OCTOBER
YEAR: 2021
LATITUDE: 39 4 N
LONGITUDE: 95 38 W
TEMPERATURE IN F: :PCPN: SNOW: WIND :SUNSHINE: SKY :PK WND
================================================================================
1 2 3 4 5 6A 6B 7 8 9 10 11 12 13 14 15 16 17 18
12Z AVG MX 2MIN
DY MAX MIN AVG DEP HDD CDD WTR SNW DPTH SPD SPD DIR MIN PSBL S-S WX SPD DR
================================================================================
1 76 60 68 5 0 3 0.00 0.0 0 2.8 8 270 M M 3 1 12 280
2 74 57 66 3 0 1 0.11 0.0 0 2.0 10 320 M M 4 12 14 310
3 82 51 67 5 0 2 0.00 0.0 0 4.7 14 330 M M 4 8 24 340
4 84 48 66 4 0 1 0.00 0.0 0 1.8 10 100 M M 0 1 13 100
5 80 48 64 2 1 0 0.00 0.0 0 2.6 15 60 M M 5 128 20 50
6 77 56 67 6 0 2 0.00 0.0 0 3.8 12 90 M M 7 12 16 60
7 80 62 71 10 0 6 0.02 0.0 0 2.6 9 90 M M 5 1 12 90
8 86 60 73 13 0 8 0.00 0.0 0 4.8 14 160 M M 1 18 140
9 91 64 78 18 0 13 0.00 0.0 0 9.4 21 180 M M 0 32 180
10 80 58 69 9 0 4 0.79 0.0 0 6.9 15 320 M M 4 13 20 320
11 74 51 63 4 2 0 1.28 0.0 0 10.4 26 360 M M 6 1238 41 20
12 78 48 63 4 2 0 0.05 0.0 0 6.5 18 150 M M 2 123 25 120
13 73 53 63 5 2 0 0.52 0.0 0 7.8 29 240 M M 4 13 54 240
14 73 43 58 0 7 0 0.25 0.0 0 4.8 21 340 M M 2 35 320
15 66 42 54 -3 11 0 T 0.0 0 8.3 18 290 M M 4 30 340
16 68 40 54 -3 11 0 0.00 0.0 0 4.8 14 290 M M 0 1 20 290
17 75 37 56 -1 9 0 0.00 0.0 0 1.9 8 170 M M 1 12 12 170
18 75 43 59 3 6 0 0.00 0.0 0 7.1 21 160 M M 0 32 190
19 78 53 66 10 0 1 0.00 0.0 0 11.5 22 160 M M 0 33 170
20 69 48 59 4 6 0 0.00 0.0 0 9.2 18 290 M M 3 8 27 300
21 63 40 52 -3 13 0 0.00 0.0 0 6.4 16 300 M M 1 18 22 280
22 73 35 54 0 11 0 0.00 0.0 0 4.7 12 80 M M 3 12 19 150
23 62 49 56 2 9 0 0.00 0.0 0 10.3 17 100 M M 9 21 60
24 78 50 64 10 1 0 0.03 0.0 0 12.6 26 240 M M 8 3 41 270
25 55 45 50 -3 15 0 0.00 0.0 0 8.1 16 10 M M 8 22 340
26 63 45 54 1 11 0 0.00 0.0 0 14.7 23 120 M M 7 30 120
27 63 53 58 6 7 0 1.13 0.0 0 9.2 21 120 M M 10 13 28 120
28 53 50 52 0 13 0 0.91 0.0 0 17.9 31 340 M M 10 1 51 350
29 63 39 51 -1 14 0 T 0.0 0 14.0 25 350 M M 5 41 320
30 69 32 51 0 14 0 0.00 0.0 0 3.6 13 330 M M 0 1 22 340
31 58 39 49 -2 16 0 0.00 0.0 0 10.1 23 360 M M 1 34 340
================================================================================
SM 2239 1499 181 41 5.09 0.0 225.3 M 117
================================================================================
AV 72.2 48.4 7.3 FASTST M M 4 MAX(MPH)
MISC ----> 31 340 54 240
================================================================================
NOTES:
# LAST OF SEVERAL OCCURRENCES
COLUMN 17 PEAK WIND IN M.P.H.
PRELIMINARY LOCAL CLIMATOLOGICAL DATA (WS FORM: F-6) , PAGE 2
STATION: TOPEKA KS
MONTH: OCTOBER
YEAR: 2021
LATITUDE: 39 4 N
LONGITUDE: 95 38 W
[TEMPERATURE DATA] [PRECIPITATION DATA] SYMBOLS USED IN COLUMN 16
AVERAGE MONTHLY: 60.3 TOTAL FOR MONTH: 5.09 1 = FOG OR MIST
DPTR FM NORMAL: 3.3 DPTR FM NORMAL: 2.24 2 = FOG REDUCING VISIBILITY
HIGHEST: 91 ON 9 GRTST 24HR 2.07 ON 10-11 TO 1/4 MILE OR LESS
LOWEST: 32 ON 30 3 = THUNDER
SNOW, ICE PELLETS, HAIL 4 = ICE PELLETS
TOTAL MONTH: 0.0 INCH 5 = HAIL
GRTST 24HR 0.0 6 = FREEZING RAIN OR DRIZZLE
GRTST DEPTH: 0 7 = DUSTSTORM OR SANDSTORM:
VSBY 1/2 MILE OR LESS
8 = SMOKE OR HAZE
[NO. OF DAYS WITH] [WEATHER - DAYS WITH] 9 = BLOWING SNOW
X = TORNADO
MAX 32 OR BELOW: 0 0.01 INCH OR MORE: 10
MAX 90 OR ABOVE: 1 0.10 INCH OR MORE: 7
MIN 32 OR BELOW: 1 0.50 INCH OR MORE: 5
MIN 0 OR BELOW: 0 1.00 INCH OR MORE: 2
[HDD (BASE 65) ]
TOTAL THIS MO. 181 CLEAR (SCALE 0-3) 14
DPTR FM NORMAL -100 PTCLDY (SCALE 4-7) 13
TOTAL FM JUL 1 190 CLOUDY (SCALE 8-10) 4
DPTR FM NORMAL -142
[CDD (BASE 65) ]
TOTAL THIS MO. 41
DPTR FM NORMAL 8 [PRESSURE DATA]
TOTAL FM JAN 1 1666 HIGHEST SLP M ON M
DPTR FM NORMAL 134 LOWEST SLP 29.48 ON 27
[REMARKS]
#FINAL-10-21#