000
CXUS52 KTBW 110227
CF6TPA
PRELIMINARY LOCAL CLIMATOLOGICAL DATA (WS FORM: F-6)
STATION: TAMPA
MONTH: JANUARY
YEAR: 2021
LATITUDE: 27 58 N
LONGITUDE: 82 32 W
TEMPERATURE IN F: :PCPN: SNOW: WIND :SUNSHINE: SKY :PK WND
================================================================================
1 2 3 4 5 6A 6B 7 8 9 10 11 12 13 14 15 16 17 18
12Z AVG MX 2MIN
DY MAX MIN AVG DEP HDD CDD WTR SNW DPTH SPD SPD DIR MIN PSBL S-S WX SPD DR
================================================================================
1 83 69 76 15 0 11 0.00 0.0 0 9.3 17 170 M M 5 24 170
2 78 69 74 13 0 9 0.00 0.0 0 9.1 16 190 M M 8 1 22 200
3 71 58 65 4 0 0 0.16 0.0 0 6.7 16 350 M M 10 1 20 350
4 67 50 59 -2 6 0 0.00 0.0 0 6.2 14 330 M M 2 21 280
5 72 47 60 0 5 0 0.00 0.0 0 4.6 16 260 M M 1 21 270
6 68 46 57 -3 8 0 0.00 0.0 0 5.2 9 360 M M 2 17 280
7 72 52 62 2 3 0 0.07 0.0 0 8.4 18 170 M M 6 1 26 190
8 67 56 62 2 3 0 0.00 0.0 0 9.1 23 280 M M 7 30 260
9 58 50 54 -6 11 0 0.00 0.0 0 9.6 17 290 M M 9 24 280
10 56 42 49 -11 16 0 0.00 0.0 0 6.4 14 280 M M 7 8 19 270
11 73 51 62 2 3 0 0.00 0.0 0 5.0 14 190 M M 7 18 26 190
12 66 55 61 1 4 0 0.04 0.0 0 8.1 14 330 M M 9 1 23 280
13 56 52 54 -6 11 0 0.03 0.0 0 6.6 15 340 M M 10 17 280
14 68 51 60 0 5 0 0.00 0.0 0 3.0 12 340 M M 7 17 280
15 69 48 59 -1 6 0 0.24 0.0 0 7.5 18 180 M M 6 1 26 190
16 65 54 60 0 5 0 0.00 0.0 0 8.0 23 290 M M 7 29 260
17 61 54 58 -2 7 0 0.00 0.0 0 2.9 8 70 M M 9 12 270
18 68 47 58 -3 7 0 0.00 0.0 0 3.7 14 320 M M 3 23 270
19 69 44 57 -4 8 0 0.00 0.0 0 5.1 10 270 M M 2 13 290
20 70 48 59 -2 6 0 0.00 0.0 0 4.3 12 280 M M 3 20 270
21 71 50 61 0 4 0 0.00 0.0 0 3.5 13 270 M M 3 15 270
22 73 59 66 5 0 1 0.00 0.0 0 6.2 13 180 M M 3 18 200
23 76 63 70 9 0 5 0.00 0.0 0 4.4 10 90 M M 8 1 15 70
24 76 61 69 8 0 4 0.00 0.0 0 5.1 10 210 M M 7 15 220
25 77 63 70 9 0 5 0.00 0.0 0 6.7 13 200 M M 5 1 19 200
26 74 63 69 8 0 4 0.00 0.0 0 5.0 12 160 M M 5 1 15 170
27 76 64 70 9 0 5 0.24 0.0 0 7.2 14 190 M M 6 12 19 170
28 69 51 60 -1 5 0 0.00 0.0 0 11.4 21 350 M M 3 1 27 330
29 65 43 54 -8 11 0 0.00 0.0 0 6.2 12 30 M M 1 16 300
30 72 50 61 -1 4 0 0.00 0.0 0 4.8 12 140 M M 4 17 130
31 75 57 66 4 0 1 0.04 0.0 0 10.5 21 190 M M 5 1 26 190
================================================================================
SM 2161 1667 138 45 0.82 0.0 199.8 M 170
================================================================================
AV 69.7 53.8 6.4 FASTST M M 5 MAX(MPH)
MISC ----> # 23 290 30 260
================================================================================
NOTES:
# LAST OF SEVERAL OCCURRENCES
COLUMN 17 PEAK WIND IN M.P.H.
PRELIMINARY LOCAL CLIMATOLOGICAL DATA (WS FORM: F-6) , PAGE 2
STATION: TAMPA
MONTH: JANUARY
YEAR: 2021
LATITUDE: 27 58 N
LONGITUDE: 82 32 W
[TEMPERATURE DATA] [PRECIPITATION DATA] SYMBOLS USED IN COLUMN 16
AVERAGE MONTHLY: 61.7 TOTAL FOR MONTH: 0.82 1 = FOG OR MIST
DPTR FM NORMAL: 0.9 DPTR FM NORMAL: -1.41 2 = FOG REDUCING VISIBILITY
HIGHEST: 83 ON 1 GRTST 24HR 0.24 ON 15-15 TO 1/4 MILE OR LESS
LOWEST: 42 ON 10 3 = THUNDER
SNOW, ICE PELLETS, HAIL 4 = ICE PELLETS
TOTAL MONTH: 0.0 INCH 5 = HAIL
GRTST 24HR 0.0 6 = FREEZING RAIN OR DRIZZLE
GRTST DEPTH: 0 7 = DUSTSTORM OR SANDSTORM:
VSBY 1/2 MILE OR LESS
8 = SMOKE OR HAZE
[NO. OF DAYS WITH] [WEATHER - DAYS WITH] 9 = BLOWING SNOW
X = TORNADO
MAX 32 OR BELOW: 0 0.01 INCH OR MORE: 7
MAX 90 OR ABOVE: 0 0.10 INCH OR MORE: 3
MIN 32 OR BELOW: 0 0.50 INCH OR MORE: 0
MIN 0 OR BELOW: 0 1.00 INCH OR MORE: 0
[HDD (BASE 65) ]
TOTAL THIS MO. 138 CLEAR (SCALE 0-3) 9
DPTR FM NORMAL -44 PTCLDY (SCALE 4-7) 17
TOTAL FM JUL 1 283 CLOUDY (SCALE 8-10) 5
DPTR FM NORMAL -80
[CDD (BASE 65) ]
TOTAL THIS MO. 45
DPTR FM NORMAL -5 [PRESSURE DATA]
TOTAL FM JAN 1 45 HIGHEST SLP 30.39 ON 19
DPTR FM NORMAL -5 LOWEST SLP 29.79 ON 15
[REMARKS]
#FINAL-01-21#